{"text_format":"1","workbook":"xlsx","n_sheets":16,"sheets":["Main","Instructions","Model Applicability","ASK14","ASK14_Coeffs","BSSA14","BSSA14_Coeffs","CB14","CB14_Coeffs","CY14","CY14_Coeffs","I14","I14_Coeffs","GMPEs Comparison","DSF","Sheet1"],"not_rendered":{"charts":9,"images":11,"macros":1,"external_links":0,"defined_names":0,"comments":1,"pivot_tables":0},"unopened":[],"bounds":{"document_bytes":16777216,"sheet_cells":100000,"rows_first":2000,"rows_last":500,"rows_between":2000,"halvings":0,"cell_chars":16384,"cell_head_chars":4096},"cells_cut":0,"cells_raw":0,"read":"whole","date_system":"1900"}

{"sheet":"Main","index":0,"n_rows":118,"n_cols":29,"rows_kept":118,"cut":false,"hidden":false,"merged":[[117,1,124,21],[1,1,1,6],[1,8,1,21],[22,3,42,3],[19,3,19,21],[2,1,2,21],[3,1,3,21],[14,9,14,14],[15,9,15,14],[5,1,5,21],[6,1,6,21],[7,1,7,21],[11,9,11,14],[79,1,79,2],[20,5,20,8],[12,9,12,14],[106,3,106,7],[105,1,105,3],[15,4,15,7],[13,9,13,14],[20,9,20,12]]}
[]
[null,null,null,null,null,null,null," "]
[null,"PACIFIC EARTHQUAKE ENGINEERING RESEARCH CENTER"]
[null," "]
[]
[null,"WEIGHTED AVERAGE of 2014 NGA WEST-2 GMPEs"]
[null,"Last updated:  04 14 15"]
[null,"by Emel Seyhan, PhD, PEER & UCLA  --  email: emel.seyhan@gmail.com, peer_center@berkeley.edu"]
[null,"This excel file will be updated as necessary on the PEER website to fix any typos or other errors.  Please check the website frequently for new versions at: http://peer.berkeley.edu/ngawest2/databases/"]
[null,null,null,null,null,null,null,null,"Legend","Pre-defined option","Main input variable","Calculated variable","Input var. flag","Internal variable"]
[null,"GMPE averaging","Geometric",{"$f":"IF(C11=\"Arithmetic\",\"Weighted average of the spectral values\",\"Weighted average of the natural logarithm of the spectral values\")","v":"Weighted average of the natural logarithm of the spectral values"}]
[null,null,null,null,null,null,null,null,"ASK14","Abrahamson & Silva & Kamai 2014 NGA West-2 Model"]
[null,"GMPEs","ASK14","BSSA14","CB14","CY14","I14",{"$f":"IF(AND(B39<450,G14>0,SUM(C14:F14)>0),\"I08 Model cannot be used for Vs30 less than 450 m/sec. Results are obtained assuming 0 weight for I08 and normalizing the weights of the rest of the models\",IF(AND(B39<450,G14>0),\"I08 Model cannot be used for Vs30 less than 450 m/sec. \",\"\"))","v":""},"BSSA14","Boore & Stewart & Seyhan & Atkinson 2014 NGA West-2 Model"]
[null,"Weight",0.25,0.25,0.25,0.25,0,null,"CB14","Campbell & Bozorgnia 2014 NGA West-2 Model"]
[null,null,null,null,null,null,null,null,"CY14","Chiou & Youngs 2014 NGA West-2 Model"]
[null,"# of std. dev.",1,null,{"$f":"IF(AND(SUM($C$14:$G$14)>0.99,SUM($C$14:$G$14)<1.01),\" \",\"WARNING: Weights should sum up to 1\")","v":" "},null,null,null,"I14","Idriss 2014 NGA West-2 Model"]
[null,"Damping ratio (%)",5,{"$f":"\"Modification factors are calculated in Sheet DSF\"","v":"Modification factors are calculated in Sheet DSF"}]
[null,null,null,null,null,null,null,null,null,null,{"$f":"IF($AB$52>0,\"WARNING: You entered a value Out of Range of the GMPE\",\"\")","v":""}]
[]
[null,null,null,"RotD50 Horizontal Component of PGA, PGV and IMs"]
[null,"Input variables","Errors and warnings",null,null,"Baseline: 5% Damping",null,null,null,{"$f":"\"User defined: \"&C17&\"% Damping\"","v":"User defined: 5% Damping"}]
[null,null,null,"GMP","T (s)",{"$f":"\"PSa Median for 5% damping\"","v":"PSa Median for 5% damping"},{"$f":"\"PSa Median + \" &$C$16 & \".σ for 5% damping\"","v":"PSa Median + 1.σ for 5% damping"},{"$f":"\"PSa Median - \" &$C$16 & \".σ for 5% damping\"","v":"PSa Median - 1.σ for 5% damping"},"Sd Median for 5% damping",{"$f":"\"PSa Median for \" & $C$17 & \"% damping\"","v":"PSa Median for 5% damping"},{"$f":"\"PSa Median + \"&$C$16&\".σ for \"&$C$17 &\" % damping\"","v":"PSa Median + 1.σ for 5 % damping"},{"$f":"\"PSa Median - \"&$C$16&\".σ for \"&$C$17 &\" % damping\"","v":"PSa Median - 1.σ for 5 % damping"},{"$f":"\"Sd Median for \"&$C$17 &\" % damping\"","v":"Sd Median for 5 % damping"},null,null,null,null,null,null,null,null,null,null,null,"MODEL RANGEs","Parameter","Limits","1/0 (0:Y, 1:N)"]
[null,"Mw",null,"PSa (g),   Sd (cm)",0.01,{"$f":"IF($B$104=0,IF($AB$52=0,SUM($C$14/SUM($C$14:$G$14)*'ASK14'!$E6,$D$14/SUM($C$14:$G$14)*BSSA14!$S6,$E$14/SUM($C$14:$G$14)*'CB14'!$Y6,$F$14/SUM($C$14:$G$14)*'CY14'!$U6,$G$14/SUM($C$14:$G$14)*'I14'!$L6),SUM($C$14/SUM($C$14:$G$14)*'ASK14'!$E6,$D$14/SUM($C$14:$G$14)*BSSA14!$S6,$E$14/SUM($C$14:$G$14)*'CB14'!$Y6,$F$14/SUM($C$14:$G$14)*'CY14'!$U6,$G$14/SUM($C$14:$G$14)*'I14'!$L6)),IF($B$104=1,IF($AB$52=0,EXP(SUM($C$14/SUM($C$14:$G$14)*LN('ASK14'!$E6),$D$14/SUM($C$14:$G$14)*LN(BSSA14!$S6),$E$14/SUM($C$14:$G$14)*LN('CB14'!$Y6),$F$14/SUM($C$14:$G$14)*LN('CY14'!$U6),$G$14/SUM($C$14:$G$14)*LN('I14'!$L6))),EXP(SUM($C$14/SUM($C$14:$G$14)*LN('ASK14'!$E6),$D$14/SUM($C$14:$G$14)*LN(BSSA14!$S6),$E$14/SUM($C$14:$G$14)*LN('CB14'!$Y6),$F$14/SUM($C$14:$G$14)*LN('CY14'!$U6),$G$14/SUM($C$14:$G$14)*LN('I14'!$L6))))))","v":0.44115983734230763},{"$f":"IF($B$104=0,IF($AB$52=0,SUM($C$14/SUM($C$14:$G$14)*('ASK14'!$E6*EXP(Main!$C$16*'ASK14'!$F6)),$D$14/SUM($C$14:$G$14)*(BSSA14!$S6*EXP(Main!$C$16*BSSA14!$T6)),$E$14/SUM($C$14:$G$14)*('CB14'!$Y6*EXP(Main!$C$16*'CB14'!$Z6)),$F$14/SUM($C$14:$G$14)*('CY14'!$U6*EXP(Main!$C$16*'CY14'!$V6)),$G$14/SUM($C$14:$G$14)*('I14'!$L6*EXP(Main!$C$16*'I14'!$M6))),SUM($C$14/SUM($C$14:$G$14)*('ASK14'!$E6*EXP(Main!$C$16*'ASK14'!$F6)),$D$14/SUM($C$14:$G$14)*(BSSA14!$S6*EXP(Main!$C$16*BSSA14!$T6)),$E$14/SUM($C$14:$G$14)*('CB14'!$Y6*EXP(Main!$C$16*'CB14'!$Z6)),$F$14/SUM($C$14:$G$14)*('CY14'!$U6*EXP(Main!$C$16*'CY14'!$V6)),$G$14/SUM($C$14:$G$14)*('I14'!$L6*EXP(Main!$C$16*'I14'!$M6)))),IF($B$104=1,IF($AB$52=0,EXP(SUM($C$14/SUM($C$14:$G$14)*(LN('ASK14'!$E6)+($C$16*'ASK14'!$F6)),$D$14/SUM($C$14:$G$14)*(LN(BSSA14!$S6)+($C$16*BSSA14!$T6)),$E$14/SUM($C$14:$G$14)*(LN('CB14'!$Y6)+($C$16*'CB14'!$Z6)),$F$14/SUM($C$14:$G$14)*(LN('CY14'!$U6)+($C$16*'CY14'!$V6)),$G$14/SUM($C$14:$G$14)*(LN('I14'!$L6)+($C$16*'I14'!$M6)))),EXP(SUM($C$14/SUM($C$14:$G$14)*(LN('ASK14'!$E6)+($C$16*'ASK14'!$F6)),$D$14/SUM($C$14:$G$14)*(LN(BSSA14!$S6)+($C$16*BSSA14!$T6)),$E$14/SUM($C$14:$G$14)*(LN('CB14'!$Y6)+($C$16*'CB14'!$Z6)),$F$14/SUM($C$14:$G$14)*(LN('CY14'!$U6)+($C$16*'CY14'!$V6)),$G$14/SUM($C$14:$G$14)*(LN('I14'!$L6)+($C$16*'I14'!$M6)))))))","v":0.80140888959260403},{"$f":"IF($B$104=0,IF($AB$52=0,SUM($C$14/SUM($C$14:$G$14)*('ASK14'!$E6*EXP(-Main!$C$16*'ASK14'!$F6)),$D$14/SUM($C$14:$G$14)*(BSSA14!$S6*EXP(-Main!$C$16*BSSA14!$T6)),$E$14/SUM($C$14:$G$14)*('CB14'!$Y6*EXP(-Main!$C$16*'CB14'!$Z6)),$F$14/SUM($C$14:$G$14)*('CY14'!$U6*EXP(-Main!$C$16*'CY14'!$V6)),$G$14/SUM($C$14:$G$14)*('I14'!$L6*EXP(-Main!$C$16*'I14'!$M6))),SUM($C$14/SUM($C$14:$G$14)*('ASK14'!$E6*EXP(-Main!$C$16*'ASK14'!$F6)),$D$14/SUM($C$14:$G$14)*(BSSA14!$S6*EXP(-Main!$C$16*BSSA14!$T6)),$E$14/SUM($C$14:$G$14)*('CB14'!$Y6*EXP(-Main!$C$16*'CB14'!$Z6)),$F$14/SUM($C$14:$G$14)*('CY14'!$U6*EXP(-Main!$C$16*'CY14'!$V6)),$G$14/SUM($C$14:$G$14)*('I14'!$L6*EXP(-Main!$C$16*'I14'!$M6)))),IF($B$104=1,IF($AB$52=0,EXP(SUM($C$14/SUM($C$14:$G$14)*(LN('ASK14'!$E6)-($C$16*'ASK14'!$F6)),$D$14/SUM($C$14:$G$14)*(LN(BSSA14!$S6)-($C$16*BSSA14!$T6)),$E$14/SUM($C$14:$G$14)*(LN('CB14'!$Y6)-($C$16*'CB14'!$Z6)),$F$14/SUM($C$14:$G$14)*(LN('CY14'!$U6)-($C$16*'CY14'!$V6)),$G$14/SUM($C$14:$G$14)*(LN('I14'!$L6)-($C$16*'I14'!$M6)))),EXP(SUM($C$14/SUM($C$14:$G$14)*(LN('ASK14'!$E6)-($C$16*'ASK14'!$F6)),$D$14/SUM($C$14:$G$14)*(LN(BSSA14!$S6)-($C$16*BSSA14!$T6)),$E$14/SUM($C$14:$G$14)*(LN('CB14'!$Y6)-($C$16*'CB14'!$Z6)),$F$14/SUM($C$14:$G$14)*(LN('CY14'!$U6)-($C$16*'CY14'!$V6)),$G$14/SUM($C$14:$G$14)*(LN('I14'!$L6)-($C$16*'I14'!$M6)))))))","v":0.24284981688040339},{"$f":"($F23*980)/(2*PI()/$E23)^2","v":1.0951215039271033E-3},{"$f":"DSF!$S22*Main!F23","v":0.44115983734230763},{"$f":"DSF!$S22*Main!G23","v":0.80140888959260403},{"$f":"DSF!$S22*Main!H23","v":0.24284981688040339},{"$f":"DSF!$S22*Main!I23","v":1.0951215039271033E-3},null,null,null,null,null,null,null,null,null,null,null,"ASK14","M (all FM)",">= 3.0 - <=8.5",{"$f":"IF(AND($C$14<>0,$C$24=\"! Not Applicable !\"),1,0)","v":0},{"$f":"SUM(AB23:AB25)","v":0}]
[null,6.8,{"$f":"IF($C$14<>0,'ASK14'!$B$6,IF($D$14<>0,BSSA14!$B$6,IF($E$14<>0,'CB14'!$B$6,IF($F$14<>0,'CY14'!$B$6,IF($G$14<>0,'I14'!$B$6,\"\")))))","v":""},null,0.02,{"$f":"IF($B$104=0,IF($AB$52=0,SUM($C$14/SUM($C$14:$G$14)*'ASK14'!$E7,$D$14/SUM($C$14:$G$14)*BSSA14!$S7,$E$14/SUM($C$14:$G$14)*'CB14'!$Y7,$F$14/SUM($C$14:$G$14)*'CY14'!$U7,$G$14/SUM($C$14:$G$14)*'I14'!$L7),SUM($C$14/SUM($C$14:$G$14)*'ASK14'!$E7,$D$14/SUM($C$14:$G$14)*BSSA14!$S7,$E$14/SUM($C$14:$G$14)*'CB14'!$Y7,$F$14/SUM($C$14:$G$14)*'CY14'!$U7,$G$14/SUM($C$14:$G$14)*'I14'!$L7)),IF($B$104=1,IF($AB$52=0,EXP(SUM($C$14/SUM($C$14:$G$14)*LN('ASK14'!$E7),$D$14/SUM($C$14:$G$14)*LN(BSSA14!$S7),$E$14/SUM($C$14:$G$14)*LN('CB14'!$Y7),$F$14/SUM($C$14:$G$14)*LN('CY14'!$U7),$G$14/SUM($C$14:$G$14)*LN('I14'!$L7))),EXP(SUM($C$14/SUM($C$14:$G$14)*LN('ASK14'!$E7),$D$14/SUM($C$14:$G$14)*LN(BSSA14!$S7),$E$14/SUM($C$14:$G$14)*LN('CB14'!$Y7),$F$14/SUM($C$14:$G$14)*LN('CY14'!$U7),$G$14/SUM($C$14:$G$14)*LN('I14'!$L7))))))","v":0.45171487508721686},{"$f":"IF($B$104=0,IF($AB$52=0,SUM($C$14/SUM($C$14:$G$14)*('ASK14'!$E7*EXP(Main!$C$16*'ASK14'!$F7)),$D$14/SUM($C$14:$G$14)*(BSSA14!$S7*EXP(Main!$C$16*BSSA14!$T7)),$E$14/SUM($C$14:$G$14)*('CB14'!$Y7*EXP(Main!$C$16*'CB14'!$Z7)),$F$14/SUM($C$14:$G$14)*('CY14'!$U7*EXP(Main!$C$16*'CY14'!$V7)),$G$14/SUM($C$14:$G$14)*('I14'!$L7*EXP(Main!$C$16*'I14'!$M7))),SUM($C$14/SUM($C$14:$G$14)*('ASK14'!$E7*EXP(Main!$C$16*'ASK14'!$F7)),$D$14/SUM($C$14:$G$14)*(BSSA14!$S7*EXP(Main!$C$16*BSSA14!$T7)),$E$14/SUM($C$14:$G$14)*('CB14'!$Y7*EXP(Main!$C$16*'CB14'!$Z7)),$F$14/SUM($C$14:$G$14)*('CY14'!$U7*EXP(Main!$C$16*'CY14'!$V7)),$G$14/SUM($C$14:$G$14)*('I14'!$L7*EXP(Main!$C$16*'I14'!$M7)))),IF($B$104=1,IF($AB$52=0,EXP(SUM($C$14/SUM($C$14:$G$14)*(LN('ASK14'!$E7)+($C$16*'ASK14'!$F7)),$D$14/SUM($C$14:$G$14)*(LN(BSSA14!$S7)+($C$16*BSSA14!$T7)),$E$14/SUM($C$14:$G$14)*(LN('CB14'!$Y7)+($C$16*'CB14'!$Z7)),$F$14/SUM($C$14:$G$14)*(LN('CY14'!$U7)+($C$16*'CY14'!$V7)),$G$14/SUM($C$14:$G$14)*(LN('I14'!$L7)+($C$16*'I14'!$M7)))),EXP(SUM($C$14/SUM($C$14:$G$14)*(LN('ASK14'!$E7)+($C$16*'ASK14'!$F7)),$D$14/SUM($C$14:$G$14)*(LN(BSSA14!$S7)+($C$16*BSSA14!$T7)),$E$14/SUM($C$14:$G$14)*(LN('CB14'!$Y7)+($C$16*'CB14'!$Z7)),$F$14/SUM($C$14:$G$14)*(LN('CY14'!$U7)+($C$16*'CY14'!$V7)),$G$14/SUM($C$14:$G$14)*(LN('I14'!$L7)+($C$16*'I14'!$M7)))))))","v":0.82234343626025741},{"$f":"IF($B$104=0,IF($AB$52=0,SUM($C$14/SUM($C$14:$G$14)*('ASK14'!$E7*EXP(-Main!$C$16*'ASK14'!$F7)),$D$14/SUM($C$14:$G$14)*(BSSA14!$S7*EXP(-Main!$C$16*BSSA14!$T7)),$E$14/SUM($C$14:$G$14)*('CB14'!$Y7*EXP(-Main!$C$16*'CB14'!$Z7)),$F$14/SUM($C$14:$G$14)*('CY14'!$U7*EXP(-Main!$C$16*'CY14'!$V7)),$G$14/SUM($C$14:$G$14)*('I14'!$L7*EXP(-Main!$C$16*'I14'!$M7))),SUM($C$14/SUM($C$14:$G$14)*('ASK14'!$E7*EXP(-Main!$C$16*'ASK14'!$F7)),$D$14/SUM($C$14:$G$14)*(BSSA14!$S7*EXP(-Main!$C$16*BSSA14!$T7)),$E$14/SUM($C$14:$G$14)*('CB14'!$Y7*EXP(-Main!$C$16*'CB14'!$Z7)),$F$14/SUM($C$14:$G$14)*('CY14'!$U7*EXP(-Main!$C$16*'CY14'!$V7)),$G$14/SUM($C$14:$G$14)*('I14'!$L7*EXP(-Main!$C$16*'I14'!$M7)))),IF($B$104=1,IF($AB$52=0,EXP(SUM($C$14/SUM($C$14:$G$14)*(LN('ASK14'!$E7)-($C$16*'ASK14'!$F7)),$D$14/SUM($C$14:$G$14)*(LN(BSSA14!$S7)-($C$16*BSSA14!$T7)),$E$14/SUM($C$14:$G$14)*(LN('CB14'!$Y7)-($C$16*'CB14'!$Z7)),$F$14/SUM($C$14:$G$14)*(LN('CY14'!$U7)-($C$16*'CY14'!$V7)),$G$14/SUM($C$14:$G$14)*(LN('I14'!$L7)-($C$16*'I14'!$M7)))),EXP(SUM($C$14/SUM($C$14:$G$14)*(LN('ASK14'!$E7)-($C$16*'ASK14'!$F7)),$D$14/SUM($C$14:$G$14)*(LN(BSSA14!$S7)-($C$16*BSSA14!$T7)),$E$14/SUM($C$14:$G$14)*(LN('CB14'!$Y7)-($C$16*'CB14'!$Z7)),$F$14/SUM($C$14:$G$14)*(LN('CY14'!$U7)-($C$16*'CY14'!$V7)),$G$14/SUM($C$14:$G$14)*(LN('I14'!$L7)-($C$16*'I14'!$M7)))))))","v":0.24812787380293858},{"$f":"($F24*980)/(2*PI()/$E24)^2","v":4.4852920096433817E-3},{"$f":"DSF!$S23*Main!F24","v":0.45171487508721686},{"$f":"DSF!$S23*Main!G24","v":0.82234343626025741},{"$f":"DSF!$S23*Main!H24","v":0.24812787380293858},{"$f":"DSF!$S23*Main!I24","v":4.4852920096433817E-3},null,null,null,null,{"$f":"\"Pseudo Spectral Acceleration (\"  &$C$17 & \"% damping) (g)\"","v":"Pseudo Spectral Acceleration (5% damping) (g)"},null,null,null,null,null,null,null,"R",">= 0 - <= 300",{"$f":"IF(AND($C$14<>0,$C$27=\"! Not Applicable !\"),1,0)","v":0}]
[null,null,null,null,0.03,{"$f":"IF($B$104=0,IF($AB$52=0,SUM($C$14/SUM($C$14:$G$14)*'ASK14'!$E8,$D$14/SUM($C$14:$G$14)*BSSA14!$S8,$E$14/SUM($C$14:$G$14)*'CB14'!$Y8,$F$14/SUM($C$14:$G$14)*'CY14'!$U8,$G$14/SUM($C$14:$G$14)*'I14'!$L8),SUM($C$14/SUM($C$14:$G$14)*'ASK14'!$E8,$D$14/SUM($C$14:$G$14)*BSSA14!$S8,$E$14/SUM($C$14:$G$14)*'CB14'!$Y8,$F$14/SUM($C$14:$G$14)*'CY14'!$U8,$G$14/SUM($C$14:$G$14)*'I14'!$L8)),IF($B$104=1,IF($AB$52=0,EXP(SUM($C$14/SUM($C$14:$G$14)*LN('ASK14'!$E8),$D$14/SUM($C$14:$G$14)*LN(BSSA14!$S8),$E$14/SUM($C$14:$G$14)*LN('CB14'!$Y8),$F$14/SUM($C$14:$G$14)*LN('CY14'!$U8),$G$14/SUM($C$14:$G$14)*LN('I14'!$L8))),EXP(SUM($C$14/SUM($C$14:$G$14)*LN('ASK14'!$E8),$D$14/SUM($C$14:$G$14)*LN(BSSA14!$S8),$E$14/SUM($C$14:$G$14)*LN('CB14'!$Y8),$F$14/SUM($C$14:$G$14)*LN('CY14'!$U8),$G$14/SUM($C$14:$G$14)*LN('I14'!$L8))))))","v":0.50193978380453197},{"$f":"IF($B$104=0,IF($AB$52=0,SUM($C$14/SUM($C$14:$G$14)*('ASK14'!$E8*EXP(Main!$C$16*'ASK14'!$F8)),$D$14/SUM($C$14:$G$14)*(BSSA14!$S8*EXP(Main!$C$16*BSSA14!$T8)),$E$14/SUM($C$14:$G$14)*('CB14'!$Y8*EXP(Main!$C$16*'CB14'!$Z8)),$F$14/SUM($C$14:$G$14)*('CY14'!$U8*EXP(Main!$C$16*'CY14'!$V8)),$G$14/SUM($C$14:$G$14)*('I14'!$L8*EXP(Main!$C$16*'I14'!$M8))),SUM($C$14/SUM($C$14:$G$14)*('ASK14'!$E8*EXP(Main!$C$16*'ASK14'!$F8)),$D$14/SUM($C$14:$G$14)*(BSSA14!$S8*EXP(Main!$C$16*BSSA14!$T8)),$E$14/SUM($C$14:$G$14)*('CB14'!$Y8*EXP(Main!$C$16*'CB14'!$Z8)),$F$14/SUM($C$14:$G$14)*('CY14'!$U8*EXP(Main!$C$16*'CY14'!$V8)),$G$14/SUM($C$14:$G$14)*('I14'!$L8*EXP(Main!$C$16*'I14'!$M8)))),IF($B$104=1,IF($AB$52=0,EXP(SUM($C$14/SUM($C$14:$G$14)*(LN('ASK14'!$E8)+($C$16*'ASK14'!$F8)),$D$14/SUM($C$14:$G$14)*(LN(BSSA14!$S8)+($C$16*BSSA14!$T8)),$E$14/SUM($C$14:$G$14)*(LN('CB14'!$Y8)+($C$16*'CB14'!$Z8)),$F$14/SUM($C$14:$G$14)*(LN('CY14'!$U8)+($C$16*'CY14'!$V8)),$G$14/SUM($C$14:$G$14)*(LN('I14'!$L8)+($C$16*'I14'!$M8)))),EXP(SUM($C$14/SUM($C$14:$G$14)*(LN('ASK14'!$E8)+($C$16*'ASK14'!$F8)),$D$14/SUM($C$14:$G$14)*(LN(BSSA14!$S8)+($C$16*BSSA14!$T8)),$E$14/SUM($C$14:$G$14)*(LN('CB14'!$Y8)+($C$16*'CB14'!$Z8)),$F$14/SUM($C$14:$G$14)*(LN('CY14'!$U8)+($C$16*'CY14'!$V8)),$G$14/SUM($C$14:$G$14)*(LN('I14'!$L8)+($C$16*'I14'!$M8)))))))","v":0.92331608294498002},{"$f":"IF($B$104=0,IF($AB$52=0,SUM($C$14/SUM($C$14:$G$14)*('ASK14'!$E8*EXP(-Main!$C$16*'ASK14'!$F8)),$D$14/SUM($C$14:$G$14)*(BSSA14!$S8*EXP(-Main!$C$16*BSSA14!$T8)),$E$14/SUM($C$14:$G$14)*('CB14'!$Y8*EXP(-Main!$C$16*'CB14'!$Z8)),$F$14/SUM($C$14:$G$14)*('CY14'!$U8*EXP(-Main!$C$16*'CY14'!$V8)),$G$14/SUM($C$14:$G$14)*('I14'!$L8*EXP(-Main!$C$16*'I14'!$M8))),SUM($C$14/SUM($C$14:$G$14)*('ASK14'!$E8*EXP(-Main!$C$16*'ASK14'!$F8)),$D$14/SUM($C$14:$G$14)*(BSSA14!$S8*EXP(-Main!$C$16*BSSA14!$T8)),$E$14/SUM($C$14:$G$14)*('CB14'!$Y8*EXP(-Main!$C$16*'CB14'!$Z8)),$F$14/SUM($C$14:$G$14)*('CY14'!$U8*EXP(-Main!$C$16*'CY14'!$V8)),$G$14/SUM($C$14:$G$14)*('I14'!$L8*EXP(-Main!$C$16*'I14'!$M8)))),IF($B$104=1,IF($AB$52=0,EXP(SUM($C$14/SUM($C$14:$G$14)*(LN('ASK14'!$E8)-($C$16*'ASK14'!$F8)),$D$14/SUM($C$14:$G$14)*(LN(BSSA14!$S8)-($C$16*BSSA14!$T8)),$E$14/SUM($C$14:$G$14)*(LN('CB14'!$Y8)-($C$16*'CB14'!$Z8)),$F$14/SUM($C$14:$G$14)*(LN('CY14'!$U8)-($C$16*'CY14'!$V8)),$G$14/SUM($C$14:$G$14)*(LN('I14'!$L8)-($C$16*'I14'!$M8)))),EXP(SUM($C$14/SUM($C$14:$G$14)*(LN('ASK14'!$E8)-($C$16*'ASK14'!$F8)),$D$14/SUM($C$14:$G$14)*(LN(BSSA14!$S8)-($C$16*BSSA14!$T8)),$E$14/SUM($C$14:$G$14)*(LN('CB14'!$Y8)-($C$16*'CB14'!$Z8)),$F$14/SUM($C$14:$G$14)*(LN('CY14'!$U8)-($C$16*'CY14'!$V8)),$G$14/SUM($C$14:$G$14)*(LN('I14'!$L8)-($C$16*'I14'!$M8)))))))","v":0.27286814474426685},1.1213997829202073E-2,{"$f":"DSF!$S24*Main!F25","v":0.50193978380453197},{"$f":"DSF!$S24*Main!G25","v":0.92331608294498002},{"$f":"DSF!$S24*Main!H25","v":0.27286814474426685},{"$f":"DSF!$S24*Main!I25","v":1.1213997829202073E-2},null,null,null,null,null,null,null,null,null,null,null,null,"Vs30",">= 180, <= 1000",{"$f":"IF(AND($C$14<>0,$C$39=\"Out of Range! Use 760 m/s\"),1,0)","v":0}]
[null,"RRUP (km)",{"$f":"IF($B$27<$B$30,\"Rrup<Rjb !!\",\"\")","v":""},null,0.05,{"$f":"IF($B$104=0,IF($AB$52=0,SUM($C$14/SUM($C$14:$G$14)*'ASK14'!$E9,$D$14/SUM($C$14:$G$14)*BSSA14!$S9,$E$14/SUM($C$14:$G$14)*'CB14'!$Y9,$F$14/SUM($C$14:$G$14)*'CY14'!$U9,$G$14/SUM($C$14:$G$14)*'I14'!$L9),SUM($C$14/SUM($C$14:$G$14)*'ASK14'!$E9,$D$14/SUM($C$14:$G$14)*BSSA14!$S9,$E$14/SUM($C$14:$G$14)*'CB14'!$Y9,$F$14/SUM($C$14:$G$14)*'CY14'!$U9,$G$14/SUM($C$14:$G$14)*'I14'!$L9)),IF($B$104=1,IF($AB$52=0,EXP(SUM($C$14/SUM($C$14:$G$14)*LN('ASK14'!$E9),$D$14/SUM($C$14:$G$14)*LN(BSSA14!$S9),$E$14/SUM($C$14:$G$14)*LN('CB14'!$Y9),$F$14/SUM($C$14:$G$14)*LN('CY14'!$U9),$G$14/SUM($C$14:$G$14)*LN('I14'!$L9))),EXP(SUM($C$14/SUM($C$14:$G$14)*LN('ASK14'!$E9),$D$14/SUM($C$14:$G$14)*LN(BSSA14!$S9),$E$14/SUM($C$14:$G$14)*LN('CB14'!$Y9),$F$14/SUM($C$14:$G$14)*LN('CY14'!$U9),$G$14/SUM($C$14:$G$14)*LN('I14'!$L9))))))","v":0.64025098578644513},{"$f":"IF($B$104=0,IF($AB$52=0,SUM($C$14/SUM($C$14:$G$14)*('ASK14'!$E9*EXP(Main!$C$16*'ASK14'!$F9)),$D$14/SUM($C$14:$G$14)*(BSSA14!$S9*EXP(Main!$C$16*BSSA14!$T9)),$E$14/SUM($C$14:$G$14)*('CB14'!$Y9*EXP(Main!$C$16*'CB14'!$Z9)),$F$14/SUM($C$14:$G$14)*('CY14'!$U9*EXP(Main!$C$16*'CY14'!$V9)),$G$14/SUM($C$14:$G$14)*('I14'!$L9*EXP(Main!$C$16*'I14'!$M9))),SUM($C$14/SUM($C$14:$G$14)*('ASK14'!$E9*EXP(Main!$C$16*'ASK14'!$F9)),$D$14/SUM($C$14:$G$14)*(BSSA14!$S9*EXP(Main!$C$16*BSSA14!$T9)),$E$14/SUM($C$14:$G$14)*('CB14'!$Y9*EXP(Main!$C$16*'CB14'!$Z9)),$F$14/SUM($C$14:$G$14)*('CY14'!$U9*EXP(Main!$C$16*'CY14'!$V9)),$G$14/SUM($C$14:$G$14)*('I14'!$L9*EXP(Main!$C$16*'I14'!$M9)))),IF($B$104=1,IF($AB$52=0,EXP(SUM($C$14/SUM($C$14:$G$14)*(LN('ASK14'!$E9)+($C$16*'ASK14'!$F9)),$D$14/SUM($C$14:$G$14)*(LN(BSSA14!$S9)+($C$16*BSSA14!$T9)),$E$14/SUM($C$14:$G$14)*(LN('CB14'!$Y9)+($C$16*'CB14'!$Z9)),$F$14/SUM($C$14:$G$14)*(LN('CY14'!$U9)+($C$16*'CY14'!$V9)),$G$14/SUM($C$14:$G$14)*(LN('I14'!$L9)+($C$16*'I14'!$M9)))),EXP(SUM($C$14/SUM($C$14:$G$14)*(LN('ASK14'!$E9)+($C$16*'ASK14'!$F9)),$D$14/SUM($C$14:$G$14)*(LN(BSSA14!$S9)+($C$16*BSSA14!$T9)),$E$14/SUM($C$14:$G$14)*(LN('CB14'!$Y9)+($C$16*'CB14'!$Z9)),$F$14/SUM($C$14:$G$14)*(LN('CY14'!$U9)+($C$16*'CY14'!$V9)),$G$14/SUM($C$14:$G$14)*(LN('I14'!$L9)+($C$16*'I14'!$M9)))))))","v":1.1990002876866939},{"$f":"IF($B$104=0,IF($AB$52=0,SUM($C$14/SUM($C$14:$G$14)*('ASK14'!$E9*EXP(-Main!$C$16*'ASK14'!$F9)),$D$14/SUM($C$14:$G$14)*(BSSA14!$S9*EXP(-Main!$C$16*BSSA14!$T9)),$E$14/SUM($C$14:$G$14)*('CB14'!$Y9*EXP(-Main!$C$16*'CB14'!$Z9)),$F$14/SUM($C$14:$G$14)*('CY14'!$U9*EXP(-Main!$C$16*'CY14'!$V9)),$G$14/SUM($C$14:$G$14)*('I14'!$L9*EXP(-Main!$C$16*'I14'!$M9))),SUM($C$14/SUM($C$14:$G$14)*('ASK14'!$E9*EXP(-Main!$C$16*'ASK14'!$F9)),$D$14/SUM($C$14:$G$14)*(BSSA14!$S9*EXP(-Main!$C$16*BSSA14!$T9)),$E$14/SUM($C$14:$G$14)*('CB14'!$Y9*EXP(-Main!$C$16*'CB14'!$Z9)),$F$14/SUM($C$14:$G$14)*('CY14'!$U9*EXP(-Main!$C$16*'CY14'!$V9)),$G$14/SUM($C$14:$G$14)*('I14'!$L9*EXP(-Main!$C$16*'I14'!$M9)))),IF($B$104=1,IF($AB$52=0,EXP(SUM($C$14/SUM($C$14:$G$14)*(LN('ASK14'!$E9)-($C$16*'ASK14'!$F9)),$D$14/SUM($C$14:$G$14)*(LN(BSSA14!$S9)-($C$16*BSSA14!$T9)),$E$14/SUM($C$14:$G$14)*(LN('CB14'!$Y9)-($C$16*'CB14'!$Z9)),$F$14/SUM($C$14:$G$14)*(LN('CY14'!$U9)-($C$16*'CY14'!$V9)),$G$14/SUM($C$14:$G$14)*(LN('I14'!$L9)-($C$16*'I14'!$M9)))),EXP(SUM($C$14/SUM($C$14:$G$14)*(LN('ASK14'!$E9)-($C$16*'ASK14'!$F9)),$D$14/SUM($C$14:$G$14)*(LN(BSSA14!$S9)-($C$16*BSSA14!$T9)),$E$14/SUM($C$14:$G$14)*(LN('CB14'!$Y9)-($C$16*'CB14'!$Z9)),$F$14/SUM($C$14:$G$14)*(LN('CY14'!$U9)-($C$16*'CY14'!$V9)),$G$14/SUM($C$14:$G$14)*(LN('I14'!$L9)-($C$16*'I14'!$M9)))))))","v":0.34188592697621573},3.973347997118442E-2,{"$f":"DSF!$S25*Main!F26","v":0.64025098578644513},{"$f":"DSF!$S25*Main!G26","v":1.1990002876866939},{"$f":"DSF!$S25*Main!H26","v":0.34188592697621573},{"$f":"DSF!$S25*Main!I26","v":3.973347997118442E-2},null,null,null,null,null,null,null,null,null,null,null,"BSSA14","M, SS",">= 3.0 - <=8.5",{"$f":"IF(AND($D$14<>0,$C$24=\"! Not Applicable !\"),1,0)","v":0},{"$f":"SUM(AB26:AB31)","v":0}]
[null,3.16,{"$f":"IF($C$14<>0,'ASK14'!$B$9,IF($E$14<>0,'CB14'!$B$9,IF($F$14<>0,'CY14'!$B$9,IF($G$14<>0,'I14'!$B$9,\"\"))))","v":""},null,7.4999999999999997E-2,{"$f":"IF($B$104=0,IF($AB$52=0,SUM($C$14/SUM($C$14:$G$14)*'ASK14'!$E10,$D$14/SUM($C$14:$G$14)*BSSA14!$S10,$E$14/SUM($C$14:$G$14)*'CB14'!$Y10,$F$14/SUM($C$14:$G$14)*'CY14'!$U10,$G$14/SUM($C$14:$G$14)*'I14'!$L10),SUM($C$14/SUM($C$14:$G$14)*'ASK14'!$E10,$D$14/SUM($C$14:$G$14)*BSSA14!$S10,$E$14/SUM($C$14:$G$14)*'CB14'!$Y10,$F$14/SUM($C$14:$G$14)*'CY14'!$U10,$G$14/SUM($C$14:$G$14)*'I14'!$L10)),IF($B$104=1,IF($AB$52=0,EXP(SUM($C$14/SUM($C$14:$G$14)*LN('ASK14'!$E10),$D$14/SUM($C$14:$G$14)*LN(BSSA14!$S10),$E$14/SUM($C$14:$G$14)*LN('CB14'!$Y10),$F$14/SUM($C$14:$G$14)*LN('CY14'!$U10),$G$14/SUM($C$14:$G$14)*LN('I14'!$L10))),EXP(SUM($C$14/SUM($C$14:$G$14)*LN('ASK14'!$E10),$D$14/SUM($C$14:$G$14)*LN(BSSA14!$S10),$E$14/SUM($C$14:$G$14)*LN('CB14'!$Y10),$F$14/SUM($C$14:$G$14)*LN('CY14'!$U10),$G$14/SUM($C$14:$G$14)*LN('I14'!$L10))))))","v":0.80602352462018045},{"$f":"IF($B$104=0,IF($AB$52=0,SUM($C$14/SUM($C$14:$G$14)*('ASK14'!$E10*EXP(Main!$C$16*'ASK14'!$F10)),$D$14/SUM($C$14:$G$14)*(BSSA14!$S10*EXP(Main!$C$16*BSSA14!$T10)),$E$14/SUM($C$14:$G$14)*('CB14'!$Y10*EXP(Main!$C$16*'CB14'!$Z10)),$F$14/SUM($C$14:$G$14)*('CY14'!$U10*EXP(Main!$C$16*'CY14'!$V10)),$G$14/SUM($C$14:$G$14)*('I14'!$L10*EXP(Main!$C$16*'I14'!$M10))),SUM($C$14/SUM($C$14:$G$14)*('ASK14'!$E10*EXP(Main!$C$16*'ASK14'!$F10)),$D$14/SUM($C$14:$G$14)*(BSSA14!$S10*EXP(Main!$C$16*BSSA14!$T10)),$E$14/SUM($C$14:$G$14)*('CB14'!$Y10*EXP(Main!$C$16*'CB14'!$Z10)),$F$14/SUM($C$14:$G$14)*('CY14'!$U10*EXP(Main!$C$16*'CY14'!$V10)),$G$14/SUM($C$14:$G$14)*('I14'!$L10*EXP(Main!$C$16*'I14'!$M10)))),IF($B$104=1,IF($AB$52=0,EXP(SUM($C$14/SUM($C$14:$G$14)*(LN('ASK14'!$E10)+($C$16*'ASK14'!$F10)),$D$14/SUM($C$14:$G$14)*(LN(BSSA14!$S10)+($C$16*BSSA14!$T10)),$E$14/SUM($C$14:$G$14)*(LN('CB14'!$Y10)+($C$16*'CB14'!$Z10)),$F$14/SUM($C$14:$G$14)*(LN('CY14'!$U10)+($C$16*'CY14'!$V10)),$G$14/SUM($C$14:$G$14)*(LN('I14'!$L10)+($C$16*'I14'!$M10)))),EXP(SUM($C$14/SUM($C$14:$G$14)*(LN('ASK14'!$E10)+($C$16*'ASK14'!$F10)),$D$14/SUM($C$14:$G$14)*(LN(BSSA14!$S10)+($C$16*BSSA14!$T10)),$E$14/SUM($C$14:$G$14)*(LN('CB14'!$Y10)+($C$16*'CB14'!$Z10)),$F$14/SUM($C$14:$G$14)*(LN('CY14'!$U10)+($C$16*'CY14'!$V10)),$G$14/SUM($C$14:$G$14)*(LN('I14'!$L10)+($C$16*'I14'!$M10)))))))","v":1.5376506494306099},{"$f":"IF($B$104=0,IF($AB$52=0,SUM($C$14/SUM($C$14:$G$14)*('ASK14'!$E10*EXP(-Main!$C$16*'ASK14'!$F10)),$D$14/SUM($C$14:$G$14)*(BSSA14!$S10*EXP(-Main!$C$16*BSSA14!$T10)),$E$14/SUM($C$14:$G$14)*('CB14'!$Y10*EXP(-Main!$C$16*'CB14'!$Z10)),$F$14/SUM($C$14:$G$14)*('CY14'!$U10*EXP(-Main!$C$16*'CY14'!$V10)),$G$14/SUM($C$14:$G$14)*('I14'!$L10*EXP(-Main!$C$16*'I14'!$M10))),SUM($C$14/SUM($C$14:$G$14)*('ASK14'!$E10*EXP(-Main!$C$16*'ASK14'!$F10)),$D$14/SUM($C$14:$G$14)*(BSSA14!$S10*EXP(-Main!$C$16*BSSA14!$T10)),$E$14/SUM($C$14:$G$14)*('CB14'!$Y10*EXP(-Main!$C$16*'CB14'!$Z10)),$F$14/SUM($C$14:$G$14)*('CY14'!$U10*EXP(-Main!$C$16*'CY14'!$V10)),$G$14/SUM($C$14:$G$14)*('I14'!$L10*EXP(-Main!$C$16*'I14'!$M10)))),IF($B$104=1,IF($AB$52=0,EXP(SUM($C$14/SUM($C$14:$G$14)*(LN('ASK14'!$E10)-($C$16*'ASK14'!$F10)),$D$14/SUM($C$14:$G$14)*(LN(BSSA14!$S10)-($C$16*BSSA14!$T10)),$E$14/SUM($C$14:$G$14)*(LN('CB14'!$Y10)-($C$16*'CB14'!$Z10)),$F$14/SUM($C$14:$G$14)*(LN('CY14'!$U10)-($C$16*'CY14'!$V10)),$G$14/SUM($C$14:$G$14)*(LN('I14'!$L10)-($C$16*'I14'!$M10)))),EXP(SUM($C$14/SUM($C$14:$G$14)*(LN('ASK14'!$E10)-($C$16*'ASK14'!$F10)),$D$14/SUM($C$14:$G$14)*(LN(BSSA14!$S10)-($C$16*BSSA14!$T10)),$E$14/SUM($C$14:$G$14)*(LN('CB14'!$Y10)-($C$16*'CB14'!$Z10)),$F$14/SUM($C$14:$G$14)*(LN('CY14'!$U10)-($C$16*'CY14'!$V10)),$G$14/SUM($C$14:$G$14)*(LN('I14'!$L10)-($C$16*'I14'!$M10)))))))","v":0.42251074552058498},0.1125476893222368,{"$f":"DSF!$S26*Main!F27","v":0.80763557166942079},{"$f":"DSF!$S26*Main!G27","v":1.540725950729471},{"$f":"DSF!$S26*Main!H27","v":0.42335576701162614},{"$f":"DSF!$S26*Main!I27","v":0.11277278470088127},null,null,null,null,null,null,null,null,null,null,null,null,"M, RS",">= 3.0 - <=8.5",{"$f":"IF(AND($D$14<>0,$C$24=\"! Not Applicable !\"),1,0)","v":0}]
[null,null,null,null,0.1,{"$f":"IF($B$104=0,IF($AB$52=0,SUM($C$14/SUM($C$14:$G$14)*'ASK14'!$E11,$D$14/SUM($C$14:$G$14)*BSSA14!$S11,$E$14/SUM($C$14:$G$14)*'CB14'!$Y11,$F$14/SUM($C$14:$G$14)*'CY14'!$U11,$G$14/SUM($C$14:$G$14)*'I14'!$L11),SUM($C$14/SUM($C$14:$G$14)*'ASK14'!$E11,$D$14/SUM($C$14:$G$14)*BSSA14!$S11,$E$14/SUM($C$14:$G$14)*'CB14'!$Y11,$F$14/SUM($C$14:$G$14)*'CY14'!$U11,$G$14/SUM($C$14:$G$14)*'I14'!$L11)),IF($B$104=1,IF($AB$52=0,EXP(SUM($C$14/SUM($C$14:$G$14)*LN('ASK14'!$E11),$D$14/SUM($C$14:$G$14)*LN(BSSA14!$S11),$E$14/SUM($C$14:$G$14)*LN('CB14'!$Y11),$F$14/SUM($C$14:$G$14)*LN('CY14'!$U11),$G$14/SUM($C$14:$G$14)*LN('I14'!$L11))),EXP(SUM($C$14/SUM($C$14:$G$14)*LN('ASK14'!$E11),$D$14/SUM($C$14:$G$14)*LN(BSSA14!$S11),$E$14/SUM($C$14:$G$14)*LN('CB14'!$Y11),$F$14/SUM($C$14:$G$14)*LN('CY14'!$U11),$G$14/SUM($C$14:$G$14)*LN('I14'!$L11))))))","v":0.90702972946113292},{"$f":"IF($B$104=0,IF($AB$52=0,SUM($C$14/SUM($C$14:$G$14)*('ASK14'!$E11*EXP(Main!$C$16*'ASK14'!$F11)),$D$14/SUM($C$14:$G$14)*(BSSA14!$S11*EXP(Main!$C$16*BSSA14!$T11)),$E$14/SUM($C$14:$G$14)*('CB14'!$Y11*EXP(Main!$C$16*'CB14'!$Z11)),$F$14/SUM($C$14:$G$14)*('CY14'!$U11*EXP(Main!$C$16*'CY14'!$V11)),$G$14/SUM($C$14:$G$14)*('I14'!$L11*EXP(Main!$C$16*'I14'!$M11))),SUM($C$14/SUM($C$14:$G$14)*('ASK14'!$E11*EXP(Main!$C$16*'ASK14'!$F11)),$D$14/SUM($C$14:$G$14)*(BSSA14!$S11*EXP(Main!$C$16*BSSA14!$T11)),$E$14/SUM($C$14:$G$14)*('CB14'!$Y11*EXP(Main!$C$16*'CB14'!$Z11)),$F$14/SUM($C$14:$G$14)*('CY14'!$U11*EXP(Main!$C$16*'CY14'!$V11)),$G$14/SUM($C$14:$G$14)*('I14'!$L11*EXP(Main!$C$16*'I14'!$M11)))),IF($B$104=1,IF($AB$52=0,EXP(SUM($C$14/SUM($C$14:$G$14)*(LN('ASK14'!$E11)+($C$16*'ASK14'!$F11)),$D$14/SUM($C$14:$G$14)*(LN(BSSA14!$S11)+($C$16*BSSA14!$T11)),$E$14/SUM($C$14:$G$14)*(LN('CB14'!$Y11)+($C$16*'CB14'!$Z11)),$F$14/SUM($C$14:$G$14)*(LN('CY14'!$U11)+($C$16*'CY14'!$V11)),$G$14/SUM($C$14:$G$14)*(LN('I14'!$L11)+($C$16*'I14'!$M11)))),EXP(SUM($C$14/SUM($C$14:$G$14)*(LN('ASK14'!$E11)+($C$16*'ASK14'!$F11)),$D$14/SUM($C$14:$G$14)*(LN(BSSA14!$S11)+($C$16*BSSA14!$T11)),$E$14/SUM($C$14:$G$14)*(LN('CB14'!$Y11)+($C$16*'CB14'!$Z11)),$F$14/SUM($C$14:$G$14)*(LN('CY14'!$U11)+($C$16*'CY14'!$V11)),$G$14/SUM($C$14:$G$14)*(LN('I14'!$L11)+($C$16*'I14'!$M11)))))))","v":1.7426590618084887},{"$f":"IF($B$104=0,IF($AB$52=0,SUM($C$14/SUM($C$14:$G$14)*('ASK14'!$E11*EXP(-Main!$C$16*'ASK14'!$F11)),$D$14/SUM($C$14:$G$14)*(BSSA14!$S11*EXP(-Main!$C$16*BSSA14!$T11)),$E$14/SUM($C$14:$G$14)*('CB14'!$Y11*EXP(-Main!$C$16*'CB14'!$Z11)),$F$14/SUM($C$14:$G$14)*('CY14'!$U11*EXP(-Main!$C$16*'CY14'!$V11)),$G$14/SUM($C$14:$G$14)*('I14'!$L11*EXP(-Main!$C$16*'I14'!$M11))),SUM($C$14/SUM($C$14:$G$14)*('ASK14'!$E11*EXP(-Main!$C$16*'ASK14'!$F11)),$D$14/SUM($C$14:$G$14)*(BSSA14!$S11*EXP(-Main!$C$16*BSSA14!$T11)),$E$14/SUM($C$14:$G$14)*('CB14'!$Y11*EXP(-Main!$C$16*'CB14'!$Z11)),$F$14/SUM($C$14:$G$14)*('CY14'!$U11*EXP(-Main!$C$16*'CY14'!$V11)),$G$14/SUM($C$14:$G$14)*('I14'!$L11*EXP(-Main!$C$16*'I14'!$M11)))),IF($B$104=1,IF($AB$52=0,EXP(SUM($C$14/SUM($C$14:$G$14)*(LN('ASK14'!$E11)-($C$16*'ASK14'!$F11)),$D$14/SUM($C$14:$G$14)*(LN(BSSA14!$S11)-($C$16*BSSA14!$T11)),$E$14/SUM($C$14:$G$14)*(LN('CB14'!$Y11)-($C$16*'CB14'!$Z11)),$F$14/SUM($C$14:$G$14)*(LN('CY14'!$U11)-($C$16*'CY14'!$V11)),$G$14/SUM($C$14:$G$14)*(LN('I14'!$L11)-($C$16*'I14'!$M11)))),EXP(SUM($C$14/SUM($C$14:$G$14)*(LN('ASK14'!$E11)-($C$16*'ASK14'!$F11)),$D$14/SUM($C$14:$G$14)*(LN(BSSA14!$S11)-($C$16*BSSA14!$T11)),$E$14/SUM($C$14:$G$14)*(LN('CB14'!$Y11)-($C$16*'CB14'!$Z11)),$F$14/SUM($C$14:$G$14)*(LN('CY14'!$U11)-($C$16*'CY14'!$V11)),$G$14/SUM($C$14:$G$14)*(LN('I14'!$L11)-($C$16*'I14'!$M11)))))))","v":0.4720963200183031},0.22515824818008895,{"$f":"DSF!$S27*Main!F28","v":0.90884378892005513},{"$f":"DSF!$S27*Main!G28","v":1.7461443799321057},{"$f":"DSF!$S27*Main!H28","v":0.47304051265833968},{"$f":"DSF!$S27*Main!I28","v":0.22560856467644913},null,null,null,null,null,null,null,null,null,null,null,null,"M, NS",">= 3.0 - <=7.0",{"$f":"IF(AND($D$14<>0,$C$24=\"! Not Applicable !\"),1,0)","v":0}]
[null,"RJB  (km)",null,null,0.15,{"$f":"IF($B$104=0,IF($AB$52=0,SUM($C$14/SUM($C$14:$G$14)*'ASK14'!$E12,$D$14/SUM($C$14:$G$14)*BSSA14!$S12,$E$14/SUM($C$14:$G$14)*'CB14'!$Y12,$F$14/SUM($C$14:$G$14)*'CY14'!$U12,$G$14/SUM($C$14:$G$14)*'I14'!$L12),SUM($C$14/SUM($C$14:$G$14)*'ASK14'!$E12,$D$14/SUM($C$14:$G$14)*BSSA14!$S12,$E$14/SUM($C$14:$G$14)*'CB14'!$Y12,$F$14/SUM($C$14:$G$14)*'CY14'!$U12,$G$14/SUM($C$14:$G$14)*'I14'!$L12)),IF($B$104=1,IF($AB$52=0,EXP(SUM($C$14/SUM($C$14:$G$14)*LN('ASK14'!$E12),$D$14/SUM($C$14:$G$14)*LN(BSSA14!$S12),$E$14/SUM($C$14:$G$14)*LN('CB14'!$Y12),$F$14/SUM($C$14:$G$14)*LN('CY14'!$U12),$G$14/SUM($C$14:$G$14)*LN('I14'!$L12))),EXP(SUM($C$14/SUM($C$14:$G$14)*LN('ASK14'!$E12),$D$14/SUM($C$14:$G$14)*LN(BSSA14!$S12),$E$14/SUM($C$14:$G$14)*LN('CB14'!$Y12),$F$14/SUM($C$14:$G$14)*LN('CY14'!$U12),$G$14/SUM($C$14:$G$14)*LN('I14'!$L12))))))","v":1.018731036166469},{"$f":"IF($B$104=0,IF($AB$52=0,SUM($C$14/SUM($C$14:$G$14)*('ASK14'!$E12*EXP(Main!$C$16*'ASK14'!$F12)),$D$14/SUM($C$14:$G$14)*(BSSA14!$S12*EXP(Main!$C$16*BSSA14!$T12)),$E$14/SUM($C$14:$G$14)*('CB14'!$Y12*EXP(Main!$C$16*'CB14'!$Z12)),$F$14/SUM($C$14:$G$14)*('CY14'!$U12*EXP(Main!$C$16*'CY14'!$V12)),$G$14/SUM($C$14:$G$14)*('I14'!$L12*EXP(Main!$C$16*'I14'!$M12))),SUM($C$14/SUM($C$14:$G$14)*('ASK14'!$E12*EXP(Main!$C$16*'ASK14'!$F12)),$D$14/SUM($C$14:$G$14)*(BSSA14!$S12*EXP(Main!$C$16*BSSA14!$T12)),$E$14/SUM($C$14:$G$14)*('CB14'!$Y12*EXP(Main!$C$16*'CB14'!$Z12)),$F$14/SUM($C$14:$G$14)*('CY14'!$U12*EXP(Main!$C$16*'CY14'!$V12)),$G$14/SUM($C$14:$G$14)*('I14'!$L12*EXP(Main!$C$16*'I14'!$M12)))),IF($B$104=1,IF($AB$52=0,EXP(SUM($C$14/SUM($C$14:$G$14)*(LN('ASK14'!$E12)+($C$16*'ASK14'!$F12)),$D$14/SUM($C$14:$G$14)*(LN(BSSA14!$S12)+($C$16*BSSA14!$T12)),$E$14/SUM($C$14:$G$14)*(LN('CB14'!$Y12)+($C$16*'CB14'!$Z12)),$F$14/SUM($C$14:$G$14)*(LN('CY14'!$U12)+($C$16*'CY14'!$V12)),$G$14/SUM($C$14:$G$14)*(LN('I14'!$L12)+($C$16*'I14'!$M12)))),EXP(SUM($C$14/SUM($C$14:$G$14)*(LN('ASK14'!$E12)+($C$16*'ASK14'!$F12)),$D$14/SUM($C$14:$G$14)*(LN(BSSA14!$S12)+($C$16*BSSA14!$T12)),$E$14/SUM($C$14:$G$14)*(LN('CB14'!$Y12)+($C$16*'CB14'!$Z12)),$F$14/SUM($C$14:$G$14)*(LN('CY14'!$U12)+($C$16*'CY14'!$V12)),$G$14/SUM($C$14:$G$14)*(LN('I14'!$L12)+($C$16*'I14'!$M12)))))))","v":1.9556375076963959},{"$f":"IF($B$104=0,IF($AB$52=0,SUM($C$14/SUM($C$14:$G$14)*('ASK14'!$E12*EXP(-Main!$C$16*'ASK14'!$F12)),$D$14/SUM($C$14:$G$14)*(BSSA14!$S12*EXP(-Main!$C$16*BSSA14!$T12)),$E$14/SUM($C$14:$G$14)*('CB14'!$Y12*EXP(-Main!$C$16*'CB14'!$Z12)),$F$14/SUM($C$14:$G$14)*('CY14'!$U12*EXP(-Main!$C$16*'CY14'!$V12)),$G$14/SUM($C$14:$G$14)*('I14'!$L12*EXP(-Main!$C$16*'I14'!$M12))),SUM($C$14/SUM($C$14:$G$14)*('ASK14'!$E12*EXP(-Main!$C$16*'ASK14'!$F12)),$D$14/SUM($C$14:$G$14)*(BSSA14!$S12*EXP(-Main!$C$16*BSSA14!$T12)),$E$14/SUM($C$14:$G$14)*('CB14'!$Y12*EXP(-Main!$C$16*'CB14'!$Z12)),$F$14/SUM($C$14:$G$14)*('CY14'!$U12*EXP(-Main!$C$16*'CY14'!$V12)),$G$14/SUM($C$14:$G$14)*('I14'!$L12*EXP(-Main!$C$16*'I14'!$M12)))),IF($B$104=1,IF($AB$52=0,EXP(SUM($C$14/SUM($C$14:$G$14)*(LN('ASK14'!$E12)-($C$16*'ASK14'!$F12)),$D$14/SUM($C$14:$G$14)*(LN(BSSA14!$S12)-($C$16*BSSA14!$T12)),$E$14/SUM($C$14:$G$14)*(LN('CB14'!$Y12)-($C$16*'CB14'!$Z12)),$F$14/SUM($C$14:$G$14)*(LN('CY14'!$U12)-($C$16*'CY14'!$V12)),$G$14/SUM($C$14:$G$14)*(LN('I14'!$L12)-($C$16*'I14'!$M12)))),EXP(SUM($C$14/SUM($C$14:$G$14)*(LN('ASK14'!$E12)-($C$16*'ASK14'!$F12)),$D$14/SUM($C$14:$G$14)*(LN(BSSA14!$S12)-($C$16*BSSA14!$T12)),$E$14/SUM($C$14:$G$14)*(LN('CB14'!$Y12)-($C$16*'CB14'!$Z12)),$F$14/SUM($C$14:$G$14)*(LN('CY14'!$U12)-($C$16*'CY14'!$V12)),$G$14/SUM($C$14:$G$14)*(LN('I14'!$L12)-($C$16*'I14'!$M12)))))))","v":0.53067755141967932},0.5689949271166147,{"$f":"DSF!$S28*Main!F29","v":1.0207684982388019},{"$f":"DSF!$S28*Main!G29","v":1.9595487827117888},{"$f":"DSF!$S28*Main!H29","v":0.53173890652251865},{"$f":"DSF!$S28*Main!I29","v":0.57013291697084789},null,null,null,null,null,null,null,null,null,null,null,null,"Rjb",">= 0 - <= 400",{"$f":"IF(AND($D$14<>0,$C$30=\"! Not Applicable !\"),1,0)","v":0}]
[null,1,{"$f":"IF($D$14<>0,BSSA14!$B$12,\"\")","v":""},null,0.2,{"$f":"IF($B$104=0,IF($AB$52=0,SUM($C$14/SUM($C$14:$G$14)*'ASK14'!$E13,$D$14/SUM($C$14:$G$14)*BSSA14!$S13,$E$14/SUM($C$14:$G$14)*'CB14'!$Y13,$F$14/SUM($C$14:$G$14)*'CY14'!$U13,$G$14/SUM($C$14:$G$14)*'I14'!$L13),SUM($C$14/SUM($C$14:$G$14)*'ASK14'!$E13,$D$14/SUM($C$14:$G$14)*BSSA14!$S13,$E$14/SUM($C$14:$G$14)*'CB14'!$Y13,$F$14/SUM($C$14:$G$14)*'CY14'!$U13,$G$14/SUM($C$14:$G$14)*'I14'!$L13)),IF($B$104=1,IF($AB$52=0,EXP(SUM($C$14/SUM($C$14:$G$14)*LN('ASK14'!$E13),$D$14/SUM($C$14:$G$14)*LN(BSSA14!$S13),$E$14/SUM($C$14:$G$14)*LN('CB14'!$Y13),$F$14/SUM($C$14:$G$14)*LN('CY14'!$U13),$G$14/SUM($C$14:$G$14)*LN('I14'!$L13))),EXP(SUM($C$14/SUM($C$14:$G$14)*LN('ASK14'!$E13),$D$14/SUM($C$14:$G$14)*LN(BSSA14!$S13),$E$14/SUM($C$14:$G$14)*LN('CB14'!$Y13),$F$14/SUM($C$14:$G$14)*LN('CY14'!$U13),$G$14/SUM($C$14:$G$14)*LN('I14'!$L13))))))","v":0.98492259357173328},{"$f":"IF($B$104=0,IF($AB$52=0,SUM($C$14/SUM($C$14:$G$14)*('ASK14'!$E13*EXP(Main!$C$16*'ASK14'!$F13)),$D$14/SUM($C$14:$G$14)*(BSSA14!$S13*EXP(Main!$C$16*BSSA14!$T13)),$E$14/SUM($C$14:$G$14)*('CB14'!$Y13*EXP(Main!$C$16*'CB14'!$Z13)),$F$14/SUM($C$14:$G$14)*('CY14'!$U13*EXP(Main!$C$16*'CY14'!$V13)),$G$14/SUM($C$14:$G$14)*('I14'!$L13*EXP(Main!$C$16*'I14'!$M13))),SUM($C$14/SUM($C$14:$G$14)*('ASK14'!$E13*EXP(Main!$C$16*'ASK14'!$F13)),$D$14/SUM($C$14:$G$14)*(BSSA14!$S13*EXP(Main!$C$16*BSSA14!$T13)),$E$14/SUM($C$14:$G$14)*('CB14'!$Y13*EXP(Main!$C$16*'CB14'!$Z13)),$F$14/SUM($C$14:$G$14)*('CY14'!$U13*EXP(Main!$C$16*'CY14'!$V13)),$G$14/SUM($C$14:$G$14)*('I14'!$L13*EXP(Main!$C$16*'I14'!$M13)))),IF($B$104=1,IF($AB$52=0,EXP(SUM($C$14/SUM($C$14:$G$14)*(LN('ASK14'!$E13)+($C$16*'ASK14'!$F13)),$D$14/SUM($C$14:$G$14)*(LN(BSSA14!$S13)+($C$16*BSSA14!$T13)),$E$14/SUM($C$14:$G$14)*(LN('CB14'!$Y13)+($C$16*'CB14'!$Z13)),$F$14/SUM($C$14:$G$14)*(LN('CY14'!$U13)+($C$16*'CY14'!$V13)),$G$14/SUM($C$14:$G$14)*(LN('I14'!$L13)+($C$16*'I14'!$M13)))),EXP(SUM($C$14/SUM($C$14:$G$14)*(LN('ASK14'!$E13)+($C$16*'ASK14'!$F13)),$D$14/SUM($C$14:$G$14)*(LN(BSSA14!$S13)+($C$16*BSSA14!$T13)),$E$14/SUM($C$14:$G$14)*(LN('CB14'!$Y13)+($C$16*'CB14'!$Z13)),$F$14/SUM($C$14:$G$14)*(LN('CY14'!$U13)+($C$16*'CY14'!$V13)),$G$14/SUM($C$14:$G$14)*(LN('I14'!$L13)+($C$16*'I14'!$M13)))))))","v":1.8791415285019266},{"$f":"IF($B$104=0,IF($AB$52=0,SUM($C$14/SUM($C$14:$G$14)*('ASK14'!$E13*EXP(-Main!$C$16*'ASK14'!$F13)),$D$14/SUM($C$14:$G$14)*(BSSA14!$S13*EXP(-Main!$C$16*BSSA14!$T13)),$E$14/SUM($C$14:$G$14)*('CB14'!$Y13*EXP(-Main!$C$16*'CB14'!$Z13)),$F$14/SUM($C$14:$G$14)*('CY14'!$U13*EXP(-Main!$C$16*'CY14'!$V13)),$G$14/SUM($C$14:$G$14)*('I14'!$L13*EXP(-Main!$C$16*'I14'!$M13))),SUM($C$14/SUM($C$14:$G$14)*('ASK14'!$E13*EXP(-Main!$C$16*'ASK14'!$F13)),$D$14/SUM($C$14:$G$14)*(BSSA14!$S13*EXP(-Main!$C$16*BSSA14!$T13)),$E$14/SUM($C$14:$G$14)*('CB14'!$Y13*EXP(-Main!$C$16*'CB14'!$Z13)),$F$14/SUM($C$14:$G$14)*('CY14'!$U13*EXP(-Main!$C$16*'CY14'!$V13)),$G$14/SUM($C$14:$G$14)*('I14'!$L13*EXP(-Main!$C$16*'I14'!$M13)))),IF($B$104=1,IF($AB$52=0,EXP(SUM($C$14/SUM($C$14:$G$14)*(LN('ASK14'!$E13)-($C$16*'ASK14'!$F13)),$D$14/SUM($C$14:$G$14)*(LN(BSSA14!$S13)-($C$16*BSSA14!$T13)),$E$14/SUM($C$14:$G$14)*(LN('CB14'!$Y13)-($C$16*'CB14'!$Z13)),$F$14/SUM($C$14:$G$14)*(LN('CY14'!$U13)-($C$16*'CY14'!$V13)),$G$14/SUM($C$14:$G$14)*(LN('I14'!$L13)-($C$16*'I14'!$M13)))),EXP(SUM($C$14/SUM($C$14:$G$14)*(LN('ASK14'!$E13)-($C$16*'ASK14'!$F13)),$D$14/SUM($C$14:$G$14)*(LN(BSSA14!$S13)-($C$16*BSSA14!$T13)),$E$14/SUM($C$14:$G$14)*(LN('CB14'!$Y13)-($C$16*'CB14'!$Z13)),$F$14/SUM($C$14:$G$14)*(LN('CY14'!$U13)-($C$16*'CY14'!$V13)),$G$14/SUM($C$14:$G$14)*(LN('I14'!$L13)-($C$16*'I14'!$M13)))))))","v":0.51623174764352253},0.97797652517233824,{"$f":"DSF!$S29*Main!F30","v":0.98590751616530492},{"$f":"DSF!$S29*Main!G30","v":1.8810206700304284},{"$f":"DSF!$S29*Main!H30","v":0.51674797939116601},{"$f":"DSF!$S29*Main!I30","v":0.97895450169751053},null,null,null,null,null,null,null,null,null,null,null,null,"Vs30",">= 150 - <= 1500",{"$f":"IF(AND($D$14<>0,$C$45=\"Out of Range! Use 760 m/s\"),1,0)","v":0}]
[null,null,null,null,0.25,{"$f":"IF($B$104=0,IF($AB$52=0,SUM($C$14/SUM($C$14:$G$14)*'ASK14'!$E14,$D$14/SUM($C$14:$G$14)*BSSA14!$S14,$E$14/SUM($C$14:$G$14)*'CB14'!$Y14,$F$14/SUM($C$14:$G$14)*'CY14'!$U14,$G$14/SUM($C$14:$G$14)*'I14'!$L14),SUM($C$14/SUM($C$14:$G$14)*'ASK14'!$E14,$D$14/SUM($C$14:$G$14)*BSSA14!$S14,$E$14/SUM($C$14:$G$14)*'CB14'!$Y14,$F$14/SUM($C$14:$G$14)*'CY14'!$U14,$G$14/SUM($C$14:$G$14)*'I14'!$L14)),IF($B$104=1,IF($AB$52=0,EXP(SUM($C$14/SUM($C$14:$G$14)*LN('ASK14'!$E14),$D$14/SUM($C$14:$G$14)*LN(BSSA14!$S14),$E$14/SUM($C$14:$G$14)*LN('CB14'!$Y14),$F$14/SUM($C$14:$G$14)*LN('CY14'!$U14),$G$14/SUM($C$14:$G$14)*LN('I14'!$L14))),EXP(SUM($C$14/SUM($C$14:$G$14)*LN('ASK14'!$E14),$D$14/SUM($C$14:$G$14)*LN(BSSA14!$S14),$E$14/SUM($C$14:$G$14)*LN('CB14'!$Y14),$F$14/SUM($C$14:$G$14)*LN('CY14'!$U14),$G$14/SUM($C$14:$G$14)*LN('I14'!$L14))))))","v":0.90087863754053887},{"$f":"IF($B$104=0,IF($AB$52=0,SUM($C$14/SUM($C$14:$G$14)*('ASK14'!$E14*EXP(Main!$C$16*'ASK14'!$F14)),$D$14/SUM($C$14:$G$14)*(BSSA14!$S14*EXP(Main!$C$16*BSSA14!$T14)),$E$14/SUM($C$14:$G$14)*('CB14'!$Y14*EXP(Main!$C$16*'CB14'!$Z14)),$F$14/SUM($C$14:$G$14)*('CY14'!$U14*EXP(Main!$C$16*'CY14'!$V14)),$G$14/SUM($C$14:$G$14)*('I14'!$L14*EXP(Main!$C$16*'I14'!$M14))),SUM($C$14/SUM($C$14:$G$14)*('ASK14'!$E14*EXP(Main!$C$16*'ASK14'!$F14)),$D$14/SUM($C$14:$G$14)*(BSSA14!$S14*EXP(Main!$C$16*BSSA14!$T14)),$E$14/SUM($C$14:$G$14)*('CB14'!$Y14*EXP(Main!$C$16*'CB14'!$Z14)),$F$14/SUM($C$14:$G$14)*('CY14'!$U14*EXP(Main!$C$16*'CY14'!$V14)),$G$14/SUM($C$14:$G$14)*('I14'!$L14*EXP(Main!$C$16*'I14'!$M14)))),IF($B$104=1,IF($AB$52=0,EXP(SUM($C$14/SUM($C$14:$G$14)*(LN('ASK14'!$E14)+($C$16*'ASK14'!$F14)),$D$14/SUM($C$14:$G$14)*(LN(BSSA14!$S14)+($C$16*BSSA14!$T14)),$E$14/SUM($C$14:$G$14)*(LN('CB14'!$Y14)+($C$16*'CB14'!$Z14)),$F$14/SUM($C$14:$G$14)*(LN('CY14'!$U14)+($C$16*'CY14'!$V14)),$G$14/SUM($C$14:$G$14)*(LN('I14'!$L14)+($C$16*'I14'!$M14)))),EXP(SUM($C$14/SUM($C$14:$G$14)*(LN('ASK14'!$E14)+($C$16*'ASK14'!$F14)),$D$14/SUM($C$14:$G$14)*(LN(BSSA14!$S14)+($C$16*BSSA14!$T14)),$E$14/SUM($C$14:$G$14)*(LN('CB14'!$Y14)+($C$16*'CB14'!$Z14)),$F$14/SUM($C$14:$G$14)*(LN('CY14'!$U14)+($C$16*'CY14'!$V14)),$G$14/SUM($C$14:$G$14)*(LN('I14'!$L14)+($C$16*'I14'!$M14)))))))","v":1.7113204686879304},{"$f":"IF($B$104=0,IF($AB$52=0,SUM($C$14/SUM($C$14:$G$14)*('ASK14'!$E14*EXP(-Main!$C$16*'ASK14'!$F14)),$D$14/SUM($C$14:$G$14)*(BSSA14!$S14*EXP(-Main!$C$16*BSSA14!$T14)),$E$14/SUM($C$14:$G$14)*('CB14'!$Y14*EXP(-Main!$C$16*'CB14'!$Z14)),$F$14/SUM($C$14:$G$14)*('CY14'!$U14*EXP(-Main!$C$16*'CY14'!$V14)),$G$14/SUM($C$14:$G$14)*('I14'!$L14*EXP(-Main!$C$16*'I14'!$M14))),SUM($C$14/SUM($C$14:$G$14)*('ASK14'!$E14*EXP(-Main!$C$16*'ASK14'!$F14)),$D$14/SUM($C$14:$G$14)*(BSSA14!$S14*EXP(-Main!$C$16*BSSA14!$T14)),$E$14/SUM($C$14:$G$14)*('CB14'!$Y14*EXP(-Main!$C$16*'CB14'!$Z14)),$F$14/SUM($C$14:$G$14)*('CY14'!$U14*EXP(-Main!$C$16*'CY14'!$V14)),$G$14/SUM($C$14:$G$14)*('I14'!$L14*EXP(-Main!$C$16*'I14'!$M14)))),IF($B$104=1,IF($AB$52=0,EXP(SUM($C$14/SUM($C$14:$G$14)*(LN('ASK14'!$E14)-($C$16*'ASK14'!$F14)),$D$14/SUM($C$14:$G$14)*(LN(BSSA14!$S14)-($C$16*BSSA14!$T14)),$E$14/SUM($C$14:$G$14)*(LN('CB14'!$Y14)-($C$16*'CB14'!$Z14)),$F$14/SUM($C$14:$G$14)*(LN('CY14'!$U14)-($C$16*'CY14'!$V14)),$G$14/SUM($C$14:$G$14)*(LN('I14'!$L14)-($C$16*'I14'!$M14)))),EXP(SUM($C$14/SUM($C$14:$G$14)*(LN('ASK14'!$E14)-($C$16*'ASK14'!$F14)),$D$14/SUM($C$14:$G$14)*(LN(BSSA14!$S14)-($C$16*BSSA14!$T14)),$E$14/SUM($C$14:$G$14)*(LN('CB14'!$Y14)-($C$16*'CB14'!$Z14)),$F$14/SUM($C$14:$G$14)*(LN('CY14'!$U14)-($C$16*'CY14'!$V14)),$G$14/SUM($C$14:$G$14)*(LN('I14'!$L14)-($C$16*'I14'!$M14)))))))","v":0.47424333105717947},1.3976957511910924,{"$f":"DSF!$S30*Main!F31","v":0.90448215209070104},{"$f":"DSF!$S30*Main!G31","v":1.7181657505626822},{"$f":"DSF!$S30*Main!H31","v":0.4761403043814082},{"$f":"DSF!$S30*Main!I31","v":1.4032865341958567},null,null,null,null,null,null,null,null,null,null,null,null,"Z1.0",">= 0 - <= 3",{"$f":"IF(AND($D$14<>0,$C$63=\"Out of Range! Use 760 m/s\"),1,0)","v":0}]
[null,"RX  (km)",null,null,0.3,{"$f":"IF($B$104=0,IF($AB$52=0,SUM($C$14/SUM($C$14:$G$14)*'ASK14'!$E15,$D$14/SUM($C$14:$G$14)*BSSA14!$S15,$E$14/SUM($C$14:$G$14)*'CB14'!$Y15,$F$14/SUM($C$14:$G$14)*'CY14'!$U15,$G$14/SUM($C$14:$G$14)*'I14'!$L15),SUM($C$14/SUM($C$14:$G$14)*'ASK14'!$E15,$D$14/SUM($C$14:$G$14)*BSSA14!$S15,$E$14/SUM($C$14:$G$14)*'CB14'!$Y15,$F$14/SUM($C$14:$G$14)*'CY14'!$U15,$G$14/SUM($C$14:$G$14)*'I14'!$L15)),IF($B$104=1,IF($AB$52=0,EXP(SUM($C$14/SUM($C$14:$G$14)*LN('ASK14'!$E15),$D$14/SUM($C$14:$G$14)*LN(BSSA14!$S15),$E$14/SUM($C$14:$G$14)*LN('CB14'!$Y15),$F$14/SUM($C$14:$G$14)*LN('CY14'!$U15),$G$14/SUM($C$14:$G$14)*LN('I14'!$L15))),EXP(SUM($C$14/SUM($C$14:$G$14)*LN('ASK14'!$E15),$D$14/SUM($C$14:$G$14)*LN(BSSA14!$S15),$E$14/SUM($C$14:$G$14)*LN('CB14'!$Y15),$F$14/SUM($C$14:$G$14)*LN('CY14'!$U15),$G$14/SUM($C$14:$G$14)*LN('I14'!$L15))))))","v":0.80949697014994326},{"$f":"IF($B$104=0,IF($AB$52=0,SUM($C$14/SUM($C$14:$G$14)*('ASK14'!$E15*EXP(Main!$C$16*'ASK14'!$F15)),$D$14/SUM($C$14:$G$14)*(BSSA14!$S15*EXP(Main!$C$16*BSSA14!$T15)),$E$14/SUM($C$14:$G$14)*('CB14'!$Y15*EXP(Main!$C$16*'CB14'!$Z15)),$F$14/SUM($C$14:$G$14)*('CY14'!$U15*EXP(Main!$C$16*'CY14'!$V15)),$G$14/SUM($C$14:$G$14)*('I14'!$L15*EXP(Main!$C$16*'I14'!$M15))),SUM($C$14/SUM($C$14:$G$14)*('ASK14'!$E15*EXP(Main!$C$16*'ASK14'!$F15)),$D$14/SUM($C$14:$G$14)*(BSSA14!$S15*EXP(Main!$C$16*BSSA14!$T15)),$E$14/SUM($C$14:$G$14)*('CB14'!$Y15*EXP(Main!$C$16*'CB14'!$Z15)),$F$14/SUM($C$14:$G$14)*('CY14'!$U15*EXP(Main!$C$16*'CY14'!$V15)),$G$14/SUM($C$14:$G$14)*('I14'!$L15*EXP(Main!$C$16*'I14'!$M15)))),IF($B$104=1,IF($AB$52=0,EXP(SUM($C$14/SUM($C$14:$G$14)*(LN('ASK14'!$E15)+($C$16*'ASK14'!$F15)),$D$14/SUM($C$14:$G$14)*(LN(BSSA14!$S15)+($C$16*BSSA14!$T15)),$E$14/SUM($C$14:$G$14)*(LN('CB14'!$Y15)+($C$16*'CB14'!$Z15)),$F$14/SUM($C$14:$G$14)*(LN('CY14'!$U15)+($C$16*'CY14'!$V15)),$G$14/SUM($C$14:$G$14)*(LN('I14'!$L15)+($C$16*'I14'!$M15)))),EXP(SUM($C$14/SUM($C$14:$G$14)*(LN('ASK14'!$E15)+($C$16*'ASK14'!$F15)),$D$14/SUM($C$14:$G$14)*(LN(BSSA14!$S15)+($C$16*BSSA14!$T15)),$E$14/SUM($C$14:$G$14)*(LN('CB14'!$Y15)+($C$16*'CB14'!$Z15)),$F$14/SUM($C$14:$G$14)*(LN('CY14'!$U15)+($C$16*'CY14'!$V15)),$G$14/SUM($C$14:$G$14)*(LN('I14'!$L15)+($C$16*'I14'!$M15)))))))","v":1.5475980619716616},{"$f":"IF($B$104=0,IF($AB$52=0,SUM($C$14/SUM($C$14:$G$14)*('ASK14'!$E15*EXP(-Main!$C$16*'ASK14'!$F15)),$D$14/SUM($C$14:$G$14)*(BSSA14!$S15*EXP(-Main!$C$16*BSSA14!$T15)),$E$14/SUM($C$14:$G$14)*('CB14'!$Y15*EXP(-Main!$C$16*'CB14'!$Z15)),$F$14/SUM($C$14:$G$14)*('CY14'!$U15*EXP(-Main!$C$16*'CY14'!$V15)),$G$14/SUM($C$14:$G$14)*('I14'!$L15*EXP(-Main!$C$16*'I14'!$M15))),SUM($C$14/SUM($C$14:$G$14)*('ASK14'!$E15*EXP(-Main!$C$16*'ASK14'!$F15)),$D$14/SUM($C$14:$G$14)*(BSSA14!$S15*EXP(-Main!$C$16*BSSA14!$T15)),$E$14/SUM($C$14:$G$14)*('CB14'!$Y15*EXP(-Main!$C$16*'CB14'!$Z15)),$F$14/SUM($C$14:$G$14)*('CY14'!$U15*EXP(-Main!$C$16*'CY14'!$V15)),$G$14/SUM($C$14:$G$14)*('I14'!$L15*EXP(-Main!$C$16*'I14'!$M15)))),IF($B$104=1,IF($AB$52=0,EXP(SUM($C$14/SUM($C$14:$G$14)*(LN('ASK14'!$E15)-($C$16*'ASK14'!$F15)),$D$14/SUM($C$14:$G$14)*(LN(BSSA14!$S15)-($C$16*BSSA14!$T15)),$E$14/SUM($C$14:$G$14)*(LN('CB14'!$Y15)-($C$16*'CB14'!$Z15)),$F$14/SUM($C$14:$G$14)*(LN('CY14'!$U15)-($C$16*'CY14'!$V15)),$G$14/SUM($C$14:$G$14)*(LN('I14'!$L15)-($C$16*'I14'!$M15)))),EXP(SUM($C$14/SUM($C$14:$G$14)*(LN('ASK14'!$E15)-($C$16*'ASK14'!$F15)),$D$14/SUM($C$14:$G$14)*(LN(BSSA14!$S15)-($C$16*BSSA14!$T15)),$E$14/SUM($C$14:$G$14)*(LN('CB14'!$Y15)-($C$16*'CB14'!$Z15)),$F$14/SUM($C$14:$G$14)*(LN('CY14'!$U15)-($C$16*'CY14'!$V15)),$G$14/SUM($C$14:$G$14)*(LN('I14'!$L15)-($C$16*'I14'!$M15)))))))","v":0.42342088736341232},1.808523165309049,{"$f":"DSF!$S31*Main!F32","v":0.81030646712009313},{"$f":"DSF!$S31*Main!G32","v":1.5491456600336331},{"$f":"DSF!$S31*Main!H32","v":0.42384430825077568},{"$f":"DSF!$S31*Main!I32","v":1.8103316884743579},null,null,null,null,null,null,null,null,null,null,null,"CB14","M, SS",">= 3.3 - <=8.5",{"$f":"IF(AND($E$14<>0,$C$24=\"! Not Applicable !\"),1,0)","v":0},{"$f":"SUM(AB32:AB40)","v":0}]
[null,1,null,null,0.4,{"$f":"IF($B$104=0,IF($AB$52=0,SUM($C$14/SUM($C$14:$G$14)*'ASK14'!$E16,$D$14/SUM($C$14:$G$14)*BSSA14!$S16,$E$14/SUM($C$14:$G$14)*'CB14'!$Y16,$F$14/SUM($C$14:$G$14)*'CY14'!$U16,$G$14/SUM($C$14:$G$14)*'I14'!$L16),SUM($C$14/SUM($C$14:$G$14)*'ASK14'!$E16,$D$14/SUM($C$14:$G$14)*BSSA14!$S16,$E$14/SUM($C$14:$G$14)*'CB14'!$Y16,$F$14/SUM($C$14:$G$14)*'CY14'!$U16,$G$14/SUM($C$14:$G$14)*'I14'!$L16)),IF($B$104=1,IF($AB$52=0,EXP(SUM($C$14/SUM($C$14:$G$14)*LN('ASK14'!$E16),$D$14/SUM($C$14:$G$14)*LN(BSSA14!$S16),$E$14/SUM($C$14:$G$14)*LN('CB14'!$Y16),$F$14/SUM($C$14:$G$14)*LN('CY14'!$U16),$G$14/SUM($C$14:$G$14)*LN('I14'!$L16))),EXP(SUM($C$14/SUM($C$14:$G$14)*LN('ASK14'!$E16),$D$14/SUM($C$14:$G$14)*LN(BSSA14!$S16),$E$14/SUM($C$14:$G$14)*LN('CB14'!$Y16),$F$14/SUM($C$14:$G$14)*LN('CY14'!$U16),$G$14/SUM($C$14:$G$14)*LN('I14'!$L16))))))","v":0.66934418835587295},{"$f":"IF($B$104=0,IF($AB$52=0,SUM($C$14/SUM($C$14:$G$14)*('ASK14'!$E16*EXP(Main!$C$16*'ASK14'!$F16)),$D$14/SUM($C$14:$G$14)*(BSSA14!$S16*EXP(Main!$C$16*BSSA14!$T16)),$E$14/SUM($C$14:$G$14)*('CB14'!$Y16*EXP(Main!$C$16*'CB14'!$Z16)),$F$14/SUM($C$14:$G$14)*('CY14'!$U16*EXP(Main!$C$16*'CY14'!$V16)),$G$14/SUM($C$14:$G$14)*('I14'!$L16*EXP(Main!$C$16*'I14'!$M16))),SUM($C$14/SUM($C$14:$G$14)*('ASK14'!$E16*EXP(Main!$C$16*'ASK14'!$F16)),$D$14/SUM($C$14:$G$14)*(BSSA14!$S16*EXP(Main!$C$16*BSSA14!$T16)),$E$14/SUM($C$14:$G$14)*('CB14'!$Y16*EXP(Main!$C$16*'CB14'!$Z16)),$F$14/SUM($C$14:$G$14)*('CY14'!$U16*EXP(Main!$C$16*'CY14'!$V16)),$G$14/SUM($C$14:$G$14)*('I14'!$L16*EXP(Main!$C$16*'I14'!$M16)))),IF($B$104=1,IF($AB$52=0,EXP(SUM($C$14/SUM($C$14:$G$14)*(LN('ASK14'!$E16)+($C$16*'ASK14'!$F16)),$D$14/SUM($C$14:$G$14)*(LN(BSSA14!$S16)+($C$16*BSSA14!$T16)),$E$14/SUM($C$14:$G$14)*(LN('CB14'!$Y16)+($C$16*'CB14'!$Z16)),$F$14/SUM($C$14:$G$14)*(LN('CY14'!$U16)+($C$16*'CY14'!$V16)),$G$14/SUM($C$14:$G$14)*(LN('I14'!$L16)+($C$16*'I14'!$M16)))),EXP(SUM($C$14/SUM($C$14:$G$14)*(LN('ASK14'!$E16)+($C$16*'ASK14'!$F16)),$D$14/SUM($C$14:$G$14)*(LN(BSSA14!$S16)+($C$16*BSSA14!$T16)),$E$14/SUM($C$14:$G$14)*(LN('CB14'!$Y16)+($C$16*'CB14'!$Z16)),$F$14/SUM($C$14:$G$14)*(LN('CY14'!$U16)+($C$16*'CY14'!$V16)),$G$14/SUM($C$14:$G$14)*(LN('I14'!$L16)+($C$16*'I14'!$M16)))))))","v":1.2914644974199154},{"$f":"IF($B$104=0,IF($AB$52=0,SUM($C$14/SUM($C$14:$G$14)*('ASK14'!$E16*EXP(-Main!$C$16*'ASK14'!$F16)),$D$14/SUM($C$14:$G$14)*(BSSA14!$S16*EXP(-Main!$C$16*BSSA14!$T16)),$E$14/SUM($C$14:$G$14)*('CB14'!$Y16*EXP(-Main!$C$16*'CB14'!$Z16)),$F$14/SUM($C$14:$G$14)*('CY14'!$U16*EXP(-Main!$C$16*'CY14'!$V16)),$G$14/SUM($C$14:$G$14)*('I14'!$L16*EXP(-Main!$C$16*'I14'!$M16))),SUM($C$14/SUM($C$14:$G$14)*('ASK14'!$E16*EXP(-Main!$C$16*'ASK14'!$F16)),$D$14/SUM($C$14:$G$14)*(BSSA14!$S16*EXP(-Main!$C$16*BSSA14!$T16)),$E$14/SUM($C$14:$G$14)*('CB14'!$Y16*EXP(-Main!$C$16*'CB14'!$Z16)),$F$14/SUM($C$14:$G$14)*('CY14'!$U16*EXP(-Main!$C$16*'CY14'!$V16)),$G$14/SUM($C$14:$G$14)*('I14'!$L16*EXP(-Main!$C$16*'I14'!$M16)))),IF($B$104=1,IF($AB$52=0,EXP(SUM($C$14/SUM($C$14:$G$14)*(LN('ASK14'!$E16)-($C$16*'ASK14'!$F16)),$D$14/SUM($C$14:$G$14)*(LN(BSSA14!$S16)-($C$16*BSSA14!$T16)),$E$14/SUM($C$14:$G$14)*(LN('CB14'!$Y16)-($C$16*'CB14'!$Z16)),$F$14/SUM($C$14:$G$14)*(LN('CY14'!$U16)-($C$16*'CY14'!$V16)),$G$14/SUM($C$14:$G$14)*(LN('I14'!$L16)-($C$16*'I14'!$M16)))),EXP(SUM($C$14/SUM($C$14:$G$14)*(LN('ASK14'!$E16)-($C$16*'ASK14'!$F16)),$D$14/SUM($C$14:$G$14)*(LN(BSSA14!$S16)-($C$16*BSSA14!$T16)),$E$14/SUM($C$14:$G$14)*(LN('CB14'!$Y16)-($C$16*'CB14'!$Z16)),$F$14/SUM($C$14:$G$14)*(LN('CY14'!$U16)-($C$16*'CY14'!$V16)),$G$14/SUM($C$14:$G$14)*(LN('I14'!$L16)-($C$16*'I14'!$M16)))))))","v":0.34690976281642971},2.6584948207908079,{"$f":"DSF!$S32*Main!F33","v":0.6700135325442288},{"$f":"DSF!$S32*Main!G33","v":1.2927559619173352},{"$f":"DSF!$S32*Main!H33","v":0.34725667257924608},{"$f":"DSF!$S32*Main!I33","v":2.6611533156115983},null,null,null,null,null,null,null,null,null,null,null,null,"M, RS",">= 3.3 - <=8.0",{"$f":"IF(AND($E$14<>0,$C$24=\"! Not Applicable !\"),1,0)","v":0}]
[null,null,null,null,0.5,{"$f":"IF($B$104=0,IF($AB$52=0,SUM($C$14/SUM($C$14:$G$14)*'ASK14'!$E17,$D$14/SUM($C$14:$G$14)*BSSA14!$S17,$E$14/SUM($C$14:$G$14)*'CB14'!$Y17,$F$14/SUM($C$14:$G$14)*'CY14'!$U17,$G$14/SUM($C$14:$G$14)*'I14'!$L17),SUM($C$14/SUM($C$14:$G$14)*'ASK14'!$E17,$D$14/SUM($C$14:$G$14)*BSSA14!$S17,$E$14/SUM($C$14:$G$14)*'CB14'!$Y17,$F$14/SUM($C$14:$G$14)*'CY14'!$U17,$G$14/SUM($C$14:$G$14)*'I14'!$L17)),IF($B$104=1,IF($AB$52=0,EXP(SUM($C$14/SUM($C$14:$G$14)*LN('ASK14'!$E17),$D$14/SUM($C$14:$G$14)*LN(BSSA14!$S17),$E$14/SUM($C$14:$G$14)*LN('CB14'!$Y17),$F$14/SUM($C$14:$G$14)*LN('CY14'!$U17),$G$14/SUM($C$14:$G$14)*LN('I14'!$L17))),EXP(SUM($C$14/SUM($C$14:$G$14)*LN('ASK14'!$E17),$D$14/SUM($C$14:$G$14)*LN(BSSA14!$S17),$E$14/SUM($C$14:$G$14)*LN('CB14'!$Y17),$F$14/SUM($C$14:$G$14)*LN('CY14'!$U17),$G$14/SUM($C$14:$G$14)*LN('I14'!$L17))))))","v":0.56046993015558844},{"$f":"IF($B$104=0,IF($AB$52=0,SUM($C$14/SUM($C$14:$G$14)*('ASK14'!$E17*EXP(Main!$C$16*'ASK14'!$F17)),$D$14/SUM($C$14:$G$14)*(BSSA14!$S17*EXP(Main!$C$16*BSSA14!$T17)),$E$14/SUM($C$14:$G$14)*('CB14'!$Y17*EXP(Main!$C$16*'CB14'!$Z17)),$F$14/SUM($C$14:$G$14)*('CY14'!$U17*EXP(Main!$C$16*'CY14'!$V17)),$G$14/SUM($C$14:$G$14)*('I14'!$L17*EXP(Main!$C$16*'I14'!$M17))),SUM($C$14/SUM($C$14:$G$14)*('ASK14'!$E17*EXP(Main!$C$16*'ASK14'!$F17)),$D$14/SUM($C$14:$G$14)*(BSSA14!$S17*EXP(Main!$C$16*BSSA14!$T17)),$E$14/SUM($C$14:$G$14)*('CB14'!$Y17*EXP(Main!$C$16*'CB14'!$Z17)),$F$14/SUM($C$14:$G$14)*('CY14'!$U17*EXP(Main!$C$16*'CY14'!$V17)),$G$14/SUM($C$14:$G$14)*('I14'!$L17*EXP(Main!$C$16*'I14'!$M17)))),IF($B$104=1,IF($AB$52=0,EXP(SUM($C$14/SUM($C$14:$G$14)*(LN('ASK14'!$E17)+($C$16*'ASK14'!$F17)),$D$14/SUM($C$14:$G$14)*(LN(BSSA14!$S17)+($C$16*BSSA14!$T17)),$E$14/SUM($C$14:$G$14)*(LN('CB14'!$Y17)+($C$16*'CB14'!$Z17)),$F$14/SUM($C$14:$G$14)*(LN('CY14'!$U17)+($C$16*'CY14'!$V17)),$G$14/SUM($C$14:$G$14)*(LN('I14'!$L17)+($C$16*'I14'!$M17)))),EXP(SUM($C$14/SUM($C$14:$G$14)*(LN('ASK14'!$E17)+($C$16*'ASK14'!$F17)),$D$14/SUM($C$14:$G$14)*(LN(BSSA14!$S17)+($C$16*BSSA14!$T17)),$E$14/SUM($C$14:$G$14)*(LN('CB14'!$Y17)+($C$16*'CB14'!$Z17)),$F$14/SUM($C$14:$G$14)*(LN('CY14'!$U17)+($C$16*'CY14'!$V17)),$G$14/SUM($C$14:$G$14)*(LN('I14'!$L17)+($C$16*'I14'!$M17)))))))","v":1.0963570511997727},{"$f":"IF($B$104=0,IF($AB$52=0,SUM($C$14/SUM($C$14:$G$14)*('ASK14'!$E17*EXP(-Main!$C$16*'ASK14'!$F17)),$D$14/SUM($C$14:$G$14)*(BSSA14!$S17*EXP(-Main!$C$16*BSSA14!$T17)),$E$14/SUM($C$14:$G$14)*('CB14'!$Y17*EXP(-Main!$C$16*'CB14'!$Z17)),$F$14/SUM($C$14:$G$14)*('CY14'!$U17*EXP(-Main!$C$16*'CY14'!$V17)),$G$14/SUM($C$14:$G$14)*('I14'!$L17*EXP(-Main!$C$16*'I14'!$M17))),SUM($C$14/SUM($C$14:$G$14)*('ASK14'!$E17*EXP(-Main!$C$16*'ASK14'!$F17)),$D$14/SUM($C$14:$G$14)*(BSSA14!$S17*EXP(-Main!$C$16*BSSA14!$T17)),$E$14/SUM($C$14:$G$14)*('CB14'!$Y17*EXP(-Main!$C$16*'CB14'!$Z17)),$F$14/SUM($C$14:$G$14)*('CY14'!$U17*EXP(-Main!$C$16*'CY14'!$V17)),$G$14/SUM($C$14:$G$14)*('I14'!$L17*EXP(-Main!$C$16*'I14'!$M17)))),IF($B$104=1,IF($AB$52=0,EXP(SUM($C$14/SUM($C$14:$G$14)*(LN('ASK14'!$E17)-($C$16*'ASK14'!$F17)),$D$14/SUM($C$14:$G$14)*(LN(BSSA14!$S17)-($C$16*BSSA14!$T17)),$E$14/SUM($C$14:$G$14)*(LN('CB14'!$Y17)-($C$16*'CB14'!$Z17)),$F$14/SUM($C$14:$G$14)*(LN('CY14'!$U17)-($C$16*'CY14'!$V17)),$G$14/SUM($C$14:$G$14)*(LN('I14'!$L17)-($C$16*'I14'!$M17)))),EXP(SUM($C$14/SUM($C$14:$G$14)*(LN('ASK14'!$E17)-($C$16*'ASK14'!$F17)),$D$14/SUM($C$14:$G$14)*(LN(BSSA14!$S17)-($C$16*BSSA14!$T17)),$E$14/SUM($C$14:$G$14)*(LN('CB14'!$Y17)-($C$16*'CB14'!$Z17)),$F$14/SUM($C$14:$G$14)*(LN('CY14'!$U17)-($C$16*'CY14'!$V17)),$G$14/SUM($C$14:$G$14)*(LN('I14'!$L17)-($C$16*'I14'!$M17)))))))","v":0.28651846792507341},3.4782329490572845,{"$f":"DSF!$S33*Main!F34","v":0.56103040008574401},{"$f":"DSF!$S33*Main!G34","v":1.0974534082509724},{"$f":"DSF!$S33*Main!H34","v":0.28680498639299845},{"$f":"DSF!$S33*Main!I34","v":3.4817111820063413},null,null,null,null,null,null,null,null,null,null,null,null,"M, NS",">= 3.3 - <= 7.5",{"$f":"IF(AND($E$14<>0,$C$24=\"! Not Applicable !\"),1,0)","v":0}]
[null,"Ry0  (km)","If unknown use 999",null,0.75,{"$f":"IF($B$104=0,IF($AB$52=0,SUM($C$14/SUM($C$14:$G$14)*'ASK14'!$E18,$D$14/SUM($C$14:$G$14)*BSSA14!$S18,$E$14/SUM($C$14:$G$14)*'CB14'!$Y18,$F$14/SUM($C$14:$G$14)*'CY14'!$U18,$G$14/SUM($C$14:$G$14)*'I14'!$L18),SUM($C$14/SUM($C$14:$G$14)*'ASK14'!$E18,$D$14/SUM($C$14:$G$14)*BSSA14!$S18,$E$14/SUM($C$14:$G$14)*'CB14'!$Y18,$F$14/SUM($C$14:$G$14)*'CY14'!$U18,$G$14/SUM($C$14:$G$14)*'I14'!$L18)),IF($B$104=1,IF($AB$52=0,EXP(SUM($C$14/SUM($C$14:$G$14)*LN('ASK14'!$E18),$D$14/SUM($C$14:$G$14)*LN(BSSA14!$S18),$E$14/SUM($C$14:$G$14)*LN('CB14'!$Y18),$F$14/SUM($C$14:$G$14)*LN('CY14'!$U18),$G$14/SUM($C$14:$G$14)*LN('I14'!$L18))),EXP(SUM($C$14/SUM($C$14:$G$14)*LN('ASK14'!$E18),$D$14/SUM($C$14:$G$14)*LN(BSSA14!$S18),$E$14/SUM($C$14:$G$14)*LN('CB14'!$Y18),$F$14/SUM($C$14:$G$14)*LN('CY14'!$U18),$G$14/SUM($C$14:$G$14)*LN('I14'!$L18))))))","v":0.38972407509594215},{"$f":"IF($B$104=0,IF($AB$52=0,SUM($C$14/SUM($C$14:$G$14)*('ASK14'!$E18*EXP(Main!$C$16*'ASK14'!$F18)),$D$14/SUM($C$14:$G$14)*(BSSA14!$S18*EXP(Main!$C$16*BSSA14!$T18)),$E$14/SUM($C$14:$G$14)*('CB14'!$Y18*EXP(Main!$C$16*'CB14'!$Z18)),$F$14/SUM($C$14:$G$14)*('CY14'!$U18*EXP(Main!$C$16*'CY14'!$V18)),$G$14/SUM($C$14:$G$14)*('I14'!$L18*EXP(Main!$C$16*'I14'!$M18))),SUM($C$14/SUM($C$14:$G$14)*('ASK14'!$E18*EXP(Main!$C$16*'ASK14'!$F18)),$D$14/SUM($C$14:$G$14)*(BSSA14!$S18*EXP(Main!$C$16*BSSA14!$T18)),$E$14/SUM($C$14:$G$14)*('CB14'!$Y18*EXP(Main!$C$16*'CB14'!$Z18)),$F$14/SUM($C$14:$G$14)*('CY14'!$U18*EXP(Main!$C$16*'CY14'!$V18)),$G$14/SUM($C$14:$G$14)*('I14'!$L18*EXP(Main!$C$16*'I14'!$M18)))),IF($B$104=1,IF($AB$52=0,EXP(SUM($C$14/SUM($C$14:$G$14)*(LN('ASK14'!$E18)+($C$16*'ASK14'!$F18)),$D$14/SUM($C$14:$G$14)*(LN(BSSA14!$S18)+($C$16*BSSA14!$T18)),$E$14/SUM($C$14:$G$14)*(LN('CB14'!$Y18)+($C$16*'CB14'!$Z18)),$F$14/SUM($C$14:$G$14)*(LN('CY14'!$U18)+($C$16*'CY14'!$V18)),$G$14/SUM($C$14:$G$14)*(LN('I14'!$L18)+($C$16*'I14'!$M18)))),EXP(SUM($C$14/SUM($C$14:$G$14)*(LN('ASK14'!$E18)+($C$16*'ASK14'!$F18)),$D$14/SUM($C$14:$G$14)*(LN(BSSA14!$S18)+($C$16*BSSA14!$T18)),$E$14/SUM($C$14:$G$14)*(LN('CB14'!$Y18)+($C$16*'CB14'!$Z18)),$F$14/SUM($C$14:$G$14)*(LN('CY14'!$U18)+($C$16*'CY14'!$V18)),$G$14/SUM($C$14:$G$14)*(LN('I14'!$L18)+($C$16*'I14'!$M18)))))))","v":0.7832617443583102},{"$f":"IF($B$104=0,IF($AB$52=0,SUM($C$14/SUM($C$14:$G$14)*('ASK14'!$E18*EXP(-Main!$C$16*'ASK14'!$F18)),$D$14/SUM($C$14:$G$14)*(BSSA14!$S18*EXP(-Main!$C$16*BSSA14!$T18)),$E$14/SUM($C$14:$G$14)*('CB14'!$Y18*EXP(-Main!$C$16*'CB14'!$Z18)),$F$14/SUM($C$14:$G$14)*('CY14'!$U18*EXP(-Main!$C$16*'CY14'!$V18)),$G$14/SUM($C$14:$G$14)*('I14'!$L18*EXP(-Main!$C$16*'I14'!$M18))),SUM($C$14/SUM($C$14:$G$14)*('ASK14'!$E18*EXP(-Main!$C$16*'ASK14'!$F18)),$D$14/SUM($C$14:$G$14)*(BSSA14!$S18*EXP(-Main!$C$16*BSSA14!$T18)),$E$14/SUM($C$14:$G$14)*('CB14'!$Y18*EXP(-Main!$C$16*'CB14'!$Z18)),$F$14/SUM($C$14:$G$14)*('CY14'!$U18*EXP(-Main!$C$16*'CY14'!$V18)),$G$14/SUM($C$14:$G$14)*('I14'!$L18*EXP(-Main!$C$16*'I14'!$M18)))),IF($B$104=1,IF($AB$52=0,EXP(SUM($C$14/SUM($C$14:$G$14)*(LN('ASK14'!$E18)-($C$16*'ASK14'!$F18)),$D$14/SUM($C$14:$G$14)*(LN(BSSA14!$S18)-($C$16*BSSA14!$T18)),$E$14/SUM($C$14:$G$14)*(LN('CB14'!$Y18)-($C$16*'CB14'!$Z18)),$F$14/SUM($C$14:$G$14)*(LN('CY14'!$U18)-($C$16*'CY14'!$V18)),$G$14/SUM($C$14:$G$14)*(LN('I14'!$L18)-($C$16*'I14'!$M18)))),EXP(SUM($C$14/SUM($C$14:$G$14)*(LN('ASK14'!$E18)-($C$16*'ASK14'!$F18)),$D$14/SUM($C$14:$G$14)*(LN(BSSA14!$S18)-($C$16*BSSA14!$T18)),$E$14/SUM($C$14:$G$14)*(LN('CB14'!$Y18)-($C$16*'CB14'!$Z18)),$F$14/SUM($C$14:$G$14)*(LN('CY14'!$U18)-($C$16*'CY14'!$V18)),$G$14/SUM($C$14:$G$14)*(LN('I14'!$L18)-($C$16*'I14'!$M18)))))))","v":0.19391328097329683},5.4418441627945509,{"$f":"DSF!$S34*Main!F35","v":0.38972407509594215},{"$f":"DSF!$S34*Main!G35","v":0.7832617443583102},{"$f":"DSF!$S34*Main!H35","v":0.19391328097329683},{"$f":"DSF!$S34*Main!I35","v":5.4418441627945509},null,null,null,null,null,null,null,null,null,null,null,null,"Rrup",">= 0 - <= 300",{"$f":"IF(AND($E$14<>0,$C$27=\"! Not Applicable !\"),1,0)","v":0}]
[null,0,{"$f":"IF(B36<0,\"Ry0 can only be zero or positive\",\"\")","v":""},null,1,{"$f":"IF($B$104=0,IF($AB$52=0,SUM($C$14/SUM($C$14:$G$14)*'ASK14'!$E19,$D$14/SUM($C$14:$G$14)*BSSA14!$S19,$E$14/SUM($C$14:$G$14)*'CB14'!$Y19,$F$14/SUM($C$14:$G$14)*'CY14'!$U19,$G$14/SUM($C$14:$G$14)*'I14'!$L19),SUM($C$14/SUM($C$14:$G$14)*'ASK14'!$E19,$D$14/SUM($C$14:$G$14)*BSSA14!$S19,$E$14/SUM($C$14:$G$14)*'CB14'!$Y19,$F$14/SUM($C$14:$G$14)*'CY14'!$U19,$G$14/SUM($C$14:$G$14)*'I14'!$L19)),IF($B$104=1,IF($AB$52=0,EXP(SUM($C$14/SUM($C$14:$G$14)*LN('ASK14'!$E19),$D$14/SUM($C$14:$G$14)*LN(BSSA14!$S19),$E$14/SUM($C$14:$G$14)*LN('CB14'!$Y19),$F$14/SUM($C$14:$G$14)*LN('CY14'!$U19),$G$14/SUM($C$14:$G$14)*LN('I14'!$L19))),EXP(SUM($C$14/SUM($C$14:$G$14)*LN('ASK14'!$E19),$D$14/SUM($C$14:$G$14)*LN(BSSA14!$S19),$E$14/SUM($C$14:$G$14)*LN('CB14'!$Y19),$F$14/SUM($C$14:$G$14)*LN('CY14'!$U19),$G$14/SUM($C$14:$G$14)*LN('I14'!$L19))))))","v":0.28768961692430012},{"$f":"IF($B$104=0,IF($AB$52=0,SUM($C$14/SUM($C$14:$G$14)*('ASK14'!$E19*EXP(Main!$C$16*'ASK14'!$F19)),$D$14/SUM($C$14:$G$14)*(BSSA14!$S19*EXP(Main!$C$16*BSSA14!$T19)),$E$14/SUM($C$14:$G$14)*('CB14'!$Y19*EXP(Main!$C$16*'CB14'!$Z19)),$F$14/SUM($C$14:$G$14)*('CY14'!$U19*EXP(Main!$C$16*'CY14'!$V19)),$G$14/SUM($C$14:$G$14)*('I14'!$L19*EXP(Main!$C$16*'I14'!$M19))),SUM($C$14/SUM($C$14:$G$14)*('ASK14'!$E19*EXP(Main!$C$16*'ASK14'!$F19)),$D$14/SUM($C$14:$G$14)*(BSSA14!$S19*EXP(Main!$C$16*BSSA14!$T19)),$E$14/SUM($C$14:$G$14)*('CB14'!$Y19*EXP(Main!$C$16*'CB14'!$Z19)),$F$14/SUM($C$14:$G$14)*('CY14'!$U19*EXP(Main!$C$16*'CY14'!$V19)),$G$14/SUM($C$14:$G$14)*('I14'!$L19*EXP(Main!$C$16*'I14'!$M19)))),IF($B$104=1,IF($AB$52=0,EXP(SUM($C$14/SUM($C$14:$G$14)*(LN('ASK14'!$E19)+($C$16*'ASK14'!$F19)),$D$14/SUM($C$14:$G$14)*(LN(BSSA14!$S19)+($C$16*BSSA14!$T19)),$E$14/SUM($C$14:$G$14)*(LN('CB14'!$Y19)+($C$16*'CB14'!$Z19)),$F$14/SUM($C$14:$G$14)*(LN('CY14'!$U19)+($C$16*'CY14'!$V19)),$G$14/SUM($C$14:$G$14)*(LN('I14'!$L19)+($C$16*'I14'!$M19)))),EXP(SUM($C$14/SUM($C$14:$G$14)*(LN('ASK14'!$E19)+($C$16*'ASK14'!$F19)),$D$14/SUM($C$14:$G$14)*(LN(BSSA14!$S19)+($C$16*BSSA14!$T19)),$E$14/SUM($C$14:$G$14)*(LN('CB14'!$Y19)+($C$16*'CB14'!$Z19)),$F$14/SUM($C$14:$G$14)*(LN('CY14'!$U19)+($C$16*'CY14'!$V19)),$G$14/SUM($C$14:$G$14)*(LN('I14'!$L19)+($C$16*'I14'!$M19)))))))","v":0.5843258762604433},{"$f":"IF($B$104=0,IF($AB$52=0,SUM($C$14/SUM($C$14:$G$14)*('ASK14'!$E19*EXP(-Main!$C$16*'ASK14'!$F19)),$D$14/SUM($C$14:$G$14)*(BSSA14!$S19*EXP(-Main!$C$16*BSSA14!$T19)),$E$14/SUM($C$14:$G$14)*('CB14'!$Y19*EXP(-Main!$C$16*'CB14'!$Z19)),$F$14/SUM($C$14:$G$14)*('CY14'!$U19*EXP(-Main!$C$16*'CY14'!$V19)),$G$14/SUM($C$14:$G$14)*('I14'!$L19*EXP(-Main!$C$16*'I14'!$M19))),SUM($C$14/SUM($C$14:$G$14)*('ASK14'!$E19*EXP(-Main!$C$16*'ASK14'!$F19)),$D$14/SUM($C$14:$G$14)*(BSSA14!$S19*EXP(-Main!$C$16*BSSA14!$T19)),$E$14/SUM($C$14:$G$14)*('CB14'!$Y19*EXP(-Main!$C$16*'CB14'!$Z19)),$F$14/SUM($C$14:$G$14)*('CY14'!$U19*EXP(-Main!$C$16*'CY14'!$V19)),$G$14/SUM($C$14:$G$14)*('I14'!$L19*EXP(-Main!$C$16*'I14'!$M19)))),IF($B$104=1,IF($AB$52=0,EXP(SUM($C$14/SUM($C$14:$G$14)*(LN('ASK14'!$E19)-($C$16*'ASK14'!$F19)),$D$14/SUM($C$14:$G$14)*(LN(BSSA14!$S19)-($C$16*BSSA14!$T19)),$E$14/SUM($C$14:$G$14)*(LN('CB14'!$Y19)-($C$16*'CB14'!$Z19)),$F$14/SUM($C$14:$G$14)*(LN('CY14'!$U19)-($C$16*'CY14'!$V19)),$G$14/SUM($C$14:$G$14)*(LN('I14'!$L19)-($C$16*'I14'!$M19)))),EXP(SUM($C$14/SUM($C$14:$G$14)*(LN('ASK14'!$E19)-($C$16*'ASK14'!$F19)),$D$14/SUM($C$14:$G$14)*(LN(BSSA14!$S19)-($C$16*BSSA14!$T19)),$E$14/SUM($C$14:$G$14)*(LN('CB14'!$Y19)-($C$16*'CB14'!$Z19)),$F$14/SUM($C$14:$G$14)*(LN('CY14'!$U19)-($C$16*'CY14'!$V19)),$G$14/SUM($C$14:$G$14)*(LN('I14'!$L19)-($C$16*'I14'!$M19)))))))","v":0.14164239348038177},7.1415178645532995,{"$f":"DSF!$S35*Main!F36","v":0.28740192730737579},{"$f":"DSF!$S35*Main!G36","v":0.58374155038418285},{"$f":"DSF!$S35*Main!H36","v":0.14150075108690138},{"$f":"DSF!$S35*Main!I36","v":7.1343763466887458},null,null,null,null,null,null,null,null,null,null,null,null,"Vs30",">= 150 - <= 1500",{"$f":"IF(AND($E$14<>0,$C$39=\"Out of Range! Use 760 m/s\"),1,0)","v":0}]
[null,null,null,null,1.5,{"$f":"IF($B$104=0,IF($AB$52=0,SUM($C$14/SUM($C$14:$G$14)*'ASK14'!$E20,$D$14/SUM($C$14:$G$14)*BSSA14!$S20,$E$14/SUM($C$14:$G$14)*'CB14'!$Y20,$F$14/SUM($C$14:$G$14)*'CY14'!$U20,$G$14/SUM($C$14:$G$14)*'I14'!$L20),SUM($C$14/SUM($C$14:$G$14)*'ASK14'!$E20,$D$14/SUM($C$14:$G$14)*BSSA14!$S20,$E$14/SUM($C$14:$G$14)*'CB14'!$Y20,$F$14/SUM($C$14:$G$14)*'CY14'!$U20,$G$14/SUM($C$14:$G$14)*'I14'!$L20)),IF($B$104=1,IF($AB$52=0,EXP(SUM($C$14/SUM($C$14:$G$14)*LN('ASK14'!$E20),$D$14/SUM($C$14:$G$14)*LN(BSSA14!$S20),$E$14/SUM($C$14:$G$14)*LN('CB14'!$Y20),$F$14/SUM($C$14:$G$14)*LN('CY14'!$U20),$G$14/SUM($C$14:$G$14)*LN('I14'!$L20))),EXP(SUM($C$14/SUM($C$14:$G$14)*LN('ASK14'!$E20),$D$14/SUM($C$14:$G$14)*LN(BSSA14!$S20),$E$14/SUM($C$14:$G$14)*LN('CB14'!$Y20),$F$14/SUM($C$14:$G$14)*LN('CY14'!$U20),$G$14/SUM($C$14:$G$14)*LN('I14'!$L20))))))","v":0.17272869717992201},{"$f":"IF($B$104=0,IF($AB$52=0,SUM($C$14/SUM($C$14:$G$14)*('ASK14'!$E20*EXP(Main!$C$16*'ASK14'!$F20)),$D$14/SUM($C$14:$G$14)*(BSSA14!$S20*EXP(Main!$C$16*BSSA14!$T20)),$E$14/SUM($C$14:$G$14)*('CB14'!$Y20*EXP(Main!$C$16*'CB14'!$Z20)),$F$14/SUM($C$14:$G$14)*('CY14'!$U20*EXP(Main!$C$16*'CY14'!$V20)),$G$14/SUM($C$14:$G$14)*('I14'!$L20*EXP(Main!$C$16*'I14'!$M20))),SUM($C$14/SUM($C$14:$G$14)*('ASK14'!$E20*EXP(Main!$C$16*'ASK14'!$F20)),$D$14/SUM($C$14:$G$14)*(BSSA14!$S20*EXP(Main!$C$16*BSSA14!$T20)),$E$14/SUM($C$14:$G$14)*('CB14'!$Y20*EXP(Main!$C$16*'CB14'!$Z20)),$F$14/SUM($C$14:$G$14)*('CY14'!$U20*EXP(Main!$C$16*'CY14'!$V20)),$G$14/SUM($C$14:$G$14)*('I14'!$L20*EXP(Main!$C$16*'I14'!$M20)))),IF($B$104=1,IF($AB$52=0,EXP(SUM($C$14/SUM($C$14:$G$14)*(LN('ASK14'!$E20)+($C$16*'ASK14'!$F20)),$D$14/SUM($C$14:$G$14)*(LN(BSSA14!$S20)+($C$16*BSSA14!$T20)),$E$14/SUM($C$14:$G$14)*(LN('CB14'!$Y20)+($C$16*'CB14'!$Z20)),$F$14/SUM($C$14:$G$14)*(LN('CY14'!$U20)+($C$16*'CY14'!$V20)),$G$14/SUM($C$14:$G$14)*(LN('I14'!$L20)+($C$16*'I14'!$M20)))),EXP(SUM($C$14/SUM($C$14:$G$14)*(LN('ASK14'!$E20)+($C$16*'ASK14'!$F20)),$D$14/SUM($C$14:$G$14)*(LN(BSSA14!$S20)+($C$16*BSSA14!$T20)),$E$14/SUM($C$14:$G$14)*(LN('CB14'!$Y20)+($C$16*'CB14'!$Z20)),$F$14/SUM($C$14:$G$14)*(LN('CY14'!$U20)+($C$16*'CY14'!$V20)),$G$14/SUM($C$14:$G$14)*(LN('I14'!$L20)+($C$16*'I14'!$M20)))))))","v":0.3525776914966024},{"$f":"IF($B$104=0,IF($AB$52=0,SUM($C$14/SUM($C$14:$G$14)*('ASK14'!$E20*EXP(-Main!$C$16*'ASK14'!$F20)),$D$14/SUM($C$14:$G$14)*(BSSA14!$S20*EXP(-Main!$C$16*BSSA14!$T20)),$E$14/SUM($C$14:$G$14)*('CB14'!$Y20*EXP(-Main!$C$16*'CB14'!$Z20)),$F$14/SUM($C$14:$G$14)*('CY14'!$U20*EXP(-Main!$C$16*'CY14'!$V20)),$G$14/SUM($C$14:$G$14)*('I14'!$L20*EXP(-Main!$C$16*'I14'!$M20))),SUM($C$14/SUM($C$14:$G$14)*('ASK14'!$E20*EXP(-Main!$C$16*'ASK14'!$F20)),$D$14/SUM($C$14:$G$14)*(BSSA14!$S20*EXP(-Main!$C$16*BSSA14!$T20)),$E$14/SUM($C$14:$G$14)*('CB14'!$Y20*EXP(-Main!$C$16*'CB14'!$Z20)),$F$14/SUM($C$14:$G$14)*('CY14'!$U20*EXP(-Main!$C$16*'CY14'!$V20)),$G$14/SUM($C$14:$G$14)*('I14'!$L20*EXP(-Main!$C$16*'I14'!$M20)))),IF($B$104=1,IF($AB$52=0,EXP(SUM($C$14/SUM($C$14:$G$14)*(LN('ASK14'!$E20)-($C$16*'ASK14'!$F20)),$D$14/SUM($C$14:$G$14)*(LN(BSSA14!$S20)-($C$16*BSSA14!$T20)),$E$14/SUM($C$14:$G$14)*(LN('CB14'!$Y20)-($C$16*'CB14'!$Z20)),$F$14/SUM($C$14:$G$14)*(LN('CY14'!$U20)-($C$16*'CY14'!$V20)),$G$14/SUM($C$14:$G$14)*(LN('I14'!$L20)-($C$16*'I14'!$M20)))),EXP(SUM($C$14/SUM($C$14:$G$14)*(LN('ASK14'!$E20)-($C$16*'ASK14'!$F20)),$D$14/SUM($C$14:$G$14)*(LN(BSSA14!$S20)-($C$16*BSSA14!$T20)),$E$14/SUM($C$14:$G$14)*(LN('CB14'!$Y20)-($C$16*'CB14'!$Z20)),$F$14/SUM($C$14:$G$14)*(LN('CY14'!$U20)-($C$16*'CY14'!$V20)),$G$14/SUM($C$14:$G$14)*(LN('I14'!$L20)-($C$16*'I14'!$M20)))))))","v":8.4620222858770161E-2},9.6474681710568326,{"$f":"DSF!$S36*Main!F37","v":0.17290142587710192},{"$f":"DSF!$S36*Main!G37","v":0.35293026918809894},{"$f":"DSF!$S36*Main!H37","v":8.4704843081628928E-2},{"$f":"DSF!$S36*Main!I37","v":9.6571156392278876},null,null,null,null,null,null,null,null,null,null,null,null,"Z2.5",">= 0 - <= 10",{"$f":"IF(AND($E$14<>0,$C$66=\"Out of Range! Use 760 m/s\"),1,0)","v":0}]
[null,"VS30 (m/sec)",null,null,2,{"$f":"IF($B$104=0,IF($AB$52=0,SUM($C$14/SUM($C$14:$G$14)*'ASK14'!$E21,$D$14/SUM($C$14:$G$14)*BSSA14!$S21,$E$14/SUM($C$14:$G$14)*'CB14'!$Y21,$F$14/SUM($C$14:$G$14)*'CY14'!$U21,$G$14/SUM($C$14:$G$14)*'I14'!$L21),SUM($C$14/SUM($C$14:$G$14)*'ASK14'!$E21,$D$14/SUM($C$14:$G$14)*BSSA14!$S21,$E$14/SUM($C$14:$G$14)*'CB14'!$Y21,$F$14/SUM($C$14:$G$14)*'CY14'!$U21,$G$14/SUM($C$14:$G$14)*'I14'!$L21)),IF($B$104=1,IF($AB$52=0,EXP(SUM($C$14/SUM($C$14:$G$14)*LN('ASK14'!$E21),$D$14/SUM($C$14:$G$14)*LN(BSSA14!$S21),$E$14/SUM($C$14:$G$14)*LN('CB14'!$Y21),$F$14/SUM($C$14:$G$14)*LN('CY14'!$U21),$G$14/SUM($C$14:$G$14)*LN('I14'!$L21))),EXP(SUM($C$14/SUM($C$14:$G$14)*LN('ASK14'!$E21),$D$14/SUM($C$14:$G$14)*LN(BSSA14!$S21),$E$14/SUM($C$14:$G$14)*LN('CB14'!$Y21),$F$14/SUM($C$14:$G$14)*LN('CY14'!$U21),$G$14/SUM($C$14:$G$14)*LN('I14'!$L21))))))","v":0.11871747263623066},{"$f":"IF($B$104=0,IF($AB$52=0,SUM($C$14/SUM($C$14:$G$14)*('ASK14'!$E21*EXP(Main!$C$16*'ASK14'!$F21)),$D$14/SUM($C$14:$G$14)*(BSSA14!$S21*EXP(Main!$C$16*BSSA14!$T21)),$E$14/SUM($C$14:$G$14)*('CB14'!$Y21*EXP(Main!$C$16*'CB14'!$Z21)),$F$14/SUM($C$14:$G$14)*('CY14'!$U21*EXP(Main!$C$16*'CY14'!$V21)),$G$14/SUM($C$14:$G$14)*('I14'!$L21*EXP(Main!$C$16*'I14'!$M21))),SUM($C$14/SUM($C$14:$G$14)*('ASK14'!$E21*EXP(Main!$C$16*'ASK14'!$F21)),$D$14/SUM($C$14:$G$14)*(BSSA14!$S21*EXP(Main!$C$16*BSSA14!$T21)),$E$14/SUM($C$14:$G$14)*('CB14'!$Y21*EXP(Main!$C$16*'CB14'!$Z21)),$F$14/SUM($C$14:$G$14)*('CY14'!$U21*EXP(Main!$C$16*'CY14'!$V21)),$G$14/SUM($C$14:$G$14)*('I14'!$L21*EXP(Main!$C$16*'I14'!$M21)))),IF($B$104=1,IF($AB$52=0,EXP(SUM($C$14/SUM($C$14:$G$14)*(LN('ASK14'!$E21)+($C$16*'ASK14'!$F21)),$D$14/SUM($C$14:$G$14)*(LN(BSSA14!$S21)+($C$16*BSSA14!$T21)),$E$14/SUM($C$14:$G$14)*(LN('CB14'!$Y21)+($C$16*'CB14'!$Z21)),$F$14/SUM($C$14:$G$14)*(LN('CY14'!$U21)+($C$16*'CY14'!$V21)),$G$14/SUM($C$14:$G$14)*(LN('I14'!$L21)+($C$16*'I14'!$M21)))),EXP(SUM($C$14/SUM($C$14:$G$14)*(LN('ASK14'!$E21)+($C$16*'ASK14'!$F21)),$D$14/SUM($C$14:$G$14)*(LN(BSSA14!$S21)+($C$16*BSSA14!$T21)),$E$14/SUM($C$14:$G$14)*(LN('CB14'!$Y21)+($C$16*'CB14'!$Z21)),$F$14/SUM($C$14:$G$14)*(LN('CY14'!$U21)+($C$16*'CY14'!$V21)),$G$14/SUM($C$14:$G$14)*(LN('I14'!$L21)+($C$16*'I14'!$M21)))))))","v":0.24241911155419785},{"$f":"IF($B$104=0,IF($AB$52=0,SUM($C$14/SUM($C$14:$G$14)*('ASK14'!$E21*EXP(-Main!$C$16*'ASK14'!$F21)),$D$14/SUM($C$14:$G$14)*(BSSA14!$S21*EXP(-Main!$C$16*BSSA14!$T21)),$E$14/SUM($C$14:$G$14)*('CB14'!$Y21*EXP(-Main!$C$16*'CB14'!$Z21)),$F$14/SUM($C$14:$G$14)*('CY14'!$U21*EXP(-Main!$C$16*'CY14'!$V21)),$G$14/SUM($C$14:$G$14)*('I14'!$L21*EXP(-Main!$C$16*'I14'!$M21))),SUM($C$14/SUM($C$14:$G$14)*('ASK14'!$E21*EXP(-Main!$C$16*'ASK14'!$F21)),$D$14/SUM($C$14:$G$14)*(BSSA14!$S21*EXP(-Main!$C$16*BSSA14!$T21)),$E$14/SUM($C$14:$G$14)*('CB14'!$Y21*EXP(-Main!$C$16*'CB14'!$Z21)),$F$14/SUM($C$14:$G$14)*('CY14'!$U21*EXP(-Main!$C$16*'CY14'!$V21)),$G$14/SUM($C$14:$G$14)*('I14'!$L21*EXP(-Main!$C$16*'I14'!$M21)))),IF($B$104=1,IF($AB$52=0,EXP(SUM($C$14/SUM($C$14:$G$14)*(LN('ASK14'!$E21)-($C$16*'ASK14'!$F21)),$D$14/SUM($C$14:$G$14)*(LN(BSSA14!$S21)-($C$16*BSSA14!$T21)),$E$14/SUM($C$14:$G$14)*(LN('CB14'!$Y21)-($C$16*'CB14'!$Z21)),$F$14/SUM($C$14:$G$14)*(LN('CY14'!$U21)-($C$16*'CY14'!$V21)),$G$14/SUM($C$14:$G$14)*(LN('I14'!$L21)-($C$16*'I14'!$M21)))),EXP(SUM($C$14/SUM($C$14:$G$14)*(LN('ASK14'!$E21)-($C$16*'ASK14'!$F21)),$D$14/SUM($C$14:$G$14)*(LN(BSSA14!$S21)-($C$16*BSSA14!$T21)),$E$14/SUM($C$14:$G$14)*(LN('CB14'!$Y21)-($C$16*'CB14'!$Z21)),$F$14/SUM($C$14:$G$14)*(LN('CY14'!$U21)-($C$16*'CY14'!$V21)),$G$14/SUM($C$14:$G$14)*(LN('I14'!$L21)-($C$16*'I14'!$M21)))))))","v":5.8138313513219866E-2},11.78802294959914,{"$f":"DSF!$S37*Main!F38","v":0.11848003769095819},{"$f":"DSF!$S37*Main!G38","v":0.24193427333108944},{"$f":"DSF!$S37*Main!H38","v":5.8022036886193423E-2},{"$f":"DSF!$S37*Main!I38","v":11.764446903699943},null,null,null,null,null,null,null,null,null,null,null,null,"Zhyp","<= 0 - <= 20",{"$f":"IF(AND($E$14<>0,$C$60=\"Out of Range! Use 760 m/s\"),1,0)","v":0}]
[null,760,null,null,3,{"$f":"IF($B$104=0,IF($AB$52=0,SUM($C$14/SUM($C$14:$G$14)*'ASK14'!$E22,$D$14/SUM($C$14:$G$14)*BSSA14!$S22,$E$14/SUM($C$14:$G$14)*'CB14'!$Y22,$F$14/SUM($C$14:$G$14)*'CY14'!$U22,$G$14/SUM($C$14:$G$14)*'I14'!$L22),SUM($C$14/SUM($C$14:$G$14)*'ASK14'!$E22,$D$14/SUM($C$14:$G$14)*BSSA14!$S22,$E$14/SUM($C$14:$G$14)*'CB14'!$Y22,$F$14/SUM($C$14:$G$14)*'CY14'!$U22,$G$14/SUM($C$14:$G$14)*'I14'!$L22)),IF($B$104=1,IF($AB$52=0,EXP(SUM($C$14/SUM($C$14:$G$14)*LN('ASK14'!$E22),$D$14/SUM($C$14:$G$14)*LN(BSSA14!$S22),$E$14/SUM($C$14:$G$14)*LN('CB14'!$Y22),$F$14/SUM($C$14:$G$14)*LN('CY14'!$U22),$G$14/SUM($C$14:$G$14)*LN('I14'!$L22))),EXP(SUM($C$14/SUM($C$14:$G$14)*LN('ASK14'!$E22),$D$14/SUM($C$14:$G$14)*LN(BSSA14!$S22),$E$14/SUM($C$14:$G$14)*LN('CB14'!$Y22),$F$14/SUM($C$14:$G$14)*LN('CY14'!$U22),$G$14/SUM($C$14:$G$14)*LN('I14'!$L22))))))","v":7.0539305338286409E-2},{"$f":"IF($B$104=0,IF($AB$52=0,SUM($C$14/SUM($C$14:$G$14)*('ASK14'!$E22*EXP(Main!$C$16*'ASK14'!$F22)),$D$14/SUM($C$14:$G$14)*(BSSA14!$S22*EXP(Main!$C$16*BSSA14!$T22)),$E$14/SUM($C$14:$G$14)*('CB14'!$Y22*EXP(Main!$C$16*'CB14'!$Z22)),$F$14/SUM($C$14:$G$14)*('CY14'!$U22*EXP(Main!$C$16*'CY14'!$V22)),$G$14/SUM($C$14:$G$14)*('I14'!$L22*EXP(Main!$C$16*'I14'!$M22))),SUM($C$14/SUM($C$14:$G$14)*('ASK14'!$E22*EXP(Main!$C$16*'ASK14'!$F22)),$D$14/SUM($C$14:$G$14)*(BSSA14!$S22*EXP(Main!$C$16*BSSA14!$T22)),$E$14/SUM($C$14:$G$14)*('CB14'!$Y22*EXP(Main!$C$16*'CB14'!$Z22)),$F$14/SUM($C$14:$G$14)*('CY14'!$U22*EXP(Main!$C$16*'CY14'!$V22)),$G$14/SUM($C$14:$G$14)*('I14'!$L22*EXP(Main!$C$16*'I14'!$M22)))),IF($B$104=1,IF($AB$52=0,EXP(SUM($C$14/SUM($C$14:$G$14)*(LN('ASK14'!$E22)+($C$16*'ASK14'!$F22)),$D$14/SUM($C$14:$G$14)*(LN(BSSA14!$S22)+($C$16*BSSA14!$T22)),$E$14/SUM($C$14:$G$14)*(LN('CB14'!$Y22)+($C$16*'CB14'!$Z22)),$F$14/SUM($C$14:$G$14)*(LN('CY14'!$U22)+($C$16*'CY14'!$V22)),$G$14/SUM($C$14:$G$14)*(LN('I14'!$L22)+($C$16*'I14'!$M22)))),EXP(SUM($C$14/SUM($C$14:$G$14)*(LN('ASK14'!$E22)+($C$16*'ASK14'!$F22)),$D$14/SUM($C$14:$G$14)*(LN(BSSA14!$S22)+($C$16*BSSA14!$T22)),$E$14/SUM($C$14:$G$14)*(LN('CB14'!$Y22)+($C$16*'CB14'!$Z22)),$F$14/SUM($C$14:$G$14)*(LN('CY14'!$U22)+($C$16*'CY14'!$V22)),$G$14/SUM($C$14:$G$14)*(LN('I14'!$L22)+($C$16*'I14'!$M22)))))))","v":0.14386431279686024},{"$f":"IF($B$104=0,IF($AB$52=0,SUM($C$14/SUM($C$14:$G$14)*('ASK14'!$E22*EXP(-Main!$C$16*'ASK14'!$F22)),$D$14/SUM($C$14:$G$14)*(BSSA14!$S22*EXP(-Main!$C$16*BSSA14!$T22)),$E$14/SUM($C$14:$G$14)*('CB14'!$Y22*EXP(-Main!$C$16*'CB14'!$Z22)),$F$14/SUM($C$14:$G$14)*('CY14'!$U22*EXP(-Main!$C$16*'CY14'!$V22)),$G$14/SUM($C$14:$G$14)*('I14'!$L22*EXP(-Main!$C$16*'I14'!$M22))),SUM($C$14/SUM($C$14:$G$14)*('ASK14'!$E22*EXP(-Main!$C$16*'ASK14'!$F22)),$D$14/SUM($C$14:$G$14)*(BSSA14!$S22*EXP(-Main!$C$16*BSSA14!$T22)),$E$14/SUM($C$14:$G$14)*('CB14'!$Y22*EXP(-Main!$C$16*'CB14'!$Z22)),$F$14/SUM($C$14:$G$14)*('CY14'!$U22*EXP(-Main!$C$16*'CY14'!$V22)),$G$14/SUM($C$14:$G$14)*('I14'!$L22*EXP(-Main!$C$16*'I14'!$M22)))),IF($B$104=1,IF($AB$52=0,EXP(SUM($C$14/SUM($C$14:$G$14)*(LN('ASK14'!$E22)-($C$16*'ASK14'!$F22)),$D$14/SUM($C$14:$G$14)*(LN(BSSA14!$S22)-($C$16*BSSA14!$T22)),$E$14/SUM($C$14:$G$14)*(LN('CB14'!$Y22)-($C$16*'CB14'!$Z22)),$F$14/SUM($C$14:$G$14)*(LN('CY14'!$U22)-($C$16*'CY14'!$V22)),$G$14/SUM($C$14:$G$14)*(LN('I14'!$L22)-($C$16*'I14'!$M22)))),EXP(SUM($C$14/SUM($C$14:$G$14)*(LN('ASK14'!$E22)-($C$16*'ASK14'!$F22)),$D$14/SUM($C$14:$G$14)*(LN(BSSA14!$S22)-($C$16*BSSA14!$T22)),$E$14/SUM($C$14:$G$14)*(LN('CB14'!$Y22)-($C$16*'CB14'!$Z22)),$F$14/SUM($C$14:$G$14)*(LN('CY14'!$U22)-($C$16*'CY14'!$V22)),$G$14/SUM($C$14:$G$14)*(LN('I14'!$L22)-($C$16*'I14'!$M22)))))))","v":3.4586712304627905E-2},15.759412631954522,{"$f":"DSF!$S38*Main!F39","v":7.0398226727609842E-2},{"$f":"DSF!$S38*Main!G39","v":0.14357658417126651},{"$f":"DSF!$S38*Main!H39","v":3.4517538880018649E-2},{"$f":"DSF!$S38*Main!I39","v":15.727893806690613},null,null,null,null,null,null,null,null,null,null,null,null,"Ztor","<= 0 - <= 20",{"$f":"IF(AND($E$14<>0,$C$57=\"Out of Range! Use 760 m/s\"),1,0)","v":0}]
[null,null,null,null,4,{"$f":"IF($B$104=0,IF($AB$52=0,SUM($C$14/SUM($C$14:$G$14)*'ASK14'!$E23,$D$14/SUM($C$14:$G$14)*BSSA14!$S23,$E$14/SUM($C$14:$G$14)*'CB14'!$Y23,$F$14/SUM($C$14:$G$14)*'CY14'!$U23,$G$14/SUM($C$14:$G$14)*'I14'!$L23),SUM($C$14/SUM($C$14:$G$14)*'ASK14'!$E23,$D$14/SUM($C$14:$G$14)*BSSA14!$S23,$E$14/SUM($C$14:$G$14)*'CB14'!$Y23,$F$14/SUM($C$14:$G$14)*'CY14'!$U23,$G$14/SUM($C$14:$G$14)*'I14'!$L23)),IF($B$104=1,IF($AB$52=0,EXP(SUM($C$14/SUM($C$14:$G$14)*LN('ASK14'!$E23),$D$14/SUM($C$14:$G$14)*LN(BSSA14!$S23),$E$14/SUM($C$14:$G$14)*LN('CB14'!$Y23),$F$14/SUM($C$14:$G$14)*LN('CY14'!$U23),$G$14/SUM($C$14:$G$14)*LN('I14'!$L23))),EXP(SUM($C$14/SUM($C$14:$G$14)*LN('ASK14'!$E23),$D$14/SUM($C$14:$G$14)*LN(BSSA14!$S23),$E$14/SUM($C$14:$G$14)*LN('CB14'!$Y23),$F$14/SUM($C$14:$G$14)*LN('CY14'!$U23),$G$14/SUM($C$14:$G$14)*LN('I14'!$L23))))))","v":4.6851841932854119E-2},{"$f":"IF($B$104=0,IF($AB$52=0,SUM($C$14/SUM($C$14:$G$14)*('ASK14'!$E23*EXP(Main!$C$16*'ASK14'!$F23)),$D$14/SUM($C$14:$G$14)*(BSSA14!$S23*EXP(Main!$C$16*BSSA14!$T23)),$E$14/SUM($C$14:$G$14)*('CB14'!$Y23*EXP(Main!$C$16*'CB14'!$Z23)),$F$14/SUM($C$14:$G$14)*('CY14'!$U23*EXP(Main!$C$16*'CY14'!$V23)),$G$14/SUM($C$14:$G$14)*('I14'!$L23*EXP(Main!$C$16*'I14'!$M23))),SUM($C$14/SUM($C$14:$G$14)*('ASK14'!$E23*EXP(Main!$C$16*'ASK14'!$F23)),$D$14/SUM($C$14:$G$14)*(BSSA14!$S23*EXP(Main!$C$16*BSSA14!$T23)),$E$14/SUM($C$14:$G$14)*('CB14'!$Y23*EXP(Main!$C$16*'CB14'!$Z23)),$F$14/SUM($C$14:$G$14)*('CY14'!$U23*EXP(Main!$C$16*'CY14'!$V23)),$G$14/SUM($C$14:$G$14)*('I14'!$L23*EXP(Main!$C$16*'I14'!$M23)))),IF($B$104=1,IF($AB$52=0,EXP(SUM($C$14/SUM($C$14:$G$14)*(LN('ASK14'!$E23)+($C$16*'ASK14'!$F23)),$D$14/SUM($C$14:$G$14)*(LN(BSSA14!$S23)+($C$16*BSSA14!$T23)),$E$14/SUM($C$14:$G$14)*(LN('CB14'!$Y23)+($C$16*'CB14'!$Z23)),$F$14/SUM($C$14:$G$14)*(LN('CY14'!$U23)+($C$16*'CY14'!$V23)),$G$14/SUM($C$14:$G$14)*(LN('I14'!$L23)+($C$16*'I14'!$M23)))),EXP(SUM($C$14/SUM($C$14:$G$14)*(LN('ASK14'!$E23)+($C$16*'ASK14'!$F23)),$D$14/SUM($C$14:$G$14)*(LN(BSSA14!$S23)+($C$16*BSSA14!$T23)),$E$14/SUM($C$14:$G$14)*(LN('CB14'!$Y23)+($C$16*'CB14'!$Z23)),$F$14/SUM($C$14:$G$14)*(LN('CY14'!$U23)+($C$16*'CY14'!$V23)),$G$14/SUM($C$14:$G$14)*(LN('I14'!$L23)+($C$16*'I14'!$M23)))))))","v":9.4569932654853542E-2},{"$f":"IF($B$104=0,IF($AB$52=0,SUM($C$14/SUM($C$14:$G$14)*('ASK14'!$E23*EXP(-Main!$C$16*'ASK14'!$F23)),$D$14/SUM($C$14:$G$14)*(BSSA14!$S23*EXP(-Main!$C$16*BSSA14!$T23)),$E$14/SUM($C$14:$G$14)*('CB14'!$Y23*EXP(-Main!$C$16*'CB14'!$Z23)),$F$14/SUM($C$14:$G$14)*('CY14'!$U23*EXP(-Main!$C$16*'CY14'!$V23)),$G$14/SUM($C$14:$G$14)*('I14'!$L23*EXP(-Main!$C$16*'I14'!$M23))),SUM($C$14/SUM($C$14:$G$14)*('ASK14'!$E23*EXP(-Main!$C$16*'ASK14'!$F23)),$D$14/SUM($C$14:$G$14)*(BSSA14!$S23*EXP(-Main!$C$16*BSSA14!$T23)),$E$14/SUM($C$14:$G$14)*('CB14'!$Y23*EXP(-Main!$C$16*'CB14'!$Z23)),$F$14/SUM($C$14:$G$14)*('CY14'!$U23*EXP(-Main!$C$16*'CY14'!$V23)),$G$14/SUM($C$14:$G$14)*('I14'!$L23*EXP(-Main!$C$16*'I14'!$M23)))),IF($B$104=1,IF($AB$52=0,EXP(SUM($C$14/SUM($C$14:$G$14)*(LN('ASK14'!$E23)-($C$16*'ASK14'!$F23)),$D$14/SUM($C$14:$G$14)*(LN(BSSA14!$S23)-($C$16*BSSA14!$T23)),$E$14/SUM($C$14:$G$14)*(LN('CB14'!$Y23)-($C$16*'CB14'!$Z23)),$F$14/SUM($C$14:$G$14)*(LN('CY14'!$U23)-($C$16*'CY14'!$V23)),$G$14/SUM($C$14:$G$14)*(LN('I14'!$L23)-($C$16*'I14'!$M23)))),EXP(SUM($C$14/SUM($C$14:$G$14)*(LN('ASK14'!$E23)-($C$16*'ASK14'!$F23)),$D$14/SUM($C$14:$G$14)*(LN(BSSA14!$S23)-($C$16*BSSA14!$T23)),$E$14/SUM($C$14:$G$14)*(LN('CB14'!$Y23)-($C$16*'CB14'!$Z23)),$F$14/SUM($C$14:$G$14)*(LN('CY14'!$U23)-($C$16*'CY14'!$V23)),$G$14/SUM($C$14:$G$14)*(LN('I14'!$L23)-($C$16*'I14'!$M23)))))))","v":2.3211342451860066E-2},18.608569595405136,{"$f":"DSF!$S39*Main!F40","v":4.6804990090921261E-2},{"$f":"DSF!$S39*Main!G40","v":9.4475362722198683E-2},{"$f":"DSF!$S39*Main!H40","v":2.3188131109408205E-2},{"$f":"DSF!$S39*Main!I40","v":18.589961025809732},null,null,null,null,null,null,null,null,null,null,null,null,"dip",">= 15 - <= 90",{"$f":"IF(AND($E$14<>0,$C$54=\"Out of Range! Use 760 m/s\"),1,0)","v":0}]
[null,"U (BSSA13)","1: Unspecified fault mech.",null,5,{"$f":"IF($B$104=0,IF($AB$52=0,SUM($C$14/SUM($C$14:$G$14)*'ASK14'!$E24,$D$14/SUM($C$14:$G$14)*BSSA14!$S24,$E$14/SUM($C$14:$G$14)*'CB14'!$Y24,$F$14/SUM($C$14:$G$14)*'CY14'!$U24,$G$14/SUM($C$14:$G$14)*'I14'!$L24),SUM($C$14/SUM($C$14:$G$14)*'ASK14'!$E24,$D$14/SUM($C$14:$G$14)*BSSA14!$S24,$E$14/SUM($C$14:$G$14)*'CB14'!$Y24,$F$14/SUM($C$14:$G$14)*'CY14'!$U24,$G$14/SUM($C$14:$G$14)*'I14'!$L24)),IF($B$104=1,IF($AB$52=0,EXP(SUM($C$14/SUM($C$14:$G$14)*LN('ASK14'!$E24),$D$14/SUM($C$14:$G$14)*LN(BSSA14!$S24),$E$14/SUM($C$14:$G$14)*LN('CB14'!$Y24),$F$14/SUM($C$14:$G$14)*LN('CY14'!$U24),$G$14/SUM($C$14:$G$14)*LN('I14'!$L24))),EXP(SUM($C$14/SUM($C$14:$G$14)*LN('ASK14'!$E24),$D$14/SUM($C$14:$G$14)*LN(BSSA14!$S24),$E$14/SUM($C$14:$G$14)*LN('CB14'!$Y24),$F$14/SUM($C$14:$G$14)*LN('CY14'!$U24),$G$14/SUM($C$14:$G$14)*LN('I14'!$L24))))))","v":3.3440391023044955E-2},{"$f":"IF($B$104=0,IF($AB$52=0,SUM($C$14/SUM($C$14:$G$14)*('ASK14'!$E24*EXP(Main!$C$16*'ASK14'!$F24)),$D$14/SUM($C$14:$G$14)*(BSSA14!$S24*EXP(Main!$C$16*BSSA14!$T24)),$E$14/SUM($C$14:$G$14)*('CB14'!$Y24*EXP(Main!$C$16*'CB14'!$Z24)),$F$14/SUM($C$14:$G$14)*('CY14'!$U24*EXP(Main!$C$16*'CY14'!$V24)),$G$14/SUM($C$14:$G$14)*('I14'!$L24*EXP(Main!$C$16*'I14'!$M24))),SUM($C$14/SUM($C$14:$G$14)*('ASK14'!$E24*EXP(Main!$C$16*'ASK14'!$F24)),$D$14/SUM($C$14:$G$14)*(BSSA14!$S24*EXP(Main!$C$16*BSSA14!$T24)),$E$14/SUM($C$14:$G$14)*('CB14'!$Y24*EXP(Main!$C$16*'CB14'!$Z24)),$F$14/SUM($C$14:$G$14)*('CY14'!$U24*EXP(Main!$C$16*'CY14'!$V24)),$G$14/SUM($C$14:$G$14)*('I14'!$L24*EXP(Main!$C$16*'I14'!$M24)))),IF($B$104=1,IF($AB$52=0,EXP(SUM($C$14/SUM($C$14:$G$14)*(LN('ASK14'!$E24)+($C$16*'ASK14'!$F24)),$D$14/SUM($C$14:$G$14)*(LN(BSSA14!$S24)+($C$16*BSSA14!$T24)),$E$14/SUM($C$14:$G$14)*(LN('CB14'!$Y24)+($C$16*'CB14'!$Z24)),$F$14/SUM($C$14:$G$14)*(LN('CY14'!$U24)+($C$16*'CY14'!$V24)),$G$14/SUM($C$14:$G$14)*(LN('I14'!$L24)+($C$16*'I14'!$M24)))),EXP(SUM($C$14/SUM($C$14:$G$14)*(LN('ASK14'!$E24)+($C$16*'ASK14'!$F24)),$D$14/SUM($C$14:$G$14)*(LN(BSSA14!$S24)+($C$16*BSSA14!$T24)),$E$14/SUM($C$14:$G$14)*(LN('CB14'!$Y24)+($C$16*'CB14'!$Z24)),$F$14/SUM($C$14:$G$14)*(LN('CY14'!$U24)+($C$16*'CY14'!$V24)),$G$14/SUM($C$14:$G$14)*(LN('I14'!$L24)+($C$16*'I14'!$M24)))))))","v":6.7591201491061154E-2},{"$f":"IF($B$104=0,IF($AB$52=0,SUM($C$14/SUM($C$14:$G$14)*('ASK14'!$E24*EXP(-Main!$C$16*'ASK14'!$F24)),$D$14/SUM($C$14:$G$14)*(BSSA14!$S24*EXP(-Main!$C$16*BSSA14!$T24)),$E$14/SUM($C$14:$G$14)*('CB14'!$Y24*EXP(-Main!$C$16*'CB14'!$Z24)),$F$14/SUM($C$14:$G$14)*('CY14'!$U24*EXP(-Main!$C$16*'CY14'!$V24)),$G$14/SUM($C$14:$G$14)*('I14'!$L24*EXP(-Main!$C$16*'I14'!$M24))),SUM($C$14/SUM($C$14:$G$14)*('ASK14'!$E24*EXP(-Main!$C$16*'ASK14'!$F24)),$D$14/SUM($C$14:$G$14)*(BSSA14!$S24*EXP(-Main!$C$16*BSSA14!$T24)),$E$14/SUM($C$14:$G$14)*('CB14'!$Y24*EXP(-Main!$C$16*'CB14'!$Z24)),$F$14/SUM($C$14:$G$14)*('CY14'!$U24*EXP(-Main!$C$16*'CY14'!$V24)),$G$14/SUM($C$14:$G$14)*('I14'!$L24*EXP(-Main!$C$16*'I14'!$M24)))),IF($B$104=1,IF($AB$52=0,EXP(SUM($C$14/SUM($C$14:$G$14)*(LN('ASK14'!$E24)-($C$16*'ASK14'!$F24)),$D$14/SUM($C$14:$G$14)*(LN(BSSA14!$S24)-($C$16*BSSA14!$T24)),$E$14/SUM($C$14:$G$14)*(LN('CB14'!$Y24)-($C$16*'CB14'!$Z24)),$F$14/SUM($C$14:$G$14)*(LN('CY14'!$U24)-($C$16*'CY14'!$V24)),$G$14/SUM($C$14:$G$14)*(LN('I14'!$L24)-($C$16*'I14'!$M24)))),EXP(SUM($C$14/SUM($C$14:$G$14)*(LN('ASK14'!$E24)-($C$16*'ASK14'!$F24)),$D$14/SUM($C$14:$G$14)*(LN(BSSA14!$S24)-($C$16*BSSA14!$T24)),$E$14/SUM($C$14:$G$14)*(LN('CB14'!$Y24)-($C$16*'CB14'!$Z24)),$F$14/SUM($C$14:$G$14)*(LN('CY14'!$U24)-($C$16*'CY14'!$V24)),$G$14/SUM($C$14:$G$14)*(LN('I14'!$L24)-($C$16*'I14'!$M24)))))))","v":1.6544457371748804E-2},20.75284749949482,{"$f":"DSF!$S40*Main!F41","v":3.3306629458952776E-2},{"$f":"DSF!$S40*Main!G41","v":6.7320836685096905E-2},{"$f":"DSF!$S40*Main!H41","v":1.647827954226181E-2},{"$f":"DSF!$S40*Main!I41","v":20.669836109496842},null,null,null,null,null,null,null,null,null,null,null,"CY14","M, SS",">= 3.5 - <=8.5",{"$f":"IF(AND($F$14<>0,$C$24=\"! Not Applicable !\"),1,0)","v":0},{"$f":"SUM(AB41:AB47)","v":0}]
[null,0,null,null,7.5,{"$f":"IF($B$104=0,IF($AB$52=0,SUM($C$14/SUM($C$14:$G$14)*'ASK14'!$E25,$D$14/SUM($C$14:$G$14)*BSSA14!$S25,$E$14/SUM($C$14:$G$14)*'CB14'!$Y25,$F$14/SUM($C$14:$G$14)*'CY14'!$U25,$G$14/SUM($C$14:$G$14)*'I14'!$L25),SUM($C$14/SUM($C$14:$G$14)*'ASK14'!$E25,$D$14/SUM($C$14:$G$14)*BSSA14!$S25,$E$14/SUM($C$14:$G$14)*'CB14'!$Y25,$F$14/SUM($C$14:$G$14)*'CY14'!$U25,$G$14/SUM($C$14:$G$14)*'I14'!$L25)),IF($B$104=1,IF($AB$52=0,EXP(SUM($C$14/SUM($C$14:$G$14)*LN('ASK14'!$E25),$D$14/SUM($C$14:$G$14)*LN(BSSA14!$S25),$E$14/SUM($C$14:$G$14)*LN('CB14'!$Y25),$F$14/SUM($C$14:$G$14)*LN('CY14'!$U25),$G$14/SUM($C$14:$G$14)*LN('I14'!$L25))),EXP(SUM($C$14/SUM($C$14:$G$14)*LN('ASK14'!$E25),$D$14/SUM($C$14:$G$14)*LN(BSSA14!$S25),$E$14/SUM($C$14:$G$14)*LN('CB14'!$Y25),$F$14/SUM($C$14:$G$14)*LN('CY14'!$U25),$G$14/SUM($C$14:$G$14)*LN('I14'!$L25))))))","v":1.6036521119986522E-2},{"$f":"IF($B$104=0,IF($AB$52=0,SUM($C$14/SUM($C$14:$G$14)*('ASK14'!$E25*EXP(Main!$C$16*'ASK14'!$F25)),$D$14/SUM($C$14:$G$14)*(BSSA14!$S25*EXP(Main!$C$16*BSSA14!$T25)),$E$14/SUM($C$14:$G$14)*('CB14'!$Y25*EXP(Main!$C$16*'CB14'!$Z25)),$F$14/SUM($C$14:$G$14)*('CY14'!$U25*EXP(Main!$C$16*'CY14'!$V25)),$G$14/SUM($C$14:$G$14)*('I14'!$L25*EXP(Main!$C$16*'I14'!$M25))),SUM($C$14/SUM($C$14:$G$14)*('ASK14'!$E25*EXP(Main!$C$16*'ASK14'!$F25)),$D$14/SUM($C$14:$G$14)*(BSSA14!$S25*EXP(Main!$C$16*BSSA14!$T25)),$E$14/SUM($C$14:$G$14)*('CB14'!$Y25*EXP(Main!$C$16*'CB14'!$Z25)),$F$14/SUM($C$14:$G$14)*('CY14'!$U25*EXP(Main!$C$16*'CY14'!$V25)),$G$14/SUM($C$14:$G$14)*('I14'!$L25*EXP(Main!$C$16*'I14'!$M25)))),IF($B$104=1,IF($AB$52=0,EXP(SUM($C$14/SUM($C$14:$G$14)*(LN('ASK14'!$E25)+($C$16*'ASK14'!$F25)),$D$14/SUM($C$14:$G$14)*(LN(BSSA14!$S25)+($C$16*BSSA14!$T25)),$E$14/SUM($C$14:$G$14)*(LN('CB14'!$Y25)+($C$16*'CB14'!$Z25)),$F$14/SUM($C$14:$G$14)*(LN('CY14'!$U25)+($C$16*'CY14'!$V25)),$G$14/SUM($C$14:$G$14)*(LN('I14'!$L25)+($C$16*'I14'!$M25)))),EXP(SUM($C$14/SUM($C$14:$G$14)*(LN('ASK14'!$E25)+($C$16*'ASK14'!$F25)),$D$14/SUM($C$14:$G$14)*(LN(BSSA14!$S25)+($C$16*BSSA14!$T25)),$E$14/SUM($C$14:$G$14)*(LN('CB14'!$Y25)+($C$16*'CB14'!$Z25)),$F$14/SUM($C$14:$G$14)*(LN('CY14'!$U25)+($C$16*'CY14'!$V25)),$G$14/SUM($C$14:$G$14)*(LN('I14'!$L25)+($C$16*'I14'!$M25)))))))","v":3.2277749215442977E-2},{"$f":"IF($B$104=0,IF($AB$52=0,SUM($C$14/SUM($C$14:$G$14)*('ASK14'!$E25*EXP(-Main!$C$16*'ASK14'!$F25)),$D$14/SUM($C$14:$G$14)*(BSSA14!$S25*EXP(-Main!$C$16*BSSA14!$T25)),$E$14/SUM($C$14:$G$14)*('CB14'!$Y25*EXP(-Main!$C$16*'CB14'!$Z25)),$F$14/SUM($C$14:$G$14)*('CY14'!$U25*EXP(-Main!$C$16*'CY14'!$V25)),$G$14/SUM($C$14:$G$14)*('I14'!$L25*EXP(-Main!$C$16*'I14'!$M25))),SUM($C$14/SUM($C$14:$G$14)*('ASK14'!$E25*EXP(-Main!$C$16*'ASK14'!$F25)),$D$14/SUM($C$14:$G$14)*(BSSA14!$S25*EXP(-Main!$C$16*BSSA14!$T25)),$E$14/SUM($C$14:$G$14)*('CB14'!$Y25*EXP(-Main!$C$16*'CB14'!$Z25)),$F$14/SUM($C$14:$G$14)*('CY14'!$U25*EXP(-Main!$C$16*'CY14'!$V25)),$G$14/SUM($C$14:$G$14)*('I14'!$L25*EXP(-Main!$C$16*'I14'!$M25)))),IF($B$104=1,IF($AB$52=0,EXP(SUM($C$14/SUM($C$14:$G$14)*(LN('ASK14'!$E25)-($C$16*'ASK14'!$F25)),$D$14/SUM($C$14:$G$14)*(LN(BSSA14!$S25)-($C$16*BSSA14!$T25)),$E$14/SUM($C$14:$G$14)*(LN('CB14'!$Y25)-($C$16*'CB14'!$Z25)),$F$14/SUM($C$14:$G$14)*(LN('CY14'!$U25)-($C$16*'CY14'!$V25)),$G$14/SUM($C$14:$G$14)*(LN('I14'!$L25)-($C$16*'I14'!$M25)))),EXP(SUM($C$14/SUM($C$14:$G$14)*(LN('ASK14'!$E25)-($C$16*'ASK14'!$F25)),$D$14/SUM($C$14:$G$14)*(LN(BSSA14!$S25)-($C$16*BSSA14!$T25)),$E$14/SUM($C$14:$G$14)*(LN('CB14'!$Y25)-($C$16*'CB14'!$Z25)),$F$14/SUM($C$14:$G$14)*(LN('CY14'!$U25)-($C$16*'CY14'!$V25)),$G$14/SUM($C$14:$G$14)*(LN('I14'!$L25)-($C$16*'I14'!$M25)))))))","v":7.9674083813977108E-3},22.392316622175965,{"$f":"DSF!$S41*Main!F42","v":1.6036521119986522E-2},{"$f":"DSF!$S41*Main!G42","v":3.2277749215442977E-2},{"$f":"DSF!$S41*Main!H42","v":7.9674083813977108E-3},{"$f":"DSF!$S41*Main!I42","v":22.392316622175965},null,null,null,null,null,null,null,null,null,null,null,null,"M, RS",">= 3.5 - <=8.0",{"$f":"IF(AND($F$14<>0,$C$24=\"! Not Applicable !\"),1,0)","v":0}]
[null,null,null,null,10,{"$f":"IF($B$104=0,IF($AB$52=0,SUM($C$14/SUM($C$14:$G$14)*'ASK14'!$E26,$D$14/SUM($C$14:$G$14)*BSSA14!$S26,$E$14/SUM($C$14:$G$14)*'CB14'!$Y26,$F$14/SUM($C$14:$G$14)*'CY14'!$U26,$G$14/SUM($C$14:$G$14)*'I14'!$L26),SUM($C$14/SUM($C$14:$G$14)*'ASK14'!$E26,$D$14/SUM($C$14:$G$14)*BSSA14!$S26,$E$14/SUM($C$14:$G$14)*'CB14'!$Y26,$F$14/SUM($C$14:$G$14)*'CY14'!$U26,$G$14/SUM($C$14:$G$14)*'I14'!$L26)),IF($B$104=1,IF($AB$52=0,EXP(SUM($C$14/SUM($C$14:$G$14)*LN('ASK14'!$E26),$D$14/SUM($C$14:$G$14)*LN(BSSA14!$S26),$E$14/SUM($C$14:$G$14)*LN('CB14'!$Y26),$F$14/SUM($C$14:$G$14)*LN('CY14'!$U26),$G$14/SUM($C$14:$G$14)*LN('I14'!$L26))),EXP(SUM($C$14/SUM($C$14:$G$14)*LN('ASK14'!$E26),$D$14/SUM($C$14:$G$14)*LN(BSSA14!$S26),$E$14/SUM($C$14:$G$14)*LN('CB14'!$Y26),$F$14/SUM($C$14:$G$14)*LN('CY14'!$U26),$G$14/SUM($C$14:$G$14)*LN('I14'!$L26))))))","v":9.8521588276804292E-3},{"$f":"IF($B$104=0,IF($AB$52=0,SUM($C$14/SUM($C$14:$G$14)*('ASK14'!$E26*EXP(Main!$C$16*'ASK14'!$F26)),$D$14/SUM($C$14:$G$14)*(BSSA14!$S26*EXP(Main!$C$16*BSSA14!$T26)),$E$14/SUM($C$14:$G$14)*('CB14'!$Y26*EXP(Main!$C$16*'CB14'!$Z26)),$F$14/SUM($C$14:$G$14)*('CY14'!$U26*EXP(Main!$C$16*'CY14'!$V26)),$G$14/SUM($C$14:$G$14)*('I14'!$L26*EXP(Main!$C$16*'I14'!$M26))),SUM($C$14/SUM($C$14:$G$14)*('ASK14'!$E26*EXP(Main!$C$16*'ASK14'!$F26)),$D$14/SUM($C$14:$G$14)*(BSSA14!$S26*EXP(Main!$C$16*BSSA14!$T26)),$E$14/SUM($C$14:$G$14)*('CB14'!$Y26*EXP(Main!$C$16*'CB14'!$Z26)),$F$14/SUM($C$14:$G$14)*('CY14'!$U26*EXP(Main!$C$16*'CY14'!$V26)),$G$14/SUM($C$14:$G$14)*('I14'!$L26*EXP(Main!$C$16*'I14'!$M26)))),IF($B$104=1,IF($AB$52=0,EXP(SUM($C$14/SUM($C$14:$G$14)*(LN('ASK14'!$E26)+($C$16*'ASK14'!$F26)),$D$14/SUM($C$14:$G$14)*(LN(BSSA14!$S26)+($C$16*BSSA14!$T26)),$E$14/SUM($C$14:$G$14)*(LN('CB14'!$Y26)+($C$16*'CB14'!$Z26)),$F$14/SUM($C$14:$G$14)*(LN('CY14'!$U26)+($C$16*'CY14'!$V26)),$G$14/SUM($C$14:$G$14)*(LN('I14'!$L26)+($C$16*'I14'!$M26)))),EXP(SUM($C$14/SUM($C$14:$G$14)*(LN('ASK14'!$E26)+($C$16*'ASK14'!$F26)),$D$14/SUM($C$14:$G$14)*(LN(BSSA14!$S26)+($C$16*BSSA14!$T26)),$E$14/SUM($C$14:$G$14)*(LN('CB14'!$Y26)+($C$16*'CB14'!$Z26)),$F$14/SUM($C$14:$G$14)*(LN('CY14'!$U26)+($C$16*'CY14'!$V26)),$G$14/SUM($C$14:$G$14)*(LN('I14'!$L26)+($C$16*'I14'!$M26)))))))","v":1.9602676954117468E-2},{"$f":"IF($B$104=0,IF($AB$52=0,SUM($C$14/SUM($C$14:$G$14)*('ASK14'!$E26*EXP(-Main!$C$16*'ASK14'!$F26)),$D$14/SUM($C$14:$G$14)*(BSSA14!$S26*EXP(-Main!$C$16*BSSA14!$T26)),$E$14/SUM($C$14:$G$14)*('CB14'!$Y26*EXP(-Main!$C$16*'CB14'!$Z26)),$F$14/SUM($C$14:$G$14)*('CY14'!$U26*EXP(-Main!$C$16*'CY14'!$V26)),$G$14/SUM($C$14:$G$14)*('I14'!$L26*EXP(-Main!$C$16*'I14'!$M26))),SUM($C$14/SUM($C$14:$G$14)*('ASK14'!$E26*EXP(-Main!$C$16*'ASK14'!$F26)),$D$14/SUM($C$14:$G$14)*(BSSA14!$S26*EXP(-Main!$C$16*BSSA14!$T26)),$E$14/SUM($C$14:$G$14)*('CB14'!$Y26*EXP(-Main!$C$16*'CB14'!$Z26)),$F$14/SUM($C$14:$G$14)*('CY14'!$U26*EXP(-Main!$C$16*'CY14'!$V26)),$G$14/SUM($C$14:$G$14)*('I14'!$L26*EXP(-Main!$C$16*'I14'!$M26)))),IF($B$104=1,IF($AB$52=0,EXP(SUM($C$14/SUM($C$14:$G$14)*(LN('ASK14'!$E26)-($C$16*'ASK14'!$F26)),$D$14/SUM($C$14:$G$14)*(LN(BSSA14!$S26)-($C$16*BSSA14!$T26)),$E$14/SUM($C$14:$G$14)*(LN('CB14'!$Y26)-($C$16*'CB14'!$Z26)),$F$14/SUM($C$14:$G$14)*(LN('CY14'!$U26)-($C$16*'CY14'!$V26)),$G$14/SUM($C$14:$G$14)*(LN('I14'!$L26)-($C$16*'I14'!$M26)))),EXP(SUM($C$14/SUM($C$14:$G$14)*(LN('ASK14'!$E26)-($C$16*'ASK14'!$F26)),$D$14/SUM($C$14:$G$14)*(LN(BSSA14!$S26)-($C$16*BSSA14!$T26)),$E$14/SUM($C$14:$G$14)*(LN('CB14'!$Y26)-($C$16*'CB14'!$Z26)),$F$14/SUM($C$14:$G$14)*(LN('CY14'!$U26)-($C$16*'CY14'!$V26)),$G$14/SUM($C$14:$G$14)*(LN('I14'!$L26)-($C$16*'I14'!$M26)))))))","v":4.9516213419745804E-3},24.456693649395756,{"$f":"DSF!$S42*Main!F43","v":9.8226023511973886E-3},{"$f":"DSF!$S42*Main!G43","v":1.9543868923255117E-2},{"$f":"DSF!$S42*Main!H43","v":4.9367664779486568E-3},{"$f":"DSF!$S42*Main!I43","v":24.383323568447569},null,null,null,null,null,null,null,null,null,null,null,null,"M, NS",">= 3.5 - <= 8.0",{"$f":"IF(AND($F$14<>0,$C$24=\"! Not Applicable !\"),1,0)","v":0}]
[null,"FRV","1: reverse fault",null,null,null,null,null,null,null,null,null,null,null,null,null,null,null,null,null,null,null,null,null,null,"Rrup",">= 0 - <= 300",{"$f":"IF(AND($F$14<>0,$C$27=\"! Not Applicable !\"),1,0)","v":0}]
[null,0,{"$f":"IF(AND($B$45=1,$B$48=1),\"Choose 1 for either of Frv or Fnm\",\"\")","v":""},"PGA (g)",0,{"$f":"IF($B$104=0,IF($AB$52=0,SUM($C$14/SUM($C$14:$G$14)*'ASK14'!$E28,$D$14/SUM($C$14:$G$14)*BSSA14!$S28,$E$14/SUM($C$14:$G$14)*'CB14'!$Y28,$F$14/SUM($C$14:$G$14)*'CY14'!$U28,$G$14/SUM($C$14:$G$14)*'I14'!$L28),SUM($C$14/SUM($C$14:$G$14)*'ASK14'!$E28,$D$14/SUM($C$14:$G$14)*BSSA14!$S28,$E$14/SUM($C$14:$G$14)*'CB14'!$Y28,$F$14/SUM($C$14:$G$14)*'CY14'!$U28,$G$14/SUM($C$14:$G$14)*'I14'!$L28)),IF($B$104=1,IF($AB$52=0,EXP(SUM($C$14/SUM($C$14:$G$14)*LN('ASK14'!$E28),$D$14/SUM($C$14:$G$14)*LN(BSSA14!$S28),$E$14/SUM($C$14:$G$14)*LN('CB14'!$Y28),$F$14/SUM($C$14:$G$14)*LN('CY14'!$U28),$G$14/SUM($C$14:$G$14)*LN('I14'!$L28))),EXP(SUM($C$14/SUM($C$14:$G$14)*LN('ASK14'!$E28),$D$14/SUM($C$14:$G$14)*LN(BSSA14!$S28),$E$14/SUM($C$14:$G$14)*LN('CB14'!$Y28),$F$14/SUM($C$14:$G$14)*LN('CY14'!$U28),$G$14/SUM($C$14:$G$14)*LN('I14'!$L28))))))","v":0.43645161291841689},{"$f":"IF($B$104=0,IF($AB$52=0,SUM($C$14/SUM($C$14:$G$14)*('ASK14'!$E28*EXP(Main!$C$16*'ASK14'!$F28)),$D$14/SUM($C$14:$G$14)*(BSSA14!$S28*EXP(Main!$C$16*BSSA14!$T28)),$E$14/SUM($C$14:$G$14)*('CB14'!$Y28*EXP(Main!$C$16*'CB14'!$Z28)),$F$14/SUM($C$14:$G$14)*('CY14'!$U28*EXP(Main!$C$16*'CY14'!$V28)),$G$14/SUM($C$14:$G$14)*('I14'!$L28*EXP(Main!$C$16*'I14'!$M28))),SUM($C$14/SUM($C$14:$G$14)*('ASK14'!$E28*EXP(Main!$C$16*'ASK14'!$F28)),$D$14/SUM($C$14:$G$14)*(BSSA14!$S28*EXP(Main!$C$16*BSSA14!$T28)),$E$14/SUM($C$14:$G$14)*('CB14'!$Y28*EXP(Main!$C$16*'CB14'!$Z28)),$F$14/SUM($C$14:$G$14)*('CY14'!$U28*EXP(Main!$C$16*'CY14'!$V28)),$G$14/SUM($C$14:$G$14)*('I14'!$L28*EXP(Main!$C$16*'I14'!$M28)))),IF($B$104=1,IF($AB$52=0,EXP(SUM($C$14/SUM($C$14:$G$14)*(LN('ASK14'!$E28)+($C$16*'ASK14'!$F28)),$D$14/SUM($C$14:$G$14)*(LN(BSSA14!$S28)+($C$16*BSSA14!$T28)),$E$14/SUM($C$14:$G$14)*(LN('CB14'!$Y28)+($C$16*'CB14'!$Z28)),$F$14/SUM($C$14:$G$14)*(LN('CY14'!$U28)+($C$16*'CY14'!$V28)),$G$14/SUM($C$14:$G$14)*(LN('I14'!$L28)+($C$16*'I14'!$M28)))),EXP(SUM($C$14/SUM($C$14:$G$14)*(LN('ASK14'!$E28)+($C$16*'ASK14'!$F28)),$D$14/SUM($C$14:$G$14)*(LN(BSSA14!$S28)+($C$16*BSSA14!$T28)),$E$14/SUM($C$14:$G$14)*(LN('CB14'!$Y28)+($C$16*'CB14'!$Z28)),$F$14/SUM($C$14:$G$14)*(LN('CY14'!$U28)+($C$16*'CY14'!$V28)),$G$14/SUM($C$14:$G$14)*(LN('I14'!$L28)+($C$16*'I14'!$M28)))))))","v":0.79222174380492094},{"$f":"IF($B$104=0,IF($AB$52=0,SUM($C$14/SUM($C$14:$G$14)*('ASK14'!$E28*EXP(-Main!$C$16*'ASK14'!$F28)),$D$14/SUM($C$14:$G$14)*(BSSA14!$S28*EXP(-Main!$C$16*BSSA14!$T28)),$E$14/SUM($C$14:$G$14)*('CB14'!$Y28*EXP(-Main!$C$16*'CB14'!$Z28)),$F$14/SUM($C$14:$G$14)*('CY14'!$U28*EXP(-Main!$C$16*'CY14'!$V28)),$G$14/SUM($C$14:$G$14)*('I14'!$L28*EXP(-Main!$C$16*'I14'!$M28))),SUM($C$14/SUM($C$14:$G$14)*('ASK14'!$E28*EXP(-Main!$C$16*'ASK14'!$F28)),$D$14/SUM($C$14:$G$14)*(BSSA14!$S28*EXP(-Main!$C$16*BSSA14!$T28)),$E$14/SUM($C$14:$G$14)*('CB14'!$Y28*EXP(-Main!$C$16*'CB14'!$Z28)),$F$14/SUM($C$14:$G$14)*('CY14'!$U28*EXP(-Main!$C$16*'CY14'!$V28)),$G$14/SUM($C$14:$G$14)*('I14'!$L28*EXP(-Main!$C$16*'I14'!$M28)))),IF($B$104=1,IF($AB$52=0,EXP(SUM($C$14/SUM($C$14:$G$14)*(LN('ASK14'!$E28)-($C$16*'ASK14'!$F28)),$D$14/SUM($C$14:$G$14)*(LN(BSSA14!$S28)-($C$16*BSSA14!$T28)),$E$14/SUM($C$14:$G$14)*(LN('CB14'!$Y28)-($C$16*'CB14'!$Z28)),$F$14/SUM($C$14:$G$14)*(LN('CY14'!$U28)-($C$16*'CY14'!$V28)),$G$14/SUM($C$14:$G$14)*(LN('I14'!$L28)-($C$16*'I14'!$M28)))),EXP(SUM($C$14/SUM($C$14:$G$14)*(LN('ASK14'!$E28)-($C$16*'ASK14'!$F28)),$D$14/SUM($C$14:$G$14)*(LN(BSSA14!$S28)-($C$16*BSSA14!$T28)),$E$14/SUM($C$14:$G$14)*(LN('CB14'!$Y28)-($C$16*'CB14'!$Z28)),$F$14/SUM($C$14:$G$14)*(LN('CY14'!$U28)-($C$16*'CY14'!$V28)),$G$14/SUM($C$14:$G$14)*(LN('I14'!$L28)-($C$16*'I14'!$M28)))))))","v":0.24045036873665315},{"$f":"($F45*980)/(2*PI()/$E$23)^2","v":1.0834339535757851E-3},{"$f":"J23","v":0.44115983734230763},{"$f":"K23","v":0.80140888959260403},{"$f":"L23","v":0.24284981688040339},1.0951215039271033E-3,null,null,null,null,null,null,null,null,null,null,null,null,"Vs30",">= 180 - <= 1500",{"$f":"IF(AND($F$14<>0,$C$39=\"Out of Range! Use 760 m/s\"),1,0)","v":0}]
[null,null,null,"PGV (cm/s)",-1,{"$f":"IF($B$104=0,IF($AB$52=0,SUM($C$14/SUM($C$14:$G$14)*'ASK14'!$E29,$D$14/SUM($C$14:$G$14)*BSSA14!$S29,$E$14/SUM($C$14:$G$14)*'CB14'!$Y29,$F$14/SUM($C$14:$G$14)*'CY14'!$U29),SUM($C$14/SUM($C$14:$G$14)*'ASK14'!$E29,$D$14/SUM($C$14:$G$14)*BSSA14!$S29,$E$14/SUM($C$14:$G$14)*'CB14'!$Y29,$F$14/SUM($C$14:$G$14)*'CY14'!$U29)),IF($B$104=1,IF($AB$52=0,EXP(SUM($C$14/SUM($C$14:$G$14)*LN('ASK14'!$E29),$D$14/SUM($C$14:$G$14)*LN(BSSA14!$S29),$E$14/SUM($C$14:$G$14)*LN('CB14'!$Y29),$F$14/SUM($C$14:$G$14)*LN('CY14'!$U29))),EXP(SUM($C$14/SUM($C$14:$G$14)*LN('ASK14'!$E29),$D$14/SUM($C$14:$G$14)*LN(BSSA14!$S29),$E$14/SUM($C$14:$G$14)*LN('CB14'!$Y29),$F$14/SUM($C$14:$G$14)*LN('CY14'!$U29))))))","v":38.272981013965619},{"$f":"IF($B$104=0,IF($AB$52=0,SUM($C$14/SUM($C$14:$G$14)*('ASK14'!$E29*EXP(Main!$C$16*'ASK14'!$F29)),$D$14/SUM($C$14:$G$14)*(BSSA14!$S29*EXP(Main!$C$16*BSSA14!$T29)),$E$14/SUM($C$14:$G$14)*('CB14'!$Y29*EXP(Main!$C$16*'CB14'!$Z29)),$F$14/SUM($C$14:$G$14)*('CY14'!$U29*EXP(Main!$C$16*'CY14'!$V29))),SUM($C$14/SUM($C$14:$G$14)*('ASK14'!$E29*EXP(Main!$C$16*'ASK14'!$F29)),$D$14/SUM($C$14:$G$14)*(BSSA14!$S29*EXP(Main!$C$16*BSSA14!$T29)),$E$14/SUM($C$14:$G$14)*('CB14'!$Y29*EXP(Main!$C$16*'CB14'!$Z29)),$F$14/SUM($C$14:$G$14)*('CY14'!$U29*EXP(Main!$C$16*'CY14'!$V29)))),IF($B$104=1,IF($AB$52=0,EXP(SUM($C$14/SUM($C$14:$G$14)*(LN('ASK14'!$E29)+($C$16*'ASK14'!$F29)),$D$14/SUM($C$14:$G$14)*(LN(BSSA14!$S29)+($C$16*BSSA14!$T29)),$E$14/SUM($C$14:$G$14)*(LN('CB14'!$Y29)+($C$16*'CB14'!$Z29)),$F$14/SUM($C$14:$G$14)*(LN('CY14'!$U29)+($C$16*'CY14'!$V29)))),EXP(SUM($C$14/SUM($C$14:$G$14)*(LN('ASK14'!$E29)+($C$16*'ASK14'!$F29)),$D$14/SUM($C$14:$G$14)*(LN(BSSA14!$S29)+($C$16*BSSA14!$T29)),$E$14/SUM($C$14:$G$14)*(LN('CB14'!$Y29)+($C$16*'CB14'!$Z29)),$F$14/SUM($C$14:$G$14)*(LN('CY14'!$U29)+($C$16*'CY14'!$V29)))))))","v":69.880707348216291},{"$f":"IF($B$104=0,IF($AB$52=0,SUM($C$14/SUM($C$14:$G$14)*('ASK14'!$E29*EXP(-Main!$C$16*'ASK14'!$F29)),$D$14/SUM($C$14:$G$14)*(BSSA14!$S29*EXP(-Main!$C$16*BSSA14!$T29)),$E$14/SUM($C$14:$G$14)*('CB14'!$Y29*EXP(-Main!$C$16*'CB14'!$Z29)),$F$14/SUM($C$14:$G$14)*('CY14'!$U29*EXP(-Main!$C$16*'CY14'!$V29))),SUM($C$14/SUM($C$14:$G$14)*('ASK14'!$E29*EXP(-Main!$C$16*'ASK14'!$F29)),$D$14/SUM($C$14:$G$14)*(BSSA14!$S29*EXP(-Main!$C$16*BSSA14!$T29)),$E$14/SUM($C$14:$G$14)*('CB14'!$Y29*EXP(-Main!$C$16*'CB14'!$Z29)),$F$14/SUM($C$14:$G$14)*('CY14'!$U29*EXP(-Main!$C$16*'CY14'!$V29)))),IF($B$104=1,IF($AB$52=0,EXP(SUM($C$14/SUM($C$14:$G$14)*(LN('ASK14'!$E29)-($C$16*'ASK14'!$F29)),$D$14/SUM($C$14:$G$14)*(LN(BSSA14!$S29)-($C$16*BSSA14!$T29)),$E$14/SUM($C$14:$G$14)*(LN('CB14'!$Y29)-($C$16*'CB14'!$Z29)),$F$14/SUM($C$14:$G$14)*(LN('CY14'!$U29)-($C$16*'CY14'!$V29)))),EXP(SUM($C$14/SUM($C$14:$G$14)*(LN('ASK14'!$E29)-($C$16*'ASK14'!$F29)),$D$14/SUM($C$14:$G$14)*(LN(BSSA14!$S29)-($C$16*BSSA14!$T29)),$E$14/SUM($C$14:$G$14)*(LN('CB14'!$Y29)-($C$16*'CB14'!$Z29)),$F$14/SUM($C$14:$G$14)*(LN('CY14'!$U29)-($C$16*'CY14'!$V29)))))))","v":20.961737957175437},{"$f":"($F46*980)/(2*PI()/$E$23)^2","v":9.5007661577465083E-2},"NA","NA","NA","NA",null,null,null,null,null,null,null,null,null,null,null,null,"Z1.0","<= 20",{"$f":"IF(AND($F$14<>0,$C$63=\"Out of Range! Use 760 m/s\"),1,0)","v":0}]
[null,"FNM","1: normal fault",null,null,null,null,null,null,null,null,null,null,null,null,null,null,null,null,null,null,null,null,null,null,"Ztor",">= 0 - <= 10",{"$f":"IF(AND($F$14<>0,$C$57=\"Out of Range! Use 760 m/s\"),1,0)","v":0}]
[null,0,null,null,null,null,null,null,null,null,null,null,null,null,null,null,null,null,null,null,null,null,null,null,"I14","M (all FM)",">= 5",{"$f":"IF(AND($G$14<>0,$C$24=\"! Not Applicable !\"),1,0)","v":0},{"$f":"SUM(AB48:AB50)","v":0}]
[null,null,null,null,null,null,null,null,null,null,null,null,null,null,null,null,null,null,null,null,null,null,null,null,null,"R","<= 150",{"$f":"IF(AND($G$14<>0,$C$27=\"! Not Applicable !\"),1,0)","v":0}]
[null,"FHW","1: hanging wall side",null,null,null,null,null,null,null,null,null,null,null,null,null,null,null,null,null,null,null,null,null,null,"Vs30",">= 450 ",{"$f":"IF(AND($G$14<>0,$C$39=\"Out of Range! Use 760 m/s\"),1,0)","v":0}]
[null,0,null,null,null,null,null,null,null,null,null,null,null,null,null,null,null,null,null,null,null,null,null,null,null,null,">= 1200 -> 1200"]
[null,null,null,null,null,null,null,null,null,null,null,null,null,null,null,null,null,null,null,null,null,null,null,null,null,null,"SUM",{"$f":"SUM(AB23:AB50)","v":0}]
[null,"  Dip (deg)"]
[null,90]
[]
[null,"ZTOR (km)","If unknown use 999"]
[null,0,null,null,null,null,null,null,null,null,null,null,null,null,null,null,null,null,null,null,null,null,null,null,"inferred",0]
[null,null,null,null,null,null,null,null,null,null,null,null,null,null,null,null,null,null,null,null,null,null,null,null,"measured",1]
[null,"ZHYP (km)","If unknown use 999"]
[null,8,{"$f":"IF($C$14<>0,'ASK14'!$B$21,IF($D$14<>0,BSSA14!$B$15,IF($E$14<>0,'CB14'!$B$18,IF($F$14<>0,'CY14'!$B$18,IF($G$14<>0,'I14'!$B$12,\"\")))))","v":""},null,null,null,null,null,null,null,null,null,null,null,null,null,null,null,null,null,null,null,null,null,"Vs30flag"]
[null,null,null,null,null,null,null,null,null,null,null,null,null,null,null,null,null,null,null,null,null,null,null,null,{"$f":"VLOOKUP(B72,Y57:Z58,2)","v":0},{"$f":"B72","v":"inferred"}]
[null,"Z1.0 (km)","If unknown use 999"]
[null,4.8000000000000001E-2,{"$f":"IF($C$14<>0,'ASK14'!$B$6,IF($D$14<>0,BSSA14!$B$6,IF($E$14<>0,'CB14'!$B$6,IF($F$14<>0,'CY14'!$B$6,IF($G$14<>0,'I14'!$B$6,\"\")))))","v":""},null,null,null,null,null,null,null,null,null,null,null,null,null,null,null,null,null,null,null,null,null,"no",0]
[]
[null,"Z2.5 (km)","If unknown use 999"]
[null,0.60699999999999998,{"$f":"IF($C$14<>0,'ASK14'!$B$6,IF($D$14<>0,BSSA14!$B$6,IF($E$14<>0,'CB14'!$B$6,IF($F$14<>0,'CY14'!$B$6,IF($G$14<>0,'I14'!$B$6,\"\")))))","v":""},null,null,null,null,null,null,null,null,null,null,null,null,null,null,null,null,null,null,null,null,null,"FAS"]
[null,null,null,null,null,null,null,null,null,null,null,null,null,null,null,null,null,null,null,null,null,null,null,null,{"$f":"VLOOKUP(B75,Y63:Z64,2)","v":0},{"$f":"B75","v":"no"}]
[null,"W (km)","If unknown use 999"]
[null,10,null,null,null,null,null,null,null,null,null,null,null,null,null,null,null,null,null,null,null,null,null,null,"Global",0]
[null,null,null,null,null,null,null,null,null,null,null,null,null,null,null,null,null,null,null,null,null,null,null,null,"California",0]
[null,"Vs30Flag",null,null,null,null,null,null,null,null,null,null,null,null,null,null,null,null,null,null,null,null,null,null,"China",3]
[null,"inferred","Choose options for Vs30 from the list",null,null,null,null,null,null,null,null,null,null,null,null,null,null,null,null,null,null,null,null,null,"Japan",1]
[null,null,null,null,null,null,null,null,null,null,null,null,null,null,null,null,null,null,null,null,null,null,null,null,"Italy",4]
[null,"FAS",null,null,null,null,"Definition of Parameters",null,null,null,null,null,null,null,null,null,null,null,null,null,null,null,null,null,"New Zealand",0]
[null,"no","Aftershock effect is not applicable.",null,null,null,"Damping ratio","=  Viscous damping ratio (%) See Sanaz et al. (2012) PEER Report",null,null,null,null,null,null,null,null,null,null,null,null,null,null,null,null,"Turkey",5]
[null,null,null,null,null,null,"   PSA","=  Pseudo-absolute acceleration response spectrum (g)",null,null,null,null,null,null,null,null,null,null,null,null,null,null,null,null,"Taiwan",0]
[null,"Region",null,null,null,null,"   PGA","=  Peak ground acceleration (g)",null,null,null,null,null,null,null,null,null,null,null,null,null,null,null,null,"TWA",2]
[null,"California",{"$f":"IF(B78=\"TWA\",\"Taiwan specific for ASK14\",\"Choose region from the list\")","v":"Choose region from the list"},null,null,null,"   PGV","=  Peak ground velocity (cm/s)"]
[null,null,null,null,null,null,"   Sd","=  Relative displacement response spectrum (cm)",null,null,null,null,null,null,null,null,null,null,null,null,null,null,null,null,"Region"]
[null,"Calculated Variables/Flags",null,null,null,null,"   Mw","=  Moment magnitude",null,null,null,null,null,null,null,null,null,null,null,null,null,null,null,null,{"$f":"VLOOKUP($B$78,$Y$69:$Z$77,2)","v":0},{"$f":"$B$78","v":"California"}]
[null,null,null,null,null,null,"   RRUP","=  Closest distance to coseismic rupture (km), used in ASK13, CB13 and CY13. See Figures a, b and c for illustation"]
[null,"DDPP","Always 0 for median calcs. ",null,null,null,"   RJB","=  Closest distance to surface projection of coseismic rupture (km). See Figures a, b and c for illustation",null,null,null,null,null,null,null,null,null,null,null,null,null,null,null,null,"Arithmetic",0]
[null,0,null,null,null,null,"   RX","=  Horizontal distance from top of rupture measured perpendicular to fault strike (km). See Figures a, b and c for illustation",null,null,null,null,null,null,null,null,null,null,null,null,null,null,null,null,"Geometric",1]
[null,null,null,null,null,null,"Ry0","=  The horizontal distance off the end of the rupture measured parallel to \nstrike (km)"]
[null,"PGAr (g)",null,null,null,null,"   VS30","= The average shear-wave velocity (m/s) over a subsurface depth of 30 m",null,null,null,null,null,null,null,null,null,null,null,null,null,null,null,null,"Sa value"]
[null,{"$f":"IF(D$14<>0,BSSA14!$A$38,IF($E$14<>0,'CB14'!$A$56,\"See Comment ->\"))","v":0.4409512128595614},{"$f":"IF(B86=\"See Comment ->\",\"Applied in the macro\",\"\")","v":""},null,null,null,"   U","=  Unspecified-mechanism factor:  1 for unspecified; 0 otherwise",null,null,null,null,null,null,null,null,null,null,null,null,null,null,null,null,{"$f":"$C$11","v":"Geometric"},{"$f":"VLOOKUP($C$11,Y82:Z83,2)","v":1}]
[null,null,null,null,null,null,"   FRV","=  Reverse-faulting factor:  0 for strike slip, normal, normal-oblique; 1 for reverse, reverse-oblique and thrust"]
[null,"ZBOT (km) (CB14)","Enter for default W calcs",null,null,null,"   FNM","=  Normal-faulting factor:  0 for strike slip, reverse, reverse-oblique, thrust and normal-oblique; 1 for normal",null,null,null,null,null,null,null,null,null,null,null,null,null,null,null,null,"DSF"]
[null,15,null,null,null,null,"   FHW","=  Hanging-wall factor:  1 for site on down-dip side of top of rupture; 0 otherwise",null,null,null,null,null,null,null,null,null,null,null,null,null,null,null,null,0.5,"0.5%"]
[null,null,null,null,null,null,"Dip","=  Average dip of rupture plane (degrees)",null,null,null,null,null,null,null,null,null,null,null,null,null,null,null,null,1,"1%"]
[null,"SS",null,null,null,null,"   ZTOR","=  Depth to top of coseismic rupture (km)",null,null,null,null,null,null,null,null,null,null,null,null,null,null,null,null,2,"2%"]
[null,{"$f":"IF(AND($B$42=0,$B$45=0,$B$48=0),1,0)","v":1},"auto calculated",null,null,null,"   ZHYP","=  Hypocentral depth from the earthquake",null,null,null,null,null,null,null,null,null,null,null,null,null,null,null,null,3,"3%"]
[null,null,null,null,null,null,"Z1.0 ","= Depth to Vs=1 km/sec",null,null,null,null,null,null,null,null,null,null,null,null,null,null,null,null,5,"5%"]
[null,"Vs30Flag",null,null,null,null,"Z2.5 ","= Depth to Vs=2.5 km/sec",null,null,null,null,null,null,null,null,null,null,null,null,null,null,null,null,7,"7%"]
[null,{"$f":"IF($B$72=\"inferred\",0,1)","v":0},{"$f":"$B$72","v":"inferred"},null,null,null,"   W","=  Fault rupture width (km)",null,null,null,null,null,null,null,null,null,null,null,null,null,null,null,null,10,"10%"]
[null,null,null,null,null,null,"   Vs30flag","=  1 for measured, 0 for inferred Vs30",null,null,null,null,null,null,null,null,null,null,null,null,null,null,null,null,15,"15%"]
[null,"FAS",null,null,null,null,"  FAS","=   0 for mainshock; 1 for aftershock",null,null,null,null,null,null,null,null,null,null,null,null,null,null,null,null,20,"20%"]
[null,{"$f":"IF($B$75=\"yes\",1,0)","v":0},"Aftershock effect is not applicable.",null,null,null,"Region","= Specific regions considered in the models, Click on Region to see codes",null,null,null,null,null,null,null,null,null,null,null,null,null,null,null,null,25,"25%"]
[null,null,null,null,null,null,"DDPP","=  Directivity term, direct point parameter; uses 0 for median predictions",null,null,null,null,null,null,null,null,null,null,null,null,null,null,null,null,30,"30%"]
[null,"Region",null,null,null,null,"PGAr (g) ","= Peak ground acceleration on rock (g), this specific cell is updated in the cell for BSSA14 and CB14, for others it is taken account for in the macros"]
[null,{"$f":"IF(OR($B$78=\"California\",$B$78=\"Global\",$B$78=\"New Zealand\",$B$78=\"Taiwan\"),0,IF($B$78=\"Japan\",1,IF($B$78=\"China\",3,IF($B$78=\"TWA\",2,IF($B$78=\"Italy\",4,IF($B$78=\"Turkey\",5,NA))))))","v":0},{"$f":"$B$78","v":"California"},null,null,null,"ZBOT (km)","= The depth to the bottom of the seismogenic crust",null,null,null,null,null,null,null,null,null,null,null,null,null,null,null,null,"DSF"]
[null,null,null,null,null,null,"ZBOR(km) ","= The depth to the bottom of the rupture plane",null,null,null,null,null,null,null,null,null,null,null,null,null,null,null,null,{"$f":"VLOOKUP($C$17,Y89:Z99,2)","v":"5%"},{"$f":"$C$17","v":5}]
[null,"Option for Sa value",null,null,null,null,"SS","=  1 for strike slip, automatically updated in the cell"]
[null,{"$f":"IF($C$11=$Y$86,$Z$86,2)","v":1},{"$f":"$D$11","v":"Weighted average of the natural logarithm of the spectral values"}]
[]
[null,"Input variables with defaults (If entered 999 as input):"]
[null,null,null,"Red colored value: The value is used in the code when input is unknown"]
[null,"DEFAULTs","USER defined","ASK14","BSSA14","CB14","CY14","I14"]
[null,"W (km)",{"$f":"$B$69","v":10},null,null,{"$f":"MIN(SQRT(10^(($B$24-4.07)/0.98)), ($B$89-$F$115)/SIN($B$54*PI()/180))","v":14.6470214256}]
[null,"Z1.0 (km)",{"$f":"$B$63","v":4.8000000000000001E-2},{"$f":"ASK14_Z1($B$39,$B$101,$B$63)","v":4.8000000000000001E-2},null,null,{"$f":"IF($B$101=1,EXP((-5.23/2)*LN(($B$39^2+412^2)/(1360^2+412^2)))/1000,EXP((-7.15/4)*LN(($B$39^4+571^4)/(1360^4+571^4)))/1000)","v":4.1306642430928138E-2}]
[null,"dZ1.0 (km)",{"$f":"BSSA14!$A$41","v":6.6867939150881961E-3},null,{"$f":"IF($C$111=0,0,$C$111)","v":6.6867939150881961E-3}]
[null,"Z2.5 (VS30=1100)(km)",{"$f":"$B$66","v":0.60699999999999998},null,null,{"$f":"IF($B$101=1,EXP(5.359-1.102*LN(1100)),EXP(7.089-1.144*LN(1100)))","v":0.39752125093235868}]
[null,"Z2.5 (VS30)(km)",{"$f":"$B$66","v":0.60699999999999998},null,null,{"$f":"IF($B$101=1,EXP(5.359-1.102*LN($B$39)),EXP(7.089-1.144*LN($B$39)))","v":0.60682411703833239}]
[null,"Zhyp (km)",{"$f":"$B$60","v":8},null,null,{"$f":"IF($F$115 + EXP(MIN(IF($B$24<6.75,-4.317+0.984*$B$24,2.325)+IF($B$54<40,0.0445*($B$54-40),0),LN(0.9*('CB14'!$A$74-$F$115))))>20,\"NA\",MAX($F$115 + EXP(MIN(IF($B$24<6.75,-4.317+0.984*$B$24,2.325)+IF($B$54<40,0.0445*($B$54-40),0),LN(0.9*('CB14'!$A$74-$F$115)))),5))","v":10.579658660191001}]
[null,"Ztor (km)",{"$f":"$B$57","v":0},null,null,{"$f":"IF($B$45*MAX(2.704-1.226*MAX($B$24-5.849,0),0)^2 + (1-$B$45)*MAX(2.673-1.136*MAX($B$24-4.97,0),0)^2>20,\"NA\",$B$45*MAX(2.704-1.226*MAX($B$24-5.849,0),0)^2 + (1-$B$45)*MAX(2.673-1.136*MAX($B$24-4.97,0),0)^2)","v":0.35297857440000024},{"$f":"IF($B$45=1,MAX(2.704-1.226*MAX($B$24-5.849,0),0)^2,MAX(2.673-1.136*MAX($B$24-4.97,0),0)^2)","v":0.35297857440000024}]
[null,"ZBOR (km)","-",null,null,{"$f":"$F$115+$F$109*SIN($B$54*PI()/180)","v":15}]
[]
[null,"ACKNOWLEDGEMENTS"]

{"sheet":"Instructions","index":1,"n_rows":34,"n_cols":8,"rows_kept":34,"cut":false,"hidden":false,"merged":[[11,1,11,7]]}
["Region codes","ASK14","BSSA14","CB14","CY14","I14"]
["Global"]
["California","Base","Base","Base","Base"]
["China","Linear R term, no Vs30 scaling","Anelastic Attenuation ","Anelastic Attenuation ","Anelastic Attenuation "]
["Italy",null,"Anelastic Attenuation ","Anelastic Attenuation "," Sigma"]
["Japan","Linear R term, Vs30 scaling","Anelas. attenuation, basin depth","Anelas. Attenuation, shallow site effects, and basin effects ","Basin depth, sigma"]
["New Zealand"]
["Turkey",null,"Anelastic Attenuation "]
["Taiwan","-"]
["TWA (Taiwan)     Only applies to ASK14 for coding purposes","Linear R term, Vs30 scaling","-","-","-","-"]
[]
[null,"Horizontal GMPEs Parameters"]
[null,"Parameter","ASK14","BSSA14","CB14","CY14","I14","Info"]
[null,"Magnitude","Mw","Mw","Mw","Mw","Mw"]
[null,"Top of Rupture (km)","Ztor","-","Ztor","Ztor","-","See table of default in Main Sheet"]
[null,"Style of faulting","FRV,FNM,SS","U, FRV,FNM,SS","FRV,FNM,SS","FRV,FNM,SS","FRV,FNM,SS","U = 1 if fault is unspecified"]
[null,"Dip (deg)","Dip","-","Dip","Dip","-"]
[null,"Down-dip rupture width (km)","W","-","W","-","-"]
[null,"Closest distance to rupture(km)","Rrup","-","Rrup","Rrup","Rrup"]
[null,"Hor. dist. to surface proj. (km)","RJB","RJB","RJB","RJB","-"]
[null,"Hor. dist. from edge of rupture (km)","Rx","-","Rx","Rx","-","If entered Rx < 0, FHW is 0"]
[null,"Hor. dist. off end of  rupture (km) ","Ry0","-","-","-","-"]
[null,"Hanging wall model","FHW","(RJB)","FHW","FHW","-"]
[null,"VS30 (m/s)","VS30","VS30","VS30","VS30","VS30"]
[null,"VS30 for reference rock (m/s)",1100,760,1100,1130,"-"]
[null,"Depth to Vs (km)","Z1.0","Z1.0 (dz1.0)","Z2.5","Z1.0","-","See table of default in Main Sheet"]
[null,"Hypocentral depth (km)","-","-","Zhyp","-","-","See table of default in Main Sheet"]
[null,"Directivity term ","-","-","(Zhyp)","DDPP","-"]
[null,"Regional variations","Region","Region","Region","Region","-","See the table above"]
[null,"Aftershock factor","FAS","-","-","-","-"]
[]
["Weights: It is standard practice to normalize the weights for the GMPEs to add up to 1, however the program automatically normalizes them internally."]
[]
["Damping: Different damping values are referenced in the Sheet \"DSF\"."]

{"sheet":"Model Applicability","index":2,"n_rows":30,"n_cols":4,"rows_kept":30,"cut":false,"hidden":false,"merged":[[27,1,29,1],[0,1,0,3],[2,1,4,1],[5,1,10,1],[11,1,19,1],[20,1,26,1]]}
[null,"Model Limits for Horizontal GMPEs"]
[null,"GMPE","Parameter","MODEL RANGEs"]
[null,"ASK14","Mw  (All FM)",">= 3.0 - <=8.5"]
[null,null,"R",">= 0 - <= 300"]
[null,null,"VS30",">= 180, <= 1000"]
[null,"BSSA14","Mw  (SS)",">= 3.0 - <=8.5"]
[null,null,"Mw  (RS)",">= 3.0 - <=8.5"]
[null,null,"Mw  (NM)",">= 3.0 - <=7.0"]
[null,null,"Rjb",">= 0 - <= 400"]
[null,null,"VS30",">= 150 - <= 1500"]
[null,null,"Z1.0",">= 0 - <= 3"]
[null,"CB14","Mw  (SS)",">= 3.3 - <=8.5"]
[null,null,"Mw  (RS)",">= 3.3 - <=8.0"]
[null,null,"Mw  (NM)",">= 3.3 - <= 7.5"]
[null,null,"Rrup",">= 0 - <= 300"]
[null,null,"VS30",">= 150 - <= 1500"]
[null,null,"Z2.5",">= 0 - <= 10"]
[null,null,"Zhyp","<= 0 - <= 20"]
[null,null,"Ztor","<= 0 - <= 20"]
[null,null,"dip",">= 15 - <= 90"]
[null,"CY14","Mw  (SS)",">= 3.5 - <=8.5"]
[null,null,"Mw  (RS)",">= 3.5 - <=8.0"]
[null,null,"Mw  (NM)",">= 3.5 - <= 8.0"]
[null,null,"Rrup",">= 0 - <= 300"]
[null,null,"VS30",">= 180 - <= 1500"]
[null,null,"Z1.0","<= 20"]
[null,null,"Ztor",">= 0 - <= 10"]
[null,"I14","Mw  (All FM)",">= 5"]
[null,null,"R","<= 150"]
[null,null,"VS30",">= 450 "]

{"sheet":"ASK14","index":3,"n_rows":59,"n_cols":6,"rows_kept":59,"cut":false,"hidden":false,"merged":[[5,2,25,2],[3,4,3,5]]}
["ABRAHAMSON - SILVA - KAMAI NGA-WEST2 MODEL COEFFICIENTS [ASK14] (EQS 2014) & Dec13 Revisions (Kamai, pers. comm.):"]
[]
["Input variables","Errors and warnings",null,null,"ASK_14 (M, Rrup, Rjb, Rx, Frv, Fnm, Fhw, FAS, Ztor, W, dip, Vs30, Z1, Ry0, Region, T)"]
[null,null,null,null,"Visual Basic Calculations"]
["M",null,"GMP","T (s)","Median","s"]
[{"$f":"Main!$B$24","v":6.8},{"$f":"IF(OR($A$6<3,$A$6>8.5),\"! Not Applicable !\",\"\")","v":""},"PSa (g)",0.01,{"$f":"ASK_14($A$6,$A$9,$A$12,$A$15,$A$24,$A$27,$A$30,$A$51,$A$36,$A$45,$A$33,$A$21,$A$48, $A$42,$A$18,$A$54,$D6)","v":0.41109604774387049},{"$f":"ASK14_stdev($A$6,$A$9,$A$12,$A$15,$A$24,$A$27,$A$30,$A$51,$A$36,$A$45,$A$33,$A$21,$A$48,$A$42,$A$18,$A$54,D6)","v":0.63878087009552809}]
[null,null,null,0.02,{"$f":"ASK_14($A$6,$A$9,$A$12,$A$15,$A$24,$A$27,$A$30,$A$51,$A$36,$A$45,$A$33,$A$21,$A$48, $A$42,$A$18,$A$54,$D7)","v":0.4213594036451711},{"$f":"ASK14_stdev($A$6,$A$9,$A$12,$A$15,$A$24,$A$27,$A$30,$A$51,$A$36,$A$45,$A$33,$A$21,$A$48,$A$42,$A$18,$A$54,D7)","v":0.63878087009552809}]
["RRUP",null,null,0.03,0.44661887457033789,0.63756149702722031]
[{"$f":"Main!$B$27","v":3.16},{"$f":"IF(AND($A$9>=0, $A$9<=300),\"\",\"! Not Applicable !\")","v":""},null,0.05,0.50824136431205558,0.62767885111083743]
[null,null,null,7.4999999999999997E-2,0.65505194515164877,0.62668010578379296]
["RJB",null,null,0.1,0.79221615268343004,0.63780844878351139]
[{"$f":"Main!$B$30","v":1},null,null,0.15,0.98576831185985025,0.67174474318747002]
[null,null,null,0.2,0.97776261740159309,0.67591863415650844]
["RX",null,null,0.25,0.87042314671874144,0.68010366856825588]
[{"$f":"Main!$B$33","v":1},null,null,0.3,0.75104820663957939,0.68850635436428609]
[null,null,null,0.4,0.57870676171416557,0.69695121780509139]
["Ry0",null,null,0.5,0.48011620145725697,0.70543674415215996]
[{"$f":"Main!$B$36","v":0},null,null,0.75,0.32632314448785044,0.71823812207373117]
[null,null,null,1,0.24189816753220017,0.73112310864860508]
["VS30",null,null,1.5,0.15281850501862179,0.73975739266329743]
[{"$f":"Main!$B$39","v":760},{"$f":"IF($A$21<180,\"! Not Applicable !\",IF($A$21>1000,\"Out of Range! Use 760 m/s\",\"\"))","v":""},null,2,0.10944807813119614,0.74842568101315177]
[null,null,null,3,6.6629168465621183E-2,0.73975739266329743]
["FRV",null,null,4,4.7117335888961623E-2,0.73112310864860508]
[{"$f":"Main!$B$45","v":0},null,null,5,3.5119984710468087E-2,0.73112310864860508]
[null,null,null,7.5,1.8742665662313251E-2,0.73112310864860508]
["FNM",null,null,10,1.122086991733093E-2,0.73112310864860508]
[{"$f":"Main!$B$48","v":0}]
[null,null,"PGA (g)",0,{"$f":"ASK_14($A$6,$A$9,$A$12,$A$15,$A$24,$A$27,$A$30,$A$51,$A$36,$A$45,$A$33,$A$21,$A$48,$A$42,$A$18,$A$54,D28)","v":0.41109604774387049},{"$f":"ASK14_stdev($A$6,$A$9,$A$12,$A$15,$A$24,$A$27,$A$30,$A$51,$A$36,$A$45,$A$33,$A$21,$A$48,$A$42,$A$18,$A$54,D28)","v":0.63878087009552809}]
["FHW",null,"PGV (cm/s)",-1,{"$f":"ASK_14($A$6,$A$9,$A$12,$A$15,$A$24,$A$27,$A$30,$A$51,$A$36,$A$45,$A$33,$A$21,$A$48,$A$42,$A$18,$A$54,D29)","v":35.8438502497876},{"$f":"ASK14_stdev($A$6,$A$9,$A$12,$A$15,$A$24,$A$27,$A$30,$A$51,$A$36,$A$45,$A$33,$A$21,$A$48,$A$42,$A$18,$A$54,D29)","v":0.6360031446463138}]
[{"$f":"Main!$B$51","v":0}]
[]
["d"]
[{"$f":"Main!$B$54","v":90},{"$f":"IF($A$21<180,\"! Not Applicable !\", IF(AND($A$21>=180, $A$21<=1000),\"\",\"! Not Applicable !\"))","v":""}]
[]
["ZTOR"]
[{"$f":"Main!$B$57","v":0}]
[]
["Z1.0"]
[{"$f":"Main!$B$63","v":4.8000000000000001E-2}]
[]
["Z1.0 (AS calc)"]
[{"$f":"ASK14_Z1($A$21,$A$54,$A$39)","v":4.8000000000000001E-2},"<- DEFAULT"]
[]
["W"]
[{"$f":"Main!$B$69","v":10}]
[]
["Vs30flag","1 if measured"]
[{"$f":"Main!$B$95","v":0}]
[]
["FAS"]
[{"$f":"Main!$B$98","v":0},"Aftershock effect is turned off."]
[]
["Region"]
[{"$f":"Main!$B$101","v":0}]
[]
["Input variables with defaults (If entered 999 as input):"]
[]
["Z1.0 (ASK calc)"]
[{"$f":"ASK14_Z1($A$21,$A$54,$A$39)","v":4.8000000000000001E-2}]

{"sheet":"ASK14_Coeffs","index":4,"n_rows":28,"n_cols":46,"rows_kept":28,"cut":false,"hidden":false,"merged":[]}
["ABRAHAMSON - SILVA - KAMAI NGA-WEST2 MODEL COEFFICIENTS [ASK14] (EQS 2014) & Dec13 Revisions (Kamai, pers. comm.):"]
[]
["Period","VLIN","b","n","M1","c","c4","a1","a2","a3","a4","a5","a6","a7","a8","a10","a11","a12","a13","a14","a15","a16","a17","a43","a44","a45","a46","a25","a28","a29","a31","a36","a37","a38","a39","a40","a41","a42","s1","s2","s3","s4","s1 (known vs)","s2 (known vs)","s5 (Japan Phi)","s6 (Japan Phi)"]
[]
[0.01,660,-1.47,1.5,6.75,2.4,4.5,0.58699999999999997,-0.79,0.27500000000000002,-0.1,-0.41,2.1541000000000001,0,-1.4999999999999999E-2,1.7350000000000001,0,-0.1,0.6,-0.3,1.1000000000000001,0,-7.1999999999999998E-3,0.1,0.05,0,-0.05,-1.5E-3,2.5000000000000001E-3,-3.3999999999999998E-3,-0.15029999999999999,0.26500000000000001,0.33700000000000002,0.188,0,8.7999999999999995E-2,-0.19600000000000001,4.3999999999999997E-2,0.754,0.52,0.47,0.36,0.74099999999999999,0.501,0.54,0.63]
[0.02,680,-1.4590000000000001,1.5,6.75,2.4,4.5,0.59799999999999998,-0.79,0.27500000000000002,-0.1,-0.41,2.1461000000000001,0,-1.4999999999999999E-2,1.718,0,-0.1,0.6,-0.3,1.1000000000000001,0,-7.3000000000000001E-3,0.1,0.05,0,-0.05,-1.5E-3,2.3999999999999998E-3,-3.3E-3,-0.1479,0.255,0.32800000000000001,0.184,0,8.7999999999999995E-2,-0.19400000000000001,6.0999999999999999E-2,0.76,0.52,0.47,0.36,0.747,0.501,0.54,0.63]
[0.03,770,-1.39,1.5,6.75,2.4,4.5,0.60199999999999998,-0.79,0.27500000000000002,-0.1,-0.41,2.1566000000000001,0,-1.4999999999999999E-2,1.615,0,-0.1,0.6,-0.3,1.1000000000000001,0,-7.4999999999999997E-3,0.1,0.05,0,-0.05,-1.6000000000000001E-3,2.3E-3,-3.3999999999999998E-3,-0.1447,0.249,0.32,0.18,0,9.2999999999999999E-2,-0.17499999999999999,0.16200000000000001,0.78100000000000003,0.52,0.47,0.36,0.76900000000000002,0.501,0.55000000000000004,0.63]
[0.05,915,-1.2190000000000001,1.5,6.75,2.4,4.5,0.70699999999999996,-0.79,0.27500000000000002,-0.1,-0.41,2.0844999999999998,0,-1.4999999999999999E-2,1.3580000000000001,0,-0.1,0.6,-0.3,1.1000000000000001,0,-8.0000000000000002E-3,0.1,0.05,0,-0.05,-2E-3,2.7000000000000001E-3,-3.3E-3,-0.1326,0.20200000000000001,0.28899999999999998,0.16700000000000001,0,0.13300000000000001,-0.09,0.45100000000000001,0.81,0.53,0.47,0.36,0.79800000000000004,0.51200000000000001,0.56000000000000005,0.65]
[7.4999999999999997E-2,960,-1.1519999999999999,1.5,6.75,2.4,4.5,0.97299999999999998,-0.79,0.27500000000000002,-0.1,-0.41,2.0285000000000002,0,-1.4999999999999999E-2,1.258,0,-0.1,0.6,-0.3,1.1000000000000001,0,-8.8999999999999999E-3,0.1,0.05,0,-0.05,-2.7000000000000001E-3,3.2000000000000002E-3,-2.8999999999999998E-3,-0.1353,0.126,0.27500000000000002,0.17299999999999999,0,0.186,0.09,0.50600000000000001,0.81,0.54,0.47,0.36,0.79800000000000004,0.52200000000000002,0.56999999999999995,0.69]
[0.1,910,-1.23,1.5,6.75,2.4,4.5,1.169,-0.79,0.27500000000000002,-0.1,-0.41,2.0407999999999999,0,-1.4999999999999999E-2,1.31,0,-0.1,0.6,-0.3,1.1000000000000001,0,-9.4999999999999998E-3,0.1,0.05,0,-0.05,-3.3E-3,3.5999999999999999E-3,-2.5000000000000001E-3,-0.1128,2.1999999999999999E-2,0.25600000000000001,0.189,0,0.16,6.0000000000000001E-3,0.33500000000000002,0.81,0.55000000000000004,0.47,0.36,0.79500000000000004,0.52700000000000002,0.56999999999999995,0.7]
[0.15,740,-1.587,1.5,6.75,2.4,4.5,1.4419999999999999,-0.79,0.27500000000000002,-0.1,-0.41,2.1208,0,-2.1999999999999999E-2,1.66,0,-0.1,0.6,-0.3,1.1000000000000001,0,-9.4999999999999998E-3,0.1,0.05,0,-0.05,-3.5000000000000001E-3,3.3E-3,-2.5000000000000001E-3,3.8300000000000001E-2,-0.13600000000000001,0.16200000000000001,0.108,0,6.8000000000000005E-2,-0.156,-8.4000000000000005E-2,0.80100000000000005,0.56000000000000005,0.47,0.36,0.77300000000000002,0.51900000000000002,0.57999999999999996,0.7]
[0.2,590,-2.012,1.5,6.75,2.4,4.5,1.637,-0.79,0.27500000000000002,-0.1,-0.41,2.2241,0,-0.03,2.2200000000000002,0,-0.1,0.6,-0.3,1.1000000000000001,0,-8.6E-3,0.1,0.05,0,-0.03,-3.3E-3,2.7000000000000001E-3,-3.0999999999999999E-3,7.7499999999999999E-2,-7.8E-2,0.224,0.115,0,4.8000000000000001E-2,-0.27400000000000002,-0.17799999999999999,0.78900000000000003,0.56499999999999995,0.47,0.36,0.753,0.51400000000000001,0.59,0.7]
[0.25,495,-2.411,1.5,6.75,2.4,4.5,1.7010000000000001,-0.79,0.27500000000000002,-0.1,-0.41,2.3123999999999998,0,-3.7999999999999999E-2,2.77,0,-0.1,0.6,-0.24,1.1000000000000001,0,-7.4000000000000003E-3,0.1,0.05,0,0,-2.8999999999999998E-3,2.3999999999999998E-3,-3.5999999999999999E-3,7.4099999999999999E-2,3.6999999999999998E-2,0.248,0.122,0,5.5E-2,-0.248,-0.187,0.77,0.56999999999999995,0.47,0.36,0.72899999999999998,0.51300000000000001,0.61,0.7]
[0.3,430,-2.7570000000000001,1.5,6.75,2.4,4.5,1.712,-0.79,0.27500000000000002,-0.1,-0.41,2.3382999999999998,0,-4.4999999999999998E-2,3.25,0,-0.1,0.6,-0.19,1.03,0,-6.4000000000000003E-3,0.1,0.05,0.03,0.03,-2.7000000000000001E-3,2E-3,-3.8999999999999998E-3,0.25480000000000003,-9.0999999999999998E-2,0.20300000000000001,9.6000000000000002E-2,0,7.2999999999999995E-2,-0.20300000000000001,-0.159,0.74,0.57999999999999996,0.47,0.36,0.69299999999999995,0.51900000000000002,0.63,0.7]
[0.4,360,-3.278,1.5,6.75,2.4,4.5,1.6619999999999999,-0.79,0.27500000000000002,-0.1,-0.41,2.4687999999999999,0,-5.5E-2,3.99,0,-0.1,0.57999999999999996,-0.11,0.92,0,-4.3E-3,0.1,7.0000000000000007E-2,0.06,0.06,-2.3E-3,1E-3,-4.7999999999999996E-3,0.21360000000000001,0.129,0.23200000000000001,0.123,0,0.14299999999999999,-0.154,-2.3E-2,0.69899999999999995,0.59,0.47,0.36,0.64400000000000002,0.52400000000000002,0.66,0.7]
[0.5,340,-3.5990000000000002,1.5,6.75,2.4,4.5,1.571,-0.79,0.27500000000000002,-0.1,-0.41,2.5586000000000002,0,-6.5000000000000002E-2,4.45,0,-0.1,0.56000000000000005,-0.04,0.84,0,-3.2000000000000002E-3,0.1,0.1,0.1,0.09,-2E-3,8.0000000000000004E-4,-5.0000000000000001E-3,0.1542,0.31,0.252,0.13400000000000001,0,0.16,-0.159,-2.9000000000000001E-2,0.67600000000000005,0.6,0.47,0.36,0.61599999999999999,0.53200000000000003,0.69,0.7]
[0.75,330,-3.8,1.5,6.75,2.4,4.5,1.2989999999999999,-0.79,0.27500000000000002,-0.1,-0.41,2.6821000000000002,0,-9.5000000000000001E-2,4.75,0,-0.1,0.53,7.0000000000000007E-2,0.68,0,-2.5000000000000001E-3,0.14000000000000001,0.14000000000000001,0.14000000000000001,0.13,-1E-3,6.9999999999999999E-4,-4.1000000000000003E-3,7.8700000000000006E-2,0.505,0.20799999999999999,0.129,0,0.158,-0.14099999999999999,6.0999999999999999E-2,0.63100000000000001,0.61499999999999999,0.47,0.36,0.56599999999999995,0.54800000000000004,0.73,0.69]
[1,330,-3.5,1.5,6.75,2.4,4.5,1.0429999999999999,-0.79,0.27500000000000002,-0.1,-0.41,2.7629999999999999,0,-0.11,4.3,0,-0.1,0.5,0.15,0.56999999999999995,0,-2.5000000000000001E-3,0.17,0.17,0.17,0.14000000000000001,-5.0000000000000001E-4,6.9999999999999999E-4,-3.2000000000000002E-3,4.7600000000000003E-2,0.35799999999999998,0.20799999999999999,0.152,0,0.14499999999999999,-0.14399999999999999,6.2E-2,0.60899999999999999,0.63,0.47,0.36,0.54100000000000004,0.56499999999999995,0.77,0.68]
[1.5,330,-2.4,1.5,6.75,2.4,4.5,0.66499999999999992,-0.79,0.27500000000000002,-0.1,-0.41,2.8355000000000001,0,-0.124,2.6,0,-0.1,0.42,0.27,0.42,0,-2.2000000000000001E-3,0.22,0.21,0.2,0.16,-4.0000000000000002E-4,5.9999999999999995E-4,-2E-3,-1.6299999999999999E-2,0.13100000000000001,0.108,0.11799999999999999,0,0.13100000000000001,-0.126,3.6999999999999998E-2,0.57799999999999996,0.64,0.47,0.36,0.50600000000000001,0.57599999999999996,0.8,0.66]
[2,330,-1,1.5,6.75,2.4,4.5,0.32900000000000001,-0.79,0.27500000000000002,-0.1,-0.41,2.8973,0,-0.13800000000000001,0.55000000000000004,0,-0.1,0.35,0.35,0.31,0,-1.9E-3,0.26,0.25,0.22,0.16,-2.0000000000000001E-4,2.9999999999999997E-4,-1.6999999999999999E-3,-0.1203,0.123,6.8000000000000005E-2,0.11899999999999999,0,8.3000000000000004E-2,-7.4999999999999997E-2,-0.14299999999999999,0.55500000000000005,0.65,0.47,0.36,0.48,0.58699999999999997,0.8,0.62]
[3,330,0,1.5,6.82,2.4,4.5,-6.0000000000000005E-2,-0.79,0.27500000000000002,-0.1,-0.41,2.9060999999999999,0,-0.17199999999999999,-0.95,0,-0.1,0.2,0.46,0.16,0,-1.5E-3,0.34,0.3,0.23,0.16,0,0,-2E-3,-0.27189999999999998,0.109,-2.3E-2,9.2999999999999999E-2,0,7.0000000000000007E-2,-2.1000000000000001E-2,-2.8000000000000001E-2,0.54800000000000004,0.64,0.47,0.36,0.47199999999999998,0.57599999999999996,0.8,0.55000000000000004]
[4,330,0,1.5,6.92,2.4,4.5,-0.29899999999999999,-0.79,0.27500000000000002,-0.1,-0.41,2.8887999999999998,0,-0.19700000000000001,-0.95,0,-0.1,0,0.54,0.05,0,-1E-3,0.41,0.32,0.23,0.14000000000000001,0,0,-2E-3,-0.29580000000000001,0.13500000000000001,2.8000000000000001E-2,8.4000000000000005E-2,0,0.10100000000000001,7.1999999999999995E-2,-9.7000000000000003E-2,0.52700000000000002,0.63,0.47,0.36,0.44700000000000001,0.56499999999999995,0.76,0.52]
[5,330,0,1.5,7,2.4,4.5,-0.56200000000000006,-0.76500000000000001,0.27500000000000002,-0.1,-0.41,2.8984000000000001,0,-0.218,-0.93,0,-0.1,0,0.61,-0.04,0,-1E-3,0.51,0.32,0.22,0.13,0,0,-2E-3,-0.27179999999999999,0.189,3.1E-2,5.8000000000000003E-2,0,9.5000000000000001E-2,0.20499999999999999,1.4999999999999999E-2,0.505,0.63,0.47,0.36,0.42499999999999999,0.56799999999999995,0.72,0.5]
[6,330,0,1.5,7.06,2.4,4.5,-0.875,-0.71099999999999997,0.27500000000000002,-0.1,-0.41,2.8955000000000002,0,-0.23499999999999999,-0.91,0,-0.2,0,0.65,-0.11,0,-1E-3,0.55000000000000004,0.32,0.2,0.1,0,0,-2E-3,-0.25169999999999998,0.215,2.4E-2,6.5000000000000002E-2,0,0.13300000000000001,0.28499999999999998,0.104,0.47699999999999998,0.63,0.47,0.36,0.39500000000000002,0.57099999999999995,0.7,0.5]
[7.5,330,0,1.5,7.1449999999999996,2.4,4.5,-1.3029999999999999,-0.63400000000000001,0.27500000000000002,-0.1,-0.41,2.87,0,-0.255,-0.87,0,-0.2,0,0.72,-0.19,0,-1E-3,0.49,0.27500000000000002,0.17,0.09,0,0,-2E-3,-0.14000000000000001,0.15,-7.0000000000000007E-2,0,0,0.151,0.32900000000000001,0.29899999999999999,0.45700000000000002,0.63,0.47,0.36,0.378,0.57499999999999996,0.67,0.5]
[10,330,0,1.5,7.25,2.4,4.5,-1.9280000000000002,-0.52900000000000003,0.27500000000000002,-0.1,-0.41,2.8430999999999997,0,-0.28500000000000003,-0.8,0,-0.2,0,0.8,-0.3,0,-1E-3,0.42,0.22,0.14000000000000001,0.08,0,0,-2E-3,-2.1600000000000001E-2,9.1999999999999998E-2,-0.159,-0.05,0,0.124,0.30099999999999999,0.24299999999999999,0.42899999999999999,0.63,0.47,0.36,0.35899999999999999,0.58499999999999996,0.64,0.5]
[0,660,-1.47,1.5,6.75,2.4,4.5,0.58699999999999997,-0.79,0.27500000000000002,-0.1,-0.41,2.1541000000000001,0,-1.4999999999999999E-2,1.7350000000000001,0,-0.1,0.6,-0.3,1.1000000000000001,0,-7.1999999999999998E-3,0.1,0.05,0,-0.05,-1.5E-3,2.5000000000000001E-3,-3.3999999999999998E-3,-0.15029999999999999,0.26500000000000001,0.33700000000000002,0.188,0,8.7999999999999995E-2,-0.19600000000000001,4.3999999999999997E-2,0.754,0.52,0.47,0.36,0.74099999999999999,0.501,0.54,0.63]
[-1,330,-2.02,1.5,6.75,2400,4.5,5.9749999999999996,-0.91900000000000004,0.27500000000000002,-0.1,-0.41,2.3656999999999999,0,-9.4E-2,2.36,0,-0.1,0.25,0.22,0.3,0,-5.0000000000000001E-4,0.28000000000000003,0.15,0.09,7.0000000000000007E-2,-1E-4,5.0000000000000001E-4,-3.7000000000000002E-3,-0.1462,0.377,0.21199999999999999,0.157,0,9.5000000000000001E-2,-3.7999999999999999E-2,6.5000000000000002E-2,0.66200000000000003,0.51,0.38,0.38,0.66,0.51,0.57999999999999996,0.53]

{"sheet":"BSSA14","index":5,"n_rows":101,"n_cols":20,"rows_kept":101,"cut":false,"hidden":false,"merged":[[5,2,25,2],[2,2,2,17],[3,18,3,19]]}
["BOORE - STEWART - SEYHAN - ATKINSON - NGA-WEST2 MODEL COEFFICIENTS [BSSA14] (EQS 2013) & sigma updates:"]
[]
["Input variables","Errors and warnings",null,null,null,null,null,null,null,null,null,null,null,null,null,null,null,null,"BSSA_14 (M, Rjb, U, RS, NS, Vs30, Region, Z1, PGAr, T)"]
[null,null,null,null,null,null,null,null,null,null,null,null,null,null,null,null,null,null,"Visual Basic Calculations"]
["M",null,"GMP","T (s)","fmag","fdis","flin","fnl","dz1","fz1","fsite","Median","t(M)","f(M)","f(M,R)","f(M,RJB,VS30)","s (M)","s","Median","s"]
[{"$f":"Main!$B$24","v":6.8},{"$f":"IF(AND($A$21=1,$A$6<3),\"! Not Applicable !\",IF(AND($A$21=1,$A$6>8.5),\"! Not Applicable !\",IF(AND($A$33=1,$A$6<3),\"! Not Applicable !\",IF(AND($A$33=1,$A$6>8.5),\"! Not Applicable !\",IF(AND($A$24=1,$A$6<3),\"! Not Applicable !\",IF(AND($A$24=1,$A$6>7),\"! Not Applicable !\",\"\"))))))","v":""},"PSa (g)",0.01,{"$f":"IF($A$6<=BSSA14_Coeffs!$I5,(BSSA14_Coeffs!$B5*$A$18+BSSA14_Coeffs!$C5*$A$33+BSSA14_Coeffs!$D5*$A$24+BSSA14_Coeffs!$E5*$A$21+BSSA14_Coeffs!$F5*($A$6-BSSA14_Coeffs!$I5)+BSSA14_Coeffs!$G5*($A$6-BSSA14_Coeffs!I5)^2),(BSSA14_Coeffs!$B5*$A$18+BSSA14_Coeffs!$C5*$A$33+BSSA14_Coeffs!$D5*$A$24+BSSA14_Coeffs!$E5*$A$21+BSSA14_Coeffs!$H5*($A$6-BSSA14_Coeffs!$I5)))","v":2.4222507999999996},{"$f":"IF($A$30=0,((BSSA14_Coeffs!$J5+BSSA14_Coeffs!$K5*($A$6-BSSA14_Coeffs!$M5))*LN(SQRT(BSSA14!$A$12^2+(BSSA14_Coeffs!$O5^2))/BSSA14_Coeffs!$N5)+(BSSA14_Coeffs!$L5+BSSA14_Coeffs!$P5)*(SQRT(BSSA14!$A$12^2+(BSSA14_Coeffs!$O5^2))-BSSA14_Coeffs!$N5)),IF($A$30=1,((BSSA14_Coeffs!$J5+BSSA14_Coeffs!$K5*($A$6-BSSA14_Coeffs!$M5))*LN(SQRT(BSSA14!$A$12^2+(BSSA14_Coeffs!$O5^2))/BSSA14_Coeffs!$N5)+(BSSA14_Coeffs!$L5+BSSA14_Coeffs!$Q5)*(SQRT(BSSA14!$A$12^2+(BSSA14_Coeffs!$O5^2))-BSSA14_Coeffs!$N5)),IF($A$30=3,((BSSA14_Coeffs!$J5+BSSA14_Coeffs!$K5*($A$6-BSSA14_Coeffs!$M5))*LN(SQRT(BSSA14!$A$12^2+(BSSA14_Coeffs!$O5^2))/BSSA14_Coeffs!$N5)+(BSSA14_Coeffs!$L5+BSSA14_Coeffs!$R5)*(SQRT(BSSA14!$A$12^2+(BSSA14_Coeffs!$O5^2))-BSSA14_Coeffs!$N5)), ((BSSA14_Coeffs!$J5+BSSA14_Coeffs!$K5*($A$6-BSSA14_Coeffs!$M5))*LN(SQRT(BSSA14!$A$12^2+(BSSA14_Coeffs!$O5^2))/BSSA14_Coeffs!$N5)+(BSSA14_Coeffs!$L5+BSSA14_Coeffs!$P5)*(SQRT(BSSA14!$A$12^2+(BSSA14_Coeffs!$O5^2))-BSSA14_Coeffs!$N5)))))","v":-1.088712519134404},{"$f":"IF($A$15<= BSSA14_Coeffs!$T5, BSSA14_Coeffs!$S5 * LN(BSSA14!$A$15/ 760),  BSSA14_Coeffs!$S5* LN(BSSA14_Coeffs!$T5/ 760))","v":0},{"$f":"BSSA14_Coeffs!$V5 + (BSSA14_Coeffs!$X5 * ((EXP(BSSA14_Coeffs!$Y5* (MIN($A$15,760) - 360))) - EXP(BSSA14_Coeffs!$Y5* (760 - 360)))) * LN((BSSA14!$A$38 + BSSA14_Coeffs!$W5) / BSSA14_Coeffs!$W5)","v":0},{"$f":"IF($A$27=999,0,$A$27-(IF($A$30 = 0, (EXP(-7.15 / 4 * LN(($A$15 ^ 4 + 570.94 ^ 4) / (1360 ^ 4 + 570.94 ^ 4))) / 1000), IF($A$30 = 2, (EXP(-5.23 / 2 * LN(($A$15 ^ 2 + 412.39 ^ 2) / (1360 ^ 2 + 412.39 ^ 2))) / 1000), (EXP(-7.15 / 4 * LN(($A$15 ^ 4 + 570.94 ^ 4) / (1360 ^ 4 + 570.94 ^ 4))) / 1000)))))","v":6.6867939150881961E-3},{"$f":"IF($D6 < 0.65, 0, IF(AND($D6 >= 0.65,$I6 <= (BSSA14_Coeffs!$AA5/ BSSA14_Coeffs!$Z5)), BSSA14_Coeffs!$Z5* BSSA14!$I6, IF(AND($D6>= 0.65,$I6 > (BSSA14_Coeffs!$AA5 /BSSA14_Coeffs!$Z5)), BSSA14_Coeffs!$AA5)))","v":0},{"$f":"SUM(G6:H6,J6)","v":0},{"$f":"EXP(SUM($E6,$F6,$K6,I6))","v":3.8199031724867925},{"$f":"IF($A$6<=4.5,BSSA14_Coeffs!$AJ5,IF(AND($A$6>4.5,$A$6<5.5),BSSA14_Coeffs!$AJ5+(BSSA14_Coeffs!$AK5-BSSA14_Coeffs!$AJ5)*(BSSA14!$A$6-4.5),BSSA14_Coeffs!$AK5))","v":0.34499999999999997},{"$f":"IF($A$6<=4.5,BSSA14_Coeffs!$AH5,IF(AND($A$6>4.5,$A$6<5.5),BSSA14_Coeffs!$AH5+(BSSA14_Coeffs!$AI5-BSSA14_Coeffs!$AH5)*(BSSA14!$A$6-4.5),BSSA14_Coeffs!$AI5))","v":0.499},{"$f":"IF($A$12<=BSSA14_Coeffs!$AB5,BSSA14!$N6,IF(AND($A$12>BSSA14_Coeffs!$AB5,$A$12<=BSSA14_Coeffs!$AC5),$N6+BSSA14_Coeffs!$AD5*(LN($A$12/BSSA14_Coeffs!$AB5)/(LN(BSSA14_Coeffs!$AC5/BSSA14_Coeffs!$AB5))),$N6+BSSA14_Coeffs!$AD5))","v":0.499},{"$f":"IF($A$15>=BSSA14_Coeffs!$AG5,$O6,IF(AND($A$15>=BSSA14_Coeffs!$AF5,$A$15<=BSSA14_Coeffs!$AG5),$O6-BSSA14_Coeffs!$AE5*(LN(BSSA14_Coeffs!$AG5/$A$15)/LN(BSSA14_Coeffs!$AG5/BSSA14_Coeffs!$AF5)),$O6-BSSA14_Coeffs!$AE5))","v":0.499},{"$f":"SQRT($M6^2+$N6^2)","v":0.60665146501100609},{"$f":"SQRT($M6^2+$P6^2)","v":0.60665146501100609},{"$f":"BSSA_14($A$6,$A$12,$A$18,$A$21,$A$24,$A$15,$A$30,$A$27,$A$38,$D6)","v":0.44362196068277715},{"$f":"BSSA14_stdev($A$6,$A$12,$A$15,D6)","v":0.60665146501100609}]
[null,null,null,0.02,{"$f":"IF($A$6<=BSSA14_Coeffs!$I6,(BSSA14_Coeffs!$B6*$A$18+BSSA14_Coeffs!$C6*$A$33+BSSA14_Coeffs!$D6*$A$24+BSSA14_Coeffs!$E6*$A$21+BSSA14_Coeffs!$F6*($A$6-BSSA14_Coeffs!$I6)+BSSA14_Coeffs!$G6*($A$6-BSSA14_Coeffs!I6)^2),(BSSA14_Coeffs!$B6*$A$18+BSSA14_Coeffs!$C6*$A$33+BSSA14_Coeffs!$D6*$A$24+BSSA14_Coeffs!$E6*$A$21+BSSA14_Coeffs!$H6*($A$6-BSSA14_Coeffs!$I6)))","v":2.4768457199999996},{"$f":"IF($A$30=0,((BSSA14_Coeffs!$J6+BSSA14_Coeffs!$K6*($A$6-BSSA14_Coeffs!$M6))*LN(SQRT(BSSA14!$A$12^2+(BSSA14_Coeffs!$O6^2))/BSSA14_Coeffs!$N6)+(BSSA14_Coeffs!$L6+BSSA14_Coeffs!$P6)*(SQRT(BSSA14!$A$12^2+(BSSA14_Coeffs!$O6^2))-BSSA14_Coeffs!$N6)),IF($A$30=1,((BSSA14_Coeffs!$J6+BSSA14_Coeffs!$K6*($A$6-BSSA14_Coeffs!$M6))*LN(SQRT(BSSA14!$A$12^2+(BSSA14_Coeffs!$O6^2))/BSSA14_Coeffs!$N6)+(BSSA14_Coeffs!$L6+BSSA14_Coeffs!$Q6)*(SQRT(BSSA14!$A$12^2+(BSSA14_Coeffs!$O6^2))-BSSA14_Coeffs!$N6)),IF($A$30=3,((BSSA14_Coeffs!$J6+BSSA14_Coeffs!$K6*($A$6-BSSA14_Coeffs!$M6))*LN(SQRT(BSSA14!$A$12^2+(BSSA14_Coeffs!$O6^2))/BSSA14_Coeffs!$N6)+(BSSA14_Coeffs!$L6+BSSA14_Coeffs!$R6)*(SQRT(BSSA14!$A$12^2+(BSSA14_Coeffs!$O6^2))-BSSA14_Coeffs!$N6)), ((BSSA14_Coeffs!$J6+BSSA14_Coeffs!$K6*($A$6-BSSA14_Coeffs!$M6))*LN(SQRT(BSSA14!$A$12^2+(BSSA14_Coeffs!$O6^2))/BSSA14_Coeffs!$N6)+(BSSA14_Coeffs!$L6+BSSA14_Coeffs!$P6)*(SQRT(BSSA14!$A$12^2+(BSSA14_Coeffs!$O6^2))-BSSA14_Coeffs!$N6)))))","v":-1.1038734705914617},{"$f":"IF($A$15<= BSSA14_Coeffs!$T6, BSSA14_Coeffs!$S6 * LN(BSSA14!$A$15/ 760),  BSSA14_Coeffs!$S6* LN(BSSA14_Coeffs!$T6/ 760))","v":0},{"$f":"BSSA14_Coeffs!$V6 + (BSSA14_Coeffs!$X6 * ((EXP(BSSA14_Coeffs!$Y6* (MIN($A$15,760) - 360))) - EXP(BSSA14_Coeffs!$Y6* (760 - 360)))) * LN((BSSA14!$A$38 + BSSA14_Coeffs!$W6) / BSSA14_Coeffs!$W6)","v":0},6.6867939150881961E-3,{"$f":"IF($D7 < 0.65, 0, IF(AND($D7 >= 0.65,$I7 <= (BSSA14_Coeffs!$AA6/ BSSA14_Coeffs!$Z6)), BSSA14_Coeffs!$Z6* BSSA14!$I7, IF(AND($D7>= 0.65,$I7 > (BSSA14_Coeffs!$AA6 /BSSA14_Coeffs!$Z6)), BSSA14_Coeffs!$AA6)))","v":0},{"$f":"SUM(G7:H7,J7)","v":0},{"$f":"EXP(SUM($E7,$F7,$K7,I7))","v":3.9735465892647173},{"$f":"IF($A$6<=4.5,BSSA14_Coeffs!$AJ6,IF(AND($A$6>4.5,$A$6<5.5),BSSA14_Coeffs!$AJ6+(BSSA14_Coeffs!$AK6-BSSA14_Coeffs!$AJ6)*(BSSA14!$A$6-4.5),BSSA14_Coeffs!$AK6))","v":0.34599999999999997},{"$f":"IF($A$6<=4.5,BSSA14_Coeffs!$AH6,IF(AND($A$6>4.5,$A$6<5.5),BSSA14_Coeffs!$AH6+(BSSA14_Coeffs!$AI6-BSSA14_Coeffs!$AH6)*(BSSA14!$A$6-4.5),BSSA14_Coeffs!$AI6))","v":0.502},{"$f":"IF($A$12<=BSSA14_Coeffs!$AB6,BSSA14!$N7,IF(AND($A$12>BSSA14_Coeffs!$AB6,$A$12<=BSSA14_Coeffs!$AC6),$N7+BSSA14_Coeffs!$AD6*(LN($A$12/BSSA14_Coeffs!$AB6)/(LN(BSSA14_Coeffs!$AC6/BSSA14_Coeffs!$AB6))),$N7+BSSA14_Coeffs!$AD6))","v":0.502},{"$f":"IF($A$15>=BSSA14_Coeffs!$AG6,$O7,IF(AND($A$15>=BSSA14_Coeffs!$AF6,$A$15<=BSSA14_Coeffs!$AG6),$O7-BSSA14_Coeffs!$AE6*(LN(BSSA14_Coeffs!$AG6/$A$15)/LN(BSSA14_Coeffs!$AG6/BSSA14_Coeffs!$AF6)),$O7-BSSA14_Coeffs!$AE6))","v":0.502},{"$f":"SQRT($M7^2+$N7^2)","v":0.60968844502745823},{"$f":"SQRT($M7^2+$P7^2)","v":0.60968844502745823},{"$f":"BSSA_14($A$6,$A$12,$A$18,$A$21,$A$24,$A$15,$A$30,$A$27,$A$38,$D7)","v":0.45132098664095094},{"$f":"BSSA14_stdev($A$6,$A$12,$A$15,D7)","v":0.60968844502745823}]
["RRUP (km)",null,null,0.03,{"$f":"IF($A$6<=BSSA14_Coeffs!$I7,(BSSA14_Coeffs!$B7*$A$18+BSSA14_Coeffs!$C7*$A$33+BSSA14_Coeffs!$D7*$A$24+BSSA14_Coeffs!$E7*$A$21+BSSA14_Coeffs!$F7*($A$6-BSSA14_Coeffs!$I7)+BSSA14_Coeffs!$G7*($A$6-BSSA14_Coeffs!I7)^2),(BSSA14_Coeffs!$B7*$A$18+BSSA14_Coeffs!$C7*$A$33+BSSA14_Coeffs!$D7*$A$24+BSSA14_Coeffs!$E7*$A$21+BSSA14_Coeffs!$H7*($A$6-BSSA14_Coeffs!$I7)))","v":2.5669703599999996},{"$f":"IF($A$30=0,((BSSA14_Coeffs!$J7+BSSA14_Coeffs!$K7*($A$6-BSSA14_Coeffs!$M7))*LN(SQRT(BSSA14!$A$12^2+(BSSA14_Coeffs!$O7^2))/BSSA14_Coeffs!$N7)+(BSSA14_Coeffs!$L7+BSSA14_Coeffs!$P7)*(SQRT(BSSA14!$A$12^2+(BSSA14_Coeffs!$O7^2))-BSSA14_Coeffs!$N7)),IF($A$30=1,((BSSA14_Coeffs!$J7+BSSA14_Coeffs!$K7*($A$6-BSSA14_Coeffs!$M7))*LN(SQRT(BSSA14!$A$12^2+(BSSA14_Coeffs!$O7^2))/BSSA14_Coeffs!$N7)+(BSSA14_Coeffs!$L7+BSSA14_Coeffs!$Q7)*(SQRT(BSSA14!$A$12^2+(BSSA14_Coeffs!$O7^2))-BSSA14_Coeffs!$N7)),IF($A$30=3,((BSSA14_Coeffs!$J7+BSSA14_Coeffs!$K7*($A$6-BSSA14_Coeffs!$M7))*LN(SQRT(BSSA14!$A$12^2+(BSSA14_Coeffs!$O7^2))/BSSA14_Coeffs!$N7)+(BSSA14_Coeffs!$L7+BSSA14_Coeffs!$R7)*(SQRT(BSSA14!$A$12^2+(BSSA14_Coeffs!$O7^2))-BSSA14_Coeffs!$N7)), ((BSSA14_Coeffs!$J7+BSSA14_Coeffs!$K7*($A$6-BSSA14_Coeffs!$M7))*LN(SQRT(BSSA14!$A$12^2+(BSSA14_Coeffs!$O7^2))/BSSA14_Coeffs!$N7)+(BSSA14_Coeffs!$L7+BSSA14_Coeffs!$P7)*(SQRT(BSSA14!$A$12^2+(BSSA14_Coeffs!$O7^2))-BSSA14_Coeffs!$N7)))))","v":-1.1115793535081604},{"$f":"IF($A$15<= BSSA14_Coeffs!$T7, BSSA14_Coeffs!$S7 * LN(BSSA14!$A$15/ 760),  BSSA14_Coeffs!$S7* LN(BSSA14_Coeffs!$T7/ 760))","v":0},{"$f":"BSSA14_Coeffs!$V7 + (BSSA14_Coeffs!$X7 * ((EXP(BSSA14_Coeffs!$Y7* (MIN($A$15,760) - 360))) - EXP(BSSA14_Coeffs!$Y7* (760 - 360)))) * LN((BSSA14!$A$38 + BSSA14_Coeffs!$W7) / BSSA14_Coeffs!$W7)","v":0},6.6867939150881961E-3,{"$f":"IF($D8 < 0.65, 0, IF(AND($D8 >= 0.65,$I8 <= (BSSA14_Coeffs!$AA7/ BSSA14_Coeffs!$Z7)), BSSA14_Coeffs!$Z7* BSSA14!$I8, IF(AND($D8>= 0.65,$I8 > (BSSA14_Coeffs!$AA7 /BSSA14_Coeffs!$Z7)), BSSA14_Coeffs!$AA7)))","v":0},0,4.3149157542080934,{"$f":"IF($A$6<=4.5,BSSA14_Coeffs!$AJ7,IF(AND($A$6>4.5,$A$6<5.5),BSSA14_Coeffs!$AJ7+(BSSA14_Coeffs!$AK7-BSSA14_Coeffs!$AJ7)*(BSSA14!$A$6-4.5),BSSA14_Coeffs!$AK7))","v":0.36399999999999999},{"$f":"IF($A$6<=4.5,BSSA14_Coeffs!$AH7,IF(AND($A$6>4.5,$A$6<5.5),BSSA14_Coeffs!$AH7+(BSSA14_Coeffs!$AI7-BSSA14_Coeffs!$AH7)*(BSSA14!$A$6-4.5),BSSA14_Coeffs!$AI7))","v":0.51400000000000001},{"$f":"IF($A$12<=BSSA14_Coeffs!$AB7,BSSA14!$N8,IF(AND($A$12>BSSA14_Coeffs!$AB7,$A$12<=BSSA14_Coeffs!$AC7),$N8+BSSA14_Coeffs!$AD7*(LN($A$12/BSSA14_Coeffs!$AB7)/(LN(BSSA14_Coeffs!$AC7/BSSA14_Coeffs!$AB7))),$N8+BSSA14_Coeffs!$AD7))","v":0.51400000000000001},{"$f":"IF($A$15>=BSSA14_Coeffs!$AG7,$O8,IF(AND($A$15>=BSSA14_Coeffs!$AF7,$A$15<=BSSA14_Coeffs!$AG7),$O8-BSSA14_Coeffs!$AE7*(LN(BSSA14_Coeffs!$AG7/$A$15)/LN(BSSA14_Coeffs!$AG7/BSSA14_Coeffs!$AF7)),$O8-BSSA14_Coeffs!$AE7))","v":0.51400000000000001},0.62983489900131762,0.62983489900131762,0.48706906266111494,0.62983489900131762]
[{"$f":"Main!$B$27","v":3.16},null,null,0.05,{"$f":"IF($A$6<=BSSA14_Coeffs!$I8,(BSSA14_Coeffs!$B8*$A$18+BSSA14_Coeffs!$C8*$A$33+BSSA14_Coeffs!$D8*$A$24+BSSA14_Coeffs!$E8*$A$21+BSSA14_Coeffs!$F8*($A$6-BSSA14_Coeffs!$I8)+BSSA14_Coeffs!$G8*($A$6-BSSA14_Coeffs!I8)^2),(BSSA14_Coeffs!$B8*$A$18+BSSA14_Coeffs!$C8*$A$33+BSSA14_Coeffs!$D8*$A$24+BSSA14_Coeffs!$E8*$A$21+BSSA14_Coeffs!$H8*($A$6-BSSA14_Coeffs!$I8)))","v":2.7295033299999996},{"$f":"IF($A$30=0,((BSSA14_Coeffs!$J8+BSSA14_Coeffs!$K8*($A$6-BSSA14_Coeffs!$M8))*LN(SQRT(BSSA14!$A$12^2+(BSSA14_Coeffs!$O8^2))/BSSA14_Coeffs!$N8)+(BSSA14_Coeffs!$L8+BSSA14_Coeffs!$P8)*(SQRT(BSSA14!$A$12^2+(BSSA14_Coeffs!$O8^2))-BSSA14_Coeffs!$N8)),IF($A$30=1,((BSSA14_Coeffs!$J8+BSSA14_Coeffs!$K8*($A$6-BSSA14_Coeffs!$M8))*LN(SQRT(BSSA14!$A$12^2+(BSSA14_Coeffs!$O8^2))/BSSA14_Coeffs!$N8)+(BSSA14_Coeffs!$L8+BSSA14_Coeffs!$Q8)*(SQRT(BSSA14!$A$12^2+(BSSA14_Coeffs!$O8^2))-BSSA14_Coeffs!$N8)),IF($A$30=3,((BSSA14_Coeffs!$J8+BSSA14_Coeffs!$K8*($A$6-BSSA14_Coeffs!$M8))*LN(SQRT(BSSA14!$A$12^2+(BSSA14_Coeffs!$O8^2))/BSSA14_Coeffs!$N8)+(BSSA14_Coeffs!$L8+BSSA14_Coeffs!$R8)*(SQRT(BSSA14!$A$12^2+(BSSA14_Coeffs!$O8^2))-BSSA14_Coeffs!$N8)), ((BSSA14_Coeffs!$J8+BSSA14_Coeffs!$K8*($A$6-BSSA14_Coeffs!$M8))*LN(SQRT(BSSA14!$A$12^2+(BSSA14_Coeffs!$O8^2))/BSSA14_Coeffs!$N8)+(BSSA14_Coeffs!$L8+BSSA14_Coeffs!$P8)*(SQRT(BSSA14!$A$12^2+(BSSA14_Coeffs!$O8^2))-BSSA14_Coeffs!$N8)))))","v":-1.0353595797191193},{"$f":"IF($A$15<= BSSA14_Coeffs!$T8, BSSA14_Coeffs!$S8 * LN(BSSA14!$A$15/ 760),  BSSA14_Coeffs!$S8* LN(BSSA14_Coeffs!$T8/ 760))","v":0},{"$f":"BSSA14_Coeffs!$V8 + (BSSA14_Coeffs!$X8 * ((EXP(BSSA14_Coeffs!$Y8* (MIN($A$15,760) - 360))) - EXP(BSSA14_Coeffs!$Y8* (760 - 360)))) * LN((BSSA14!$A$38 + BSSA14_Coeffs!$W8) / BSSA14_Coeffs!$W8)","v":0},6.6867939150881961E-3,{"$f":"IF($D9 < 0.65, 0, IF(AND($D9 >= 0.65,$I9 <= (BSSA14_Coeffs!$AA8/ BSSA14_Coeffs!$Z8)), BSSA14_Coeffs!$Z8* BSSA14!$I9, IF(AND($D9>= 0.65,$I9 > (BSSA14_Coeffs!$AA8 /BSSA14_Coeffs!$Z8)), BSSA14_Coeffs!$AA8)))","v":0},0,5.4784956354597032,{"$f":"IF($A$6<=4.5,BSSA14_Coeffs!$AJ8,IF(AND($A$6>4.5,$A$6<5.5),BSSA14_Coeffs!$AJ8+(BSSA14_Coeffs!$AK8-BSSA14_Coeffs!$AJ8)*(BSSA14!$A$6-4.5),BSSA14_Coeffs!$AK8))","v":0.42599999999999999},{"$f":"IF($A$6<=4.5,BSSA14_Coeffs!$AH8,IF(AND($A$6>4.5,$A$6<5.5),BSSA14_Coeffs!$AH8+(BSSA14_Coeffs!$AI8-BSSA14_Coeffs!$AH8)*(BSSA14!$A$6-4.5),BSSA14_Coeffs!$AI8))","v":0.53200000000000003},{"$f":"IF($A$12<=BSSA14_Coeffs!$AB8,BSSA14!$N9,IF(AND($A$12>BSSA14_Coeffs!$AB8,$A$12<=BSSA14_Coeffs!$AC8),$N9+BSSA14_Coeffs!$AD8*(LN($A$12/BSSA14_Coeffs!$AB8)/(LN(BSSA14_Coeffs!$AC8/BSSA14_Coeffs!$AB8))),$N9+BSSA14_Coeffs!$AD8))","v":0.53200000000000003},{"$f":"IF($A$15>=BSSA14_Coeffs!$AG8,$O9,IF(AND($A$15>=BSSA14_Coeffs!$AF8,$A$15<=BSSA14_Coeffs!$AG8),$O9-BSSA14_Coeffs!$AE8*(LN(BSSA14_Coeffs!$AG8/$A$15)/LN(BSSA14_Coeffs!$AG8/BSSA14_Coeffs!$AF8)),$O9-BSSA14_Coeffs!$AE8))","v":0.53200000000000003},0.6815423684555495,0.6815423684555495,0.62414311888776419,0.6815423684555495]
[null,null,null,7.4999999999999997E-2,{"$f":"IF($A$6<=BSSA14_Coeffs!$I9,(BSSA14_Coeffs!$B9*$A$18+BSSA14_Coeffs!$C9*$A$33+BSSA14_Coeffs!$D9*$A$24+BSSA14_Coeffs!$E9*$A$21+BSSA14_Coeffs!$F9*($A$6-BSSA14_Coeffs!$I9)+BSSA14_Coeffs!$G9*($A$6-BSSA14_Coeffs!I9)^2),(BSSA14_Coeffs!$B9*$A$18+BSSA14_Coeffs!$C9*$A$33+BSSA14_Coeffs!$D9*$A$24+BSSA14_Coeffs!$E9*$A$21+BSSA14_Coeffs!$H9*($A$6-BSSA14_Coeffs!$I9)))","v":2.9746178099999998},{"$f":"IF($A$30=0,((BSSA14_Coeffs!$J9+BSSA14_Coeffs!$K9*($A$6-BSSA14_Coeffs!$M9))*LN(SQRT(BSSA14!$A$12^2+(BSSA14_Coeffs!$O9^2))/BSSA14_Coeffs!$N9)+(BSSA14_Coeffs!$L9+BSSA14_Coeffs!$P9)*(SQRT(BSSA14!$A$12^2+(BSSA14_Coeffs!$O9^2))-BSSA14_Coeffs!$N9)),IF($A$30=1,((BSSA14_Coeffs!$J9+BSSA14_Coeffs!$K9*($A$6-BSSA14_Coeffs!$M9))*LN(SQRT(BSSA14!$A$12^2+(BSSA14_Coeffs!$O9^2))/BSSA14_Coeffs!$N9)+(BSSA14_Coeffs!$L9+BSSA14_Coeffs!$Q9)*(SQRT(BSSA14!$A$12^2+(BSSA14_Coeffs!$O9^2))-BSSA14_Coeffs!$N9)),IF($A$30=3,((BSSA14_Coeffs!$J9+BSSA14_Coeffs!$K9*($A$6-BSSA14_Coeffs!$M9))*LN(SQRT(BSSA14!$A$12^2+(BSSA14_Coeffs!$O9^2))/BSSA14_Coeffs!$N9)+(BSSA14_Coeffs!$L9+BSSA14_Coeffs!$R9)*(SQRT(BSSA14!$A$12^2+(BSSA14_Coeffs!$O9^2))-BSSA14_Coeffs!$N9)), ((BSSA14_Coeffs!$J9+BSSA14_Coeffs!$K9*($A$6-BSSA14_Coeffs!$M9))*LN(SQRT(BSSA14!$A$12^2+(BSSA14_Coeffs!$O9^2))/BSSA14_Coeffs!$N9)+(BSSA14_Coeffs!$L9+BSSA14_Coeffs!$P9)*(SQRT(BSSA14!$A$12^2+(BSSA14_Coeffs!$O9^2))-BSSA14_Coeffs!$N9)))))","v":-0.98019501333783066},{"$f":"IF($A$15<= BSSA14_Coeffs!$T9, BSSA14_Coeffs!$S9 * LN(BSSA14!$A$15/ 760),  BSSA14_Coeffs!$S9* LN(BSSA14_Coeffs!$T9/ 760))","v":0},{"$f":"BSSA14_Coeffs!$V9 + (BSSA14_Coeffs!$X9 * ((EXP(BSSA14_Coeffs!$Y9* (MIN($A$15,760) - 360))) - EXP(BSSA14_Coeffs!$Y9* (760 - 360)))) * LN((BSSA14!$A$38 + BSSA14_Coeffs!$W9) / BSSA14_Coeffs!$W9)","v":0},6.6867939150881961E-3,{"$f":"IF($D10 < 0.65, 0, IF(AND($D10 >= 0.65,$I10 <= (BSSA14_Coeffs!$AA9/ BSSA14_Coeffs!$Z9)), BSSA14_Coeffs!$Z9* BSSA14!$I10, IF(AND($D10>= 0.65,$I10 > (BSSA14_Coeffs!$AA9 /BSSA14_Coeffs!$Z9)), BSSA14_Coeffs!$AA9)))","v":0},0,7.3972594763063082,{"$f":"IF($A$6<=4.5,BSSA14_Coeffs!$AJ9,IF(AND($A$6>4.5,$A$6<5.5),BSSA14_Coeffs!$AJ9+(BSSA14_Coeffs!$AK9-BSSA14_Coeffs!$AJ9)*(BSSA14!$A$6-4.5),BSSA14_Coeffs!$AK9))","v":0.46600000000000003},{"$f":"IF($A$6<=4.5,BSSA14_Coeffs!$AH9,IF(AND($A$6>4.5,$A$6<5.5),BSSA14_Coeffs!$AH9+(BSSA14_Coeffs!$AI9-BSSA14_Coeffs!$AH9)*(BSSA14!$A$6-4.5),BSSA14_Coeffs!$AI9))","v":0.54200000000000004},{"$f":"IF($A$12<=BSSA14_Coeffs!$AB9,BSSA14!$N10,IF(AND($A$12>BSSA14_Coeffs!$AB9,$A$12<=BSSA14_Coeffs!$AC9),$N10+BSSA14_Coeffs!$AD9*(LN($A$12/BSSA14_Coeffs!$AB9)/(LN(BSSA14_Coeffs!$AC9/BSSA14_Coeffs!$AB9))),$N10+BSSA14_Coeffs!$AD9))","v":0.54200000000000004},{"$f":"IF($A$15>=BSSA14_Coeffs!$AG9,$O10,IF(AND($A$15>=BSSA14_Coeffs!$AF9,$A$15<=BSSA14_Coeffs!$AG9),$O10-BSSA14_Coeffs!$AE9*(LN(BSSA14_Coeffs!$AG9/$A$15)/LN(BSSA14_Coeffs!$AG9/BSSA14_Coeffs!$AF9)),$O10-BSSA14_Coeffs!$AE9))","v":0.54200000000000004},0.71478668146517677,0.71478668146517677,0.79601279962364657,0.71478668146517677]
["RJB (km)",null,null,0.1,{"$f":"IF($A$6<=BSSA14_Coeffs!$I10,(BSSA14_Coeffs!$B10*$A$18+BSSA14_Coeffs!$C10*$A$33+BSSA14_Coeffs!$D10*$A$24+BSSA14_Coeffs!$E10*$A$21+BSSA14_Coeffs!$F10*($A$6-BSSA14_Coeffs!$I10)+BSSA14_Coeffs!$G10*($A$6-BSSA14_Coeffs!I10)^2),(BSSA14_Coeffs!$B10*$A$18+BSSA14_Coeffs!$C10*$A$33+BSSA14_Coeffs!$D10*$A$24+BSSA14_Coeffs!$E10*$A$21+BSSA14_Coeffs!$H10*($A$6-BSSA14_Coeffs!$I10)))","v":3.0555027355999997},{"$f":"IF($A$30=0,((BSSA14_Coeffs!$J10+BSSA14_Coeffs!$K10*($A$6-BSSA14_Coeffs!$M10))*LN(SQRT(BSSA14!$A$12^2+(BSSA14_Coeffs!$O10^2))/BSSA14_Coeffs!$N10)+(BSSA14_Coeffs!$L10+BSSA14_Coeffs!$P10)*(SQRT(BSSA14!$A$12^2+(BSSA14_Coeffs!$O10^2))-BSSA14_Coeffs!$N10)),IF($A$30=1,((BSSA14_Coeffs!$J10+BSSA14_Coeffs!$K10*($A$6-BSSA14_Coeffs!$M10))*LN(SQRT(BSSA14!$A$12^2+(BSSA14_Coeffs!$O10^2))/BSSA14_Coeffs!$N10)+(BSSA14_Coeffs!$L10+BSSA14_Coeffs!$Q10)*(SQRT(BSSA14!$A$12^2+(BSSA14_Coeffs!$O10^2))-BSSA14_Coeffs!$N10)),IF($A$30=3,((BSSA14_Coeffs!$J10+BSSA14_Coeffs!$K10*($A$6-BSSA14_Coeffs!$M10))*LN(SQRT(BSSA14!$A$12^2+(BSSA14_Coeffs!$O10^2))/BSSA14_Coeffs!$N10)+(BSSA14_Coeffs!$L10+BSSA14_Coeffs!$R10)*(SQRT(BSSA14!$A$12^2+(BSSA14_Coeffs!$O10^2))-BSSA14_Coeffs!$N10)), ((BSSA14_Coeffs!$J10+BSSA14_Coeffs!$K10*($A$6-BSSA14_Coeffs!$M10))*LN(SQRT(BSSA14!$A$12^2+(BSSA14_Coeffs!$O10^2))/BSSA14_Coeffs!$N10)+(BSSA14_Coeffs!$L10+BSSA14_Coeffs!$P10)*(SQRT(BSSA14!$A$12^2+(BSSA14_Coeffs!$O10^2))-BSSA14_Coeffs!$N10)))))","v":-1.0017965880624211},{"$f":"IF($A$15<= BSSA14_Coeffs!$T10, BSSA14_Coeffs!$S10 * LN(BSSA14!$A$15/ 760),  BSSA14_Coeffs!$S10* LN(BSSA14_Coeffs!$T10/ 760))","v":0},{"$f":"BSSA14_Coeffs!$V10 + (BSSA14_Coeffs!$X10 * ((EXP(BSSA14_Coeffs!$Y10* (MIN($A$15,760) - 360))) - EXP(BSSA14_Coeffs!$Y10* (760 - 360)))) * LN((BSSA14!$A$38 + BSSA14_Coeffs!$W10) / BSSA14_Coeffs!$W10)","v":0},6.6867939150881961E-3,{"$f":"IF($D11 < 0.65, 0, IF(AND($D11 >= 0.65,$I11 <= (BSSA14_Coeffs!$AA10/ BSSA14_Coeffs!$Z10)), BSSA14_Coeffs!$Z10* BSSA14!$I11, IF(AND($D11>= 0.65,$I11 > (BSSA14_Coeffs!$AA10 /BSSA14_Coeffs!$Z10)), BSSA14_Coeffs!$AA10)))","v":0},0,7.8490534228932205,{"$f":"IF($A$6<=4.5,BSSA14_Coeffs!$AJ10,IF(AND($A$6>4.5,$A$6<5.5),BSSA14_Coeffs!$AJ10+(BSSA14_Coeffs!$AK10-BSSA14_Coeffs!$AJ10)*(BSSA14!$A$6-4.5),BSSA14_Coeffs!$AK10))","v":0.45800000000000002},{"$f":"IF($A$6<=4.5,BSSA14_Coeffs!$AH10,IF(AND($A$6>4.5,$A$6<5.5),BSSA14_Coeffs!$AH10+(BSSA14_Coeffs!$AI10-BSSA14_Coeffs!$AH10)*(BSSA14!$A$6-4.5),BSSA14_Coeffs!$AI10))","v":0.54100000000000004},{"$f":"IF($A$12<=BSSA14_Coeffs!$AB10,BSSA14!$N11,IF(AND($A$12>BSSA14_Coeffs!$AB10,$A$12<=BSSA14_Coeffs!$AC10),$N11+BSSA14_Coeffs!$AD10*(LN($A$12/BSSA14_Coeffs!$AB10)/(LN(BSSA14_Coeffs!$AC10/BSSA14_Coeffs!$AB10))),$N11+BSSA14_Coeffs!$AD10))","v":0.54100000000000004},{"$f":"IF($A$15>=BSSA14_Coeffs!$AG10,$O11,IF(AND($A$15>=BSSA14_Coeffs!$AF10,$A$15<=BSSA14_Coeffs!$AG10),$O11-BSSA14_Coeffs!$AE10*(LN(BSSA14_Coeffs!$AG10/$A$15)/LN(BSSA14_Coeffs!$AG10/BSSA14_Coeffs!$AF10)),$O11-BSSA14_Coeffs!$AE10))","v":0.54100000000000004},0.70883354886743333,0.70883354886743333,0.91864512184730351,0.70883354886743333]
[{"$f":"Main!$B$30","v":1},{"$f":"IF(AND($A$12>=0, $A$12<=400),\"\",\"! Not Applicable !\")","v":""},null,0.15,{"$f":"IF($A$6<=BSSA14_Coeffs!$I11,(BSSA14_Coeffs!$B11*$A$18+BSSA14_Coeffs!$C11*$A$33+BSSA14_Coeffs!$D11*$A$24+BSSA14_Coeffs!$E11*$A$21+BSSA14_Coeffs!$F11*($A$6-BSSA14_Coeffs!$I11)+BSSA14_Coeffs!$G11*($A$6-BSSA14_Coeffs!I11)^2),(BSSA14_Coeffs!$B11*$A$18+BSSA14_Coeffs!$C11*$A$33+BSSA14_Coeffs!$D11*$A$24+BSSA14_Coeffs!$E11*$A$21+BSSA14_Coeffs!$H11*($A$6-BSSA14_Coeffs!$I11)))","v":2.6622997659999994},{"$f":"IF($A$30=0,((BSSA14_Coeffs!$J11+BSSA14_Coeffs!$K11*($A$6-BSSA14_Coeffs!$M11))*LN(SQRT(BSSA14!$A$12^2+(BSSA14_Coeffs!$O11^2))/BSSA14_Coeffs!$N11)+(BSSA14_Coeffs!$L11+BSSA14_Coeffs!$P11)*(SQRT(BSSA14!$A$12^2+(BSSA14_Coeffs!$O11^2))-BSSA14_Coeffs!$N11)),IF($A$30=1,((BSSA14_Coeffs!$J11+BSSA14_Coeffs!$K11*($A$6-BSSA14_Coeffs!$M11))*LN(SQRT(BSSA14!$A$12^2+(BSSA14_Coeffs!$O11^2))/BSSA14_Coeffs!$N11)+(BSSA14_Coeffs!$L11+BSSA14_Coeffs!$Q11)*(SQRT(BSSA14!$A$12^2+(BSSA14_Coeffs!$O11^2))-BSSA14_Coeffs!$N11)),IF($A$30=3,((BSSA14_Coeffs!$J11+BSSA14_Coeffs!$K11*($A$6-BSSA14_Coeffs!$M11))*LN(SQRT(BSSA14!$A$12^2+(BSSA14_Coeffs!$O11^2))/BSSA14_Coeffs!$N11)+(BSSA14_Coeffs!$L11+BSSA14_Coeffs!$R11)*(SQRT(BSSA14!$A$12^2+(BSSA14_Coeffs!$O11^2))-BSSA14_Coeffs!$N11)), ((BSSA14_Coeffs!$J11+BSSA14_Coeffs!$K11*($A$6-BSSA14_Coeffs!$M11))*LN(SQRT(BSSA14!$A$12^2+(BSSA14_Coeffs!$O11^2))/BSSA14_Coeffs!$N11)+(BSSA14_Coeffs!$L11+BSSA14_Coeffs!$P11)*(SQRT(BSSA14!$A$12^2+(BSSA14_Coeffs!$O11^2))-BSSA14_Coeffs!$N11)))))","v":-1.0831382531766718},{"$f":"IF($A$15<= BSSA14_Coeffs!$T11, BSSA14_Coeffs!$S11 * LN(BSSA14!$A$15/ 760),  BSSA14_Coeffs!$S11* LN(BSSA14_Coeffs!$T11/ 760))","v":0},{"$f":"BSSA14_Coeffs!$V11 + (BSSA14_Coeffs!$X11 * ((EXP(BSSA14_Coeffs!$Y11* (MIN($A$15,760) - 360))) - EXP(BSSA14_Coeffs!$Y11* (760 - 360)))) * LN((BSSA14!$A$38 + BSSA14_Coeffs!$W11) / BSSA14_Coeffs!$W11)","v":0},6.6867939150881961E-3,{"$f":"IF($D12 < 0.65, 0, IF(AND($D12 >= 0.65,$I12 <= (BSSA14_Coeffs!$AA11/ BSSA14_Coeffs!$Z11)), BSSA14_Coeffs!$Z11* BSSA14!$I12, IF(AND($D12>= 0.65,$I12 > (BSSA14_Coeffs!$AA11 /BSSA14_Coeffs!$Z11)), BSSA14_Coeffs!$AA11)))","v":0},0,4.8834322703927366,{"$f":"IF($A$6<=4.5,BSSA14_Coeffs!$AJ11,IF(AND($A$6>4.5,$A$6<5.5),BSSA14_Coeffs!$AJ11+(BSSA14_Coeffs!$AK11-BSSA14_Coeffs!$AJ11)*(BSSA14!$A$6-4.5),BSSA14_Coeffs!$AK11))","v":0.38800000000000001},{"$f":"IF($A$6<=4.5,BSSA14_Coeffs!$AH11,IF(AND($A$6>4.5,$A$6<5.5),BSSA14_Coeffs!$AH11+(BSSA14_Coeffs!$AI11-BSSA14_Coeffs!$AH11)*(BSSA14!$A$6-4.5),BSSA14_Coeffs!$AI11))","v":0.53700000000000003},{"$f":"IF($A$12<=BSSA14_Coeffs!$AB11,BSSA14!$N12,IF(AND($A$12>BSSA14_Coeffs!$AB11,$A$12<=BSSA14_Coeffs!$AC11),$N12+BSSA14_Coeffs!$AD11*(LN($A$12/BSSA14_Coeffs!$AB11)/(LN(BSSA14_Coeffs!$AC11/BSSA14_Coeffs!$AB11))),$N12+BSSA14_Coeffs!$AD11))","v":0.53700000000000003},{"$f":"IF($A$15>=BSSA14_Coeffs!$AG11,$O12,IF(AND($A$15>=BSSA14_Coeffs!$AF11,$A$15<=BSSA14_Coeffs!$AG11),$O12-BSSA14_Coeffs!$AE11*(LN(BSSA14_Coeffs!$AG11/$A$15)/LN(BSSA14_Coeffs!$AG11/BSSA14_Coeffs!$AF11)),$O12-BSSA14_Coeffs!$AE11))","v":0.53700000000000003},0.66250509432003624,0.66250509432003624,1.0743129562789753,0.66250509432003624]
[null,null,null,0.2,{"$f":"IF($A$6<=BSSA14_Coeffs!$I12,(BSSA14_Coeffs!$B12*$A$18+BSSA14_Coeffs!$C12*$A$33+BSSA14_Coeffs!$D12*$A$24+BSSA14_Coeffs!$E12*$A$21+BSSA14_Coeffs!$F12*($A$6-BSSA14_Coeffs!$I12)+BSSA14_Coeffs!$G12*($A$6-BSSA14_Coeffs!I12)^2),(BSSA14_Coeffs!$B12*$A$18+BSSA14_Coeffs!$C12*$A$33+BSSA14_Coeffs!$D12*$A$24+BSSA14_Coeffs!$E12*$A$21+BSSA14_Coeffs!$H12*($A$6-BSSA14_Coeffs!$I12)))","v":2.2717845759999999},{"$f":"IF($A$30=0,((BSSA14_Coeffs!$J12+BSSA14_Coeffs!$K12*($A$6-BSSA14_Coeffs!$M12))*LN(SQRT(BSSA14!$A$12^2+(BSSA14_Coeffs!$O12^2))/BSSA14_Coeffs!$N12)+(BSSA14_Coeffs!$L12+BSSA14_Coeffs!$P12)*(SQRT(BSSA14!$A$12^2+(BSSA14_Coeffs!$O12^2))-BSSA14_Coeffs!$N12)),IF($A$30=1,((BSSA14_Coeffs!$J12+BSSA14_Coeffs!$K12*($A$6-BSSA14_Coeffs!$M12))*LN(SQRT(BSSA14!$A$12^2+(BSSA14_Coeffs!$O12^2))/BSSA14_Coeffs!$N12)+(BSSA14_Coeffs!$L12+BSSA14_Coeffs!$Q12)*(SQRT(BSSA14!$A$12^2+(BSSA14_Coeffs!$O12^2))-BSSA14_Coeffs!$N12)),IF($A$30=3,((BSSA14_Coeffs!$J12+BSSA14_Coeffs!$K12*($A$6-BSSA14_Coeffs!$M12))*LN(SQRT(BSSA14!$A$12^2+(BSSA14_Coeffs!$O12^2))/BSSA14_Coeffs!$N12)+(BSSA14_Coeffs!$L12+BSSA14_Coeffs!$R12)*(SQRT(BSSA14!$A$12^2+(BSSA14_Coeffs!$O12^2))-BSSA14_Coeffs!$N12)), ((BSSA14_Coeffs!$J12+BSSA14_Coeffs!$K12*($A$6-BSSA14_Coeffs!$M12))*LN(SQRT(BSSA14!$A$12^2+(BSSA14_Coeffs!$O12^2))/BSSA14_Coeffs!$N12)+(BSSA14_Coeffs!$L12+BSSA14_Coeffs!$P12)*(SQRT(BSSA14!$A$12^2+(BSSA14_Coeffs!$O12^2))-BSSA14_Coeffs!$N12)))))","v":-1.1571240621765444},{"$f":"IF($A$15<= BSSA14_Coeffs!$T12, BSSA14_Coeffs!$S12 * LN(BSSA14!$A$15/ 760),  BSSA14_Coeffs!$S12* LN(BSSA14_Coeffs!$T12/ 760))","v":0},{"$f":"BSSA14_Coeffs!$V12 + (BSSA14_Coeffs!$X12 * ((EXP(BSSA14_Coeffs!$Y12* (MIN($A$15,760) - 360))) - EXP(BSSA14_Coeffs!$Y12* (760 - 360)))) * LN((BSSA14!$A$38 + BSSA14_Coeffs!$W12) / BSSA14_Coeffs!$W12)","v":0},6.6867939150881961E-3,{"$f":"IF($D13 < 0.65, 0, IF(AND($D13 >= 0.65,$I13 <= (BSSA14_Coeffs!$AA12/ BSSA14_Coeffs!$Z12)), BSSA14_Coeffs!$Z12* BSSA14!$I13, IF(AND($D13>= 0.65,$I13 > (BSSA14_Coeffs!$AA12 /BSSA14_Coeffs!$Z12)), BSSA14_Coeffs!$AA12)))","v":0},0,3.0689862880484307,{"$f":"IF($A$6<=4.5,BSSA14_Coeffs!$AJ12,IF(AND($A$6>4.5,$A$6<5.5),BSSA14_Coeffs!$AJ12+(BSSA14_Coeffs!$AK12-BSSA14_Coeffs!$AJ12)*(BSSA14!$A$6-4.5),BSSA14_Coeffs!$AK12))","v":0.309},{"$f":"IF($A$6<=4.5,BSSA14_Coeffs!$AH12,IF(AND($A$6>4.5,$A$6<5.5),BSSA14_Coeffs!$AH12+(BSSA14_Coeffs!$AI12-BSSA14_Coeffs!$AH12)*(BSSA14!$A$6-4.5),BSSA14_Coeffs!$AI12))","v":0.53900000000000003},{"$f":"IF($A$12<=BSSA14_Coeffs!$AB12,BSSA14!$N13,IF(AND($A$12>BSSA14_Coeffs!$AB12,$A$12<=BSSA14_Coeffs!$AC12),$N13+BSSA14_Coeffs!$AD12*(LN($A$12/BSSA14_Coeffs!$AB12)/(LN(BSSA14_Coeffs!$AC12/BSSA14_Coeffs!$AB12))),$N13+BSSA14_Coeffs!$AD12))","v":0.53900000000000003},{"$f":"IF($A$15>=BSSA14_Coeffs!$AG12,$O13,IF(AND($A$15>=BSSA14_Coeffs!$AF12,$A$15<=BSSA14_Coeffs!$AG12),$O13-BSSA14_Coeffs!$AE12*(LN(BSSA14_Coeffs!$AG12/$A$15)/LN(BSSA14_Coeffs!$AG12/BSSA14_Coeffs!$AF12)),$O13-BSSA14_Coeffs!$AE12))","v":0.53900000000000003},0.62129059223522776,0.62129059223522776,1.0643649580829047,0.62129059223522776]
["VS30 (m/s)",null,null,0.25,{"$f":"IF($A$6<=BSSA14_Coeffs!$I13,(BSSA14_Coeffs!$B13*$A$18+BSSA14_Coeffs!$C13*$A$33+BSSA14_Coeffs!$D13*$A$24+BSSA14_Coeffs!$E13*$A$21+BSSA14_Coeffs!$F13*($A$6-BSSA14_Coeffs!$I13)+BSSA14_Coeffs!$G13*($A$6-BSSA14_Coeffs!I13)^2),(BSSA14_Coeffs!$B13*$A$18+BSSA14_Coeffs!$C13*$A$33+BSSA14_Coeffs!$D13*$A$24+BSSA14_Coeffs!$E13*$A$21+BSSA14_Coeffs!$H13*($A$6-BSSA14_Coeffs!$I13)))","v":1.9729518750000001},{"$f":"IF($A$30=0,((BSSA14_Coeffs!$J13+BSSA14_Coeffs!$K13*($A$6-BSSA14_Coeffs!$M13))*LN(SQRT(BSSA14!$A$12^2+(BSSA14_Coeffs!$O13^2))/BSSA14_Coeffs!$N13)+(BSSA14_Coeffs!$L13+BSSA14_Coeffs!$P13)*(SQRT(BSSA14!$A$12^2+(BSSA14_Coeffs!$O13^2))-BSSA14_Coeffs!$N13)),IF($A$30=1,((BSSA14_Coeffs!$J13+BSSA14_Coeffs!$K13*($A$6-BSSA14_Coeffs!$M13))*LN(SQRT(BSSA14!$A$12^2+(BSSA14_Coeffs!$O13^2))/BSSA14_Coeffs!$N13)+(BSSA14_Coeffs!$L13+BSSA14_Coeffs!$Q13)*(SQRT(BSSA14!$A$12^2+(BSSA14_Coeffs!$O13^2))-BSSA14_Coeffs!$N13)),IF($A$30=3,((BSSA14_Coeffs!$J13+BSSA14_Coeffs!$K13*($A$6-BSSA14_Coeffs!$M13))*LN(SQRT(BSSA14!$A$12^2+(BSSA14_Coeffs!$O13^2))/BSSA14_Coeffs!$N13)+(BSSA14_Coeffs!$L13+BSSA14_Coeffs!$R13)*(SQRT(BSSA14!$A$12^2+(BSSA14_Coeffs!$O13^2))-BSSA14_Coeffs!$N13)), ((BSSA14_Coeffs!$J13+BSSA14_Coeffs!$K13*($A$6-BSSA14_Coeffs!$M13))*LN(SQRT(BSSA14!$A$12^2+(BSSA14_Coeffs!$O13^2))/BSSA14_Coeffs!$N13)+(BSSA14_Coeffs!$L13+BSSA14_Coeffs!$P13)*(SQRT(BSSA14!$A$12^2+(BSSA14_Coeffs!$O13^2))-BSSA14_Coeffs!$N13)))))","v":-1.2258432344063823},{"$f":"IF($A$15<= BSSA14_Coeffs!$T13, BSSA14_Coeffs!$S13 * LN(BSSA14!$A$15/ 760),  BSSA14_Coeffs!$S13* LN(BSSA14_Coeffs!$T13/ 760))","v":0},{"$f":"BSSA14_Coeffs!$V13 + (BSSA14_Coeffs!$X13 * ((EXP(BSSA14_Coeffs!$Y13* (MIN($A$15,760) - 360))) - EXP(BSSA14_Coeffs!$Y13* (760 - 360)))) * LN((BSSA14!$A$38 + BSSA14_Coeffs!$W13) / BSSA14_Coeffs!$W13)","v":0},6.6867939150881961E-3,{"$f":"IF($D14 < 0.65, 0, IF(AND($D14 >= 0.65,$I14 <= (BSSA14_Coeffs!$AA13/ BSSA14_Coeffs!$Z13)), BSSA14_Coeffs!$Z13* BSSA14!$I14, IF(AND($D14>= 0.65,$I14 > (BSSA14_Coeffs!$AA13 /BSSA14_Coeffs!$Z13)), BSSA14_Coeffs!$AA13)))","v":0},0,2.1250502188745797,{"$f":"IF($A$6<=4.5,BSSA14_Coeffs!$AJ13,IF(AND($A$6>4.5,$A$6<5.5),BSSA14_Coeffs!$AJ13+(BSSA14_Coeffs!$AK13-BSSA14_Coeffs!$AJ13)*(BSSA14!$A$6-4.5),BSSA14_Coeffs!$AK13))","v":0.26600000000000001},{"$f":"IF($A$6<=4.5,BSSA14_Coeffs!$AH13,IF(AND($A$6>4.5,$A$6<5.5),BSSA14_Coeffs!$AH13+(BSSA14_Coeffs!$AI13-BSSA14_Coeffs!$AH13)*(BSSA14!$A$6-4.5),BSSA14_Coeffs!$AI13))","v":0.54700000000000004},{"$f":"IF($A$12<=BSSA14_Coeffs!$AB13,BSSA14!$N14,IF(AND($A$12>BSSA14_Coeffs!$AB13,$A$12<=BSSA14_Coeffs!$AC13),$N14+BSSA14_Coeffs!$AD13*(LN($A$12/BSSA14_Coeffs!$AB13)/(LN(BSSA14_Coeffs!$AC13/BSSA14_Coeffs!$AB13))),$N14+BSSA14_Coeffs!$AD13))","v":0.54700000000000004},{"$f":"IF($A$15>=BSSA14_Coeffs!$AG13,$O14,IF(AND($A$15>=BSSA14_Coeffs!$AF13,$A$15<=BSSA14_Coeffs!$AG13),$O14-BSSA14_Coeffs!$AE13*(LN(BSSA14_Coeffs!$AG13/$A$15)/LN(BSSA14_Coeffs!$AG13/BSSA14_Coeffs!$AF13)),$O14-BSSA14_Coeffs!$AE13))","v":0.54700000000000004},0.60824748252664396,0.60824748252664396,0.98017589923701642,0.60824748252664396]
[{"$f":"Main!$B$39","v":760},{"$f":"IF($A$15<150,\"! Not Applicable !\", IF(AND(A15>=150, A15<=1500),\"\",\"! Not Applicable !\"))","v":""},null,0.3,{"$f":"IF($A$6<=BSSA14_Coeffs!$I14,(BSSA14_Coeffs!$B14*$A$18+BSSA14_Coeffs!$C14*$A$33+BSSA14_Coeffs!$D14*$A$24+BSSA14_Coeffs!$E14*$A$21+BSSA14_Coeffs!$F14*($A$6-BSSA14_Coeffs!$I14)+BSSA14_Coeffs!$G14*($A$6-BSSA14_Coeffs!I14)^2),(BSSA14_Coeffs!$B14*$A$18+BSSA14_Coeffs!$C14*$A$33+BSSA14_Coeffs!$D14*$A$24+BSSA14_Coeffs!$E14*$A$21+BSSA14_Coeffs!$H14*($A$6-BSSA14_Coeffs!$I14)))","v":1.7862275600000002},{"$f":"IF($A$30=0,((BSSA14_Coeffs!$J14+BSSA14_Coeffs!$K14*($A$6-BSSA14_Coeffs!$M14))*LN(SQRT(BSSA14!$A$12^2+(BSSA14_Coeffs!$O14^2))/BSSA14_Coeffs!$N14)+(BSSA14_Coeffs!$L14+BSSA14_Coeffs!$P14)*(SQRT(BSSA14!$A$12^2+(BSSA14_Coeffs!$O14^2))-BSSA14_Coeffs!$N14)),IF($A$30=1,((BSSA14_Coeffs!$J14+BSSA14_Coeffs!$K14*($A$6-BSSA14_Coeffs!$M14))*LN(SQRT(BSSA14!$A$12^2+(BSSA14_Coeffs!$O14^2))/BSSA14_Coeffs!$N14)+(BSSA14_Coeffs!$L14+BSSA14_Coeffs!$Q14)*(SQRT(BSSA14!$A$12^2+(BSSA14_Coeffs!$O14^2))-BSSA14_Coeffs!$N14)),IF($A$30=3,((BSSA14_Coeffs!$J14+BSSA14_Coeffs!$K14*($A$6-BSSA14_Coeffs!$M14))*LN(SQRT(BSSA14!$A$12^2+(BSSA14_Coeffs!$O14^2))/BSSA14_Coeffs!$N14)+(BSSA14_Coeffs!$L14+BSSA14_Coeffs!$R14)*(SQRT(BSSA14!$A$12^2+(BSSA14_Coeffs!$O14^2))-BSSA14_Coeffs!$N14)), ((BSSA14_Coeffs!$J14+BSSA14_Coeffs!$K14*($A$6-BSSA14_Coeffs!$M14))*LN(SQRT(BSSA14!$A$12^2+(BSSA14_Coeffs!$O14^2))/BSSA14_Coeffs!$N14)+(BSSA14_Coeffs!$L14+BSSA14_Coeffs!$P14)*(SQRT(BSSA14!$A$12^2+(BSSA14_Coeffs!$O14^2))-BSSA14_Coeffs!$N14)))))","v":-1.2932638387774211},{"$f":"IF($A$15<= BSSA14_Coeffs!$T14, BSSA14_Coeffs!$S14 * LN(BSSA14!$A$15/ 760),  BSSA14_Coeffs!$S14* LN(BSSA14_Coeffs!$T14/ 760))","v":0},{"$f":"BSSA14_Coeffs!$V14 + (BSSA14_Coeffs!$X14 * ((EXP(BSSA14_Coeffs!$Y14* (MIN($A$15,760) - 360))) - EXP(BSSA14_Coeffs!$Y14* (760 - 360)))) * LN((BSSA14!$A$38 + BSSA14_Coeffs!$W14) / BSSA14_Coeffs!$W14)","v":0},6.6867939150881961E-3,{"$f":"IF($D15 < 0.65, 0, IF(AND($D15 >= 0.65,$I15 <= (BSSA14_Coeffs!$AA14/ BSSA14_Coeffs!$Z14)), BSSA14_Coeffs!$Z14* BSSA14!$I15, IF(AND($D15>= 0.65,$I15 > (BSSA14_Coeffs!$AA14 /BSSA14_Coeffs!$Z14)), BSSA14_Coeffs!$AA14)))","v":0},0,1.648145168249219,{"$f":"IF($A$6<=4.5,BSSA14_Coeffs!$AJ14,IF(AND($A$6>4.5,$A$6<5.5),BSSA14_Coeffs!$AJ14+(BSSA14_Coeffs!$AK14-BSSA14_Coeffs!$AJ14)*(BSSA14!$A$6-4.5),BSSA14_Coeffs!$AK14))","v":0.22900000000000001},{"$f":"IF($A$6<=4.5,BSSA14_Coeffs!$AH14,IF(AND($A$6>4.5,$A$6<5.5),BSSA14_Coeffs!$AH14+(BSSA14_Coeffs!$AI14-BSSA14_Coeffs!$AH14)*(BSSA14!$A$6-4.5),BSSA14_Coeffs!$AI14))","v":0.56100000000000005},{"$f":"IF($A$12<=BSSA14_Coeffs!$AB14,BSSA14!$N15,IF(AND($A$12>BSSA14_Coeffs!$AB14,$A$12<=BSSA14_Coeffs!$AC14),$N15+BSSA14_Coeffs!$AD14*(LN($A$12/BSSA14_Coeffs!$AB14)/(LN(BSSA14_Coeffs!$AC14/BSSA14_Coeffs!$AB14))),$N15+BSSA14_Coeffs!$AD14))","v":0.56100000000000005},{"$f":"IF($A$15>=BSSA14_Coeffs!$AG14,$O15,IF(AND($A$15>=BSSA14_Coeffs!$AF14,$A$15<=BSSA14_Coeffs!$AG14),$O15-BSSA14_Coeffs!$AE14*(LN(BSSA14_Coeffs!$AG14/$A$15)/LN(BSSA14_Coeffs!$AG14/BSSA14_Coeffs!$AF14)),$O15-BSSA14_Coeffs!$AE14))","v":0.56100000000000005},0.60593894081829736,0.60593894081829736,0.89185819007488532,0.60593894081829736]
[null,null,null,0.4,{"$f":"IF($A$6<=BSSA14_Coeffs!$I15,(BSSA14_Coeffs!$B15*$A$18+BSSA14_Coeffs!$C15*$A$33+BSSA14_Coeffs!$D15*$A$24+BSSA14_Coeffs!$E15*$A$21+BSSA14_Coeffs!$F15*($A$6-BSSA14_Coeffs!$I15)+BSSA14_Coeffs!$G15*($A$6-BSSA14_Coeffs!I15)^2),(BSSA14_Coeffs!$B15*$A$18+BSSA14_Coeffs!$C15*$A$33+BSSA14_Coeffs!$D15*$A$24+BSSA14_Coeffs!$E15*$A$21+BSSA14_Coeffs!$H15*($A$6-BSSA14_Coeffs!$I15)))","v":1.6206071999999998},{"$f":"IF($A$30=0,((BSSA14_Coeffs!$J15+BSSA14_Coeffs!$K15*($A$6-BSSA14_Coeffs!$M15))*LN(SQRT(BSSA14!$A$12^2+(BSSA14_Coeffs!$O15^2))/BSSA14_Coeffs!$N15)+(BSSA14_Coeffs!$L15+BSSA14_Coeffs!$P15)*(SQRT(BSSA14!$A$12^2+(BSSA14_Coeffs!$O15^2))-BSSA14_Coeffs!$N15)),IF($A$30=1,((BSSA14_Coeffs!$J15+BSSA14_Coeffs!$K15*($A$6-BSSA14_Coeffs!$M15))*LN(SQRT(BSSA14!$A$12^2+(BSSA14_Coeffs!$O15^2))/BSSA14_Coeffs!$N15)+(BSSA14_Coeffs!$L15+BSSA14_Coeffs!$Q15)*(SQRT(BSSA14!$A$12^2+(BSSA14_Coeffs!$O15^2))-BSSA14_Coeffs!$N15)),IF($A$30=3,((BSSA14_Coeffs!$J15+BSSA14_Coeffs!$K15*($A$6-BSSA14_Coeffs!$M15))*LN(SQRT(BSSA14!$A$12^2+(BSSA14_Coeffs!$O15^2))/BSSA14_Coeffs!$N15)+(BSSA14_Coeffs!$L15+BSSA14_Coeffs!$R15)*(SQRT(BSSA14!$A$12^2+(BSSA14_Coeffs!$O15^2))-BSSA14_Coeffs!$N15)), ((BSSA14_Coeffs!$J15+BSSA14_Coeffs!$K15*($A$6-BSSA14_Coeffs!$M15))*LN(SQRT(BSSA14!$A$12^2+(BSSA14_Coeffs!$O15^2))/BSSA14_Coeffs!$N15)+(BSSA14_Coeffs!$L15+BSSA14_Coeffs!$P15)*(SQRT(BSSA14!$A$12^2+(BSSA14_Coeffs!$O15^2))-BSSA14_Coeffs!$N15)))))","v":-1.4053536267567881},{"$f":"IF($A$15<= BSSA14_Coeffs!$T15, BSSA14_Coeffs!$S15 * LN(BSSA14!$A$15/ 760),  BSSA14_Coeffs!$S15* LN(BSSA14_Coeffs!$T15/ 760))","v":0},{"$f":"BSSA14_Coeffs!$V15 + (BSSA14_Coeffs!$X15 * ((EXP(BSSA14_Coeffs!$Y15* (MIN($A$15,760) - 360))) - EXP(BSSA14_Coeffs!$Y15* (760 - 360)))) * LN((BSSA14!$A$38 + BSSA14_Coeffs!$W15) / BSSA14_Coeffs!$W15)","v":0},6.6867939150881961E-3,{"$f":"IF($D16 < 0.65, 0, IF(AND($D16 >= 0.65,$I16 <= (BSSA14_Coeffs!$AA15/ BSSA14_Coeffs!$Z15)), BSSA14_Coeffs!$Z15* BSSA14!$I16, IF(AND($D16>= 0.65,$I16 > (BSSA14_Coeffs!$AA15 /BSSA14_Coeffs!$Z15)), BSSA14_Coeffs!$AA15)))","v":0},0,1.2484969242249191,{"$f":"IF($A$6<=4.5,BSSA14_Coeffs!$AJ15,IF(AND($A$6>4.5,$A$6<5.5),BSSA14_Coeffs!$AJ15+(BSSA14_Coeffs!$AK15-BSSA14_Coeffs!$AJ15)*(BSSA14!$A$6-4.5),BSSA14_Coeffs!$AK15))","v":0.21},{"$f":"IF($A$6<=4.5,BSSA14_Coeffs!$AH15,IF(AND($A$6>4.5,$A$6<5.5),BSSA14_Coeffs!$AH15+(BSSA14_Coeffs!$AI15-BSSA14_Coeffs!$AH15)*(BSSA14!$A$6-4.5),BSSA14_Coeffs!$AI15))","v":0.57999999999999996},{"$f":"IF($A$12<=BSSA14_Coeffs!$AB15,BSSA14!$N16,IF(AND($A$12>BSSA14_Coeffs!$AB15,$A$12<=BSSA14_Coeffs!$AC15),$N16+BSSA14_Coeffs!$AD15*(LN($A$12/BSSA14_Coeffs!$AB15)/(LN(BSSA14_Coeffs!$AC15/BSSA14_Coeffs!$AB15))),$N16+BSSA14_Coeffs!$AD15))","v":0.57999999999999996},{"$f":"IF($A$15>=BSSA14_Coeffs!$AG15,$O16,IF(AND($A$15>=BSSA14_Coeffs!$AF15,$A$15<=BSSA14_Coeffs!$AG15),$O16-BSSA14_Coeffs!$AE15*(LN(BSSA14_Coeffs!$AG15/$A$15)/LN(BSSA14_Coeffs!$AG15/BSSA14_Coeffs!$AF15)),$O16-BSSA14_Coeffs!$AE15))","v":0.57999999999999996},0.61684682053164541,0.61684682053164541,0.7424000525272948,0.61684682053164541]
["U","0: Specified fault mech.",null,0.5,{"$f":"IF($A$6<=BSSA14_Coeffs!$I16,(BSSA14_Coeffs!$B16*$A$18+BSSA14_Coeffs!$C16*$A$33+BSSA14_Coeffs!$D16*$A$24+BSSA14_Coeffs!$E16*$A$21+BSSA14_Coeffs!$F16*($A$6-BSSA14_Coeffs!$I16)+BSSA14_Coeffs!$G16*($A$6-BSSA14_Coeffs!I16)^2),(BSSA14_Coeffs!$B16*$A$18+BSSA14_Coeffs!$C16*$A$33+BSSA14_Coeffs!$D16*$A$24+BSSA14_Coeffs!$E16*$A$21+BSSA14_Coeffs!$H16*($A$6-BSSA14_Coeffs!$I16)))","v":1.5294207999999998},{"$f":"IF($A$30=0,((BSSA14_Coeffs!$J16+BSSA14_Coeffs!$K16*($A$6-BSSA14_Coeffs!$M16))*LN(SQRT(BSSA14!$A$12^2+(BSSA14_Coeffs!$O16^2))/BSSA14_Coeffs!$N16)+(BSSA14_Coeffs!$L16+BSSA14_Coeffs!$P16)*(SQRT(BSSA14!$A$12^2+(BSSA14_Coeffs!$O16^2))-BSSA14_Coeffs!$N16)),IF($A$30=1,((BSSA14_Coeffs!$J16+BSSA14_Coeffs!$K16*($A$6-BSSA14_Coeffs!$M16))*LN(SQRT(BSSA14!$A$12^2+(BSSA14_Coeffs!$O16^2))/BSSA14_Coeffs!$N16)+(BSSA14_Coeffs!$L16+BSSA14_Coeffs!$Q16)*(SQRT(BSSA14!$A$12^2+(BSSA14_Coeffs!$O16^2))-BSSA14_Coeffs!$N16)),IF($A$30=3,((BSSA14_Coeffs!$J16+BSSA14_Coeffs!$K16*($A$6-BSSA14_Coeffs!$M16))*LN(SQRT(BSSA14!$A$12^2+(BSSA14_Coeffs!$O16^2))/BSSA14_Coeffs!$N16)+(BSSA14_Coeffs!$L16+BSSA14_Coeffs!$R16)*(SQRT(BSSA14!$A$12^2+(BSSA14_Coeffs!$O16^2))-BSSA14_Coeffs!$N16)), ((BSSA14_Coeffs!$J16+BSSA14_Coeffs!$K16*($A$6-BSSA14_Coeffs!$M16))*LN(SQRT(BSSA14!$A$12^2+(BSSA14_Coeffs!$O16^2))/BSSA14_Coeffs!$N16)+(BSSA14_Coeffs!$L16+BSSA14_Coeffs!$P16)*(SQRT(BSSA14!$A$12^2+(BSSA14_Coeffs!$O16^2))-BSSA14_Coeffs!$N16)))))","v":-1.485960293399192},{"$f":"IF($A$15<= BSSA14_Coeffs!$T16, BSSA14_Coeffs!$S16 * LN(BSSA14!$A$15/ 760),  BSSA14_Coeffs!$S16* LN(BSSA14_Coeffs!$T16/ 760))","v":0},{"$f":"BSSA14_Coeffs!$V16 + (BSSA14_Coeffs!$X16 * ((EXP(BSSA14_Coeffs!$Y16* (MIN($A$15,760) - 360))) - EXP(BSSA14_Coeffs!$Y16* (760 - 360)))) * LN((BSSA14!$A$38 + BSSA14_Coeffs!$W16) / BSSA14_Coeffs!$W16)","v":0},6.6867939150881961E-3,{"$f":"IF($D17 < 0.65, 0, IF(AND($D17 >= 0.65,$I17 <= (BSSA14_Coeffs!$AA16/ BSSA14_Coeffs!$Z16)), BSSA14_Coeffs!$Z16* BSSA14!$I17, IF(AND($D17>= 0.65,$I17 > (BSSA14_Coeffs!$AA16 /BSSA14_Coeffs!$Z16)), BSSA14_Coeffs!$AA16)))","v":0},0,1.0514259605563736,{"$f":"IF($A$6<=4.5,BSSA14_Coeffs!$AJ16,IF(AND($A$6>4.5,$A$6<5.5),BSSA14_Coeffs!$AJ16+(BSSA14_Coeffs!$AK16-BSSA14_Coeffs!$AJ16)*(BSSA14!$A$6-4.5),BSSA14_Coeffs!$AK16))","v":0.224},{"$f":"IF($A$6<=4.5,BSSA14_Coeffs!$AH16,IF(AND($A$6>4.5,$A$6<5.5),BSSA14_Coeffs!$AH16+(BSSA14_Coeffs!$AI16-BSSA14_Coeffs!$AH16)*(BSSA14!$A$6-4.5),BSSA14_Coeffs!$AI16))","v":0.59899999999999998},{"$f":"IF($A$12<=BSSA14_Coeffs!$AB16,BSSA14!$N17,IF(AND($A$12>BSSA14_Coeffs!$AB16,$A$12<=BSSA14_Coeffs!$AC16),$N17+BSSA14_Coeffs!$AD16*(LN($A$12/BSSA14_Coeffs!$AB16)/(LN(BSSA14_Coeffs!$AC16/BSSA14_Coeffs!$AB16))),$N17+BSSA14_Coeffs!$AD16))","v":0.59899999999999998},{"$f":"IF($A$15>=BSSA14_Coeffs!$AG16,$O17,IF(AND($A$15>=BSSA14_Coeffs!$AF16,$A$15<=BSSA14_Coeffs!$AG16),$O17-BSSA14_Coeffs!$AE16*(LN(BSSA14_Coeffs!$AG16/$A$15)/LN(BSSA14_Coeffs!$AG16/BSSA14_Coeffs!$AF16)),$O17-BSSA14_Coeffs!$AE16))","v":0.59899999999999998},0.63951309603478801,0.63951309603478801,0.62037639688466184,0.63951309603478801]
[{"$f":"Main!$B$42","v":0},null,null,0.75,{"$f":"IF($A$6<=BSSA14_Coeffs!$I17,(BSSA14_Coeffs!$B17*$A$18+BSSA14_Coeffs!$C17*$A$33+BSSA14_Coeffs!$D17*$A$24+BSSA14_Coeffs!$E17*$A$21+BSSA14_Coeffs!$F17*($A$6-BSSA14_Coeffs!$I17)+BSSA14_Coeffs!$G17*($A$6-BSSA14_Coeffs!I17)^2),(BSSA14_Coeffs!$B17*$A$18+BSSA14_Coeffs!$C17*$A$33+BSSA14_Coeffs!$D17*$A$24+BSSA14_Coeffs!$E17*$A$21+BSSA14_Coeffs!$H17*($A$6-BSSA14_Coeffs!$I17)))","v":1.3919023999999995},{"$f":"IF($A$30=0,((BSSA14_Coeffs!$J17+BSSA14_Coeffs!$K17*($A$6-BSSA14_Coeffs!$M17))*LN(SQRT(BSSA14!$A$12^2+(BSSA14_Coeffs!$O17^2))/BSSA14_Coeffs!$N17)+(BSSA14_Coeffs!$L17+BSSA14_Coeffs!$P17)*(SQRT(BSSA14!$A$12^2+(BSSA14_Coeffs!$O17^2))-BSSA14_Coeffs!$N17)),IF($A$30=1,((BSSA14_Coeffs!$J17+BSSA14_Coeffs!$K17*($A$6-BSSA14_Coeffs!$M17))*LN(SQRT(BSSA14!$A$12^2+(BSSA14_Coeffs!$O17^2))/BSSA14_Coeffs!$N17)+(BSSA14_Coeffs!$L17+BSSA14_Coeffs!$Q17)*(SQRT(BSSA14!$A$12^2+(BSSA14_Coeffs!$O17^2))-BSSA14_Coeffs!$N17)),IF($A$30=3,((BSSA14_Coeffs!$J17+BSSA14_Coeffs!$K17*($A$6-BSSA14_Coeffs!$M17))*LN(SQRT(BSSA14!$A$12^2+(BSSA14_Coeffs!$O17^2))/BSSA14_Coeffs!$N17)+(BSSA14_Coeffs!$L17+BSSA14_Coeffs!$R17)*(SQRT(BSSA14!$A$12^2+(BSSA14_Coeffs!$O17^2))-BSSA14_Coeffs!$N17)), ((BSSA14_Coeffs!$J17+BSSA14_Coeffs!$K17*($A$6-BSSA14_Coeffs!$M17))*LN(SQRT(BSSA14!$A$12^2+(BSSA14_Coeffs!$O17^2))/BSSA14_Coeffs!$N17)+(BSSA14_Coeffs!$L17+BSSA14_Coeffs!$P17)*(SQRT(BSSA14!$A$12^2+(BSSA14_Coeffs!$O17^2))-BSSA14_Coeffs!$N17)))))","v":-1.6144498801873612},{"$f":"IF($A$15<= BSSA14_Coeffs!$T17, BSSA14_Coeffs!$S17 * LN(BSSA14!$A$15/ 760),  BSSA14_Coeffs!$S17* LN(BSSA14_Coeffs!$T17/ 760))","v":0},{"$f":"BSSA14_Coeffs!$V17 + (BSSA14_Coeffs!$X17 * ((EXP(BSSA14_Coeffs!$Y17* (MIN($A$15,760) - 360))) - EXP(BSSA14_Coeffs!$Y17* (760 - 360)))) * LN((BSSA14!$A$38 + BSSA14_Coeffs!$W17) / BSSA14_Coeffs!$W17)","v":0},6.6867939150881961E-3,{"$f":"IF($D18 < 0.65, 0, IF(AND($D18 >= 0.65,$I18 <= (BSSA14_Coeffs!$AA17/ BSSA14_Coeffs!$Z17)), BSSA14_Coeffs!$Z17* BSSA14!$I18, IF(AND($D18>= 0.65,$I18 > (BSSA14_Coeffs!$AA17 /BSSA14_Coeffs!$Z17)), BSSA14_Coeffs!$AA17)))","v":6.1518504018811399E-4},6.1518504018811399E-4,0.80634345756351766,{"$f":"IF($A$6<=4.5,BSSA14_Coeffs!$AJ17,IF(AND($A$6>4.5,$A$6<5.5),BSSA14_Coeffs!$AJ17+(BSSA14_Coeffs!$AK17-BSSA14_Coeffs!$AJ17)*(BSSA14!$A$6-4.5),BSSA14_Coeffs!$AK17))","v":0.26600000000000001},{"$f":"IF($A$6<=4.5,BSSA14_Coeffs!$AH17,IF(AND($A$6>4.5,$A$6<5.5),BSSA14_Coeffs!$AH17+(BSSA14_Coeffs!$AI17-BSSA14_Coeffs!$AH17)*(BSSA14!$A$6-4.5),BSSA14_Coeffs!$AI17))","v":0.622},{"$f":"IF($A$12<=BSSA14_Coeffs!$AB17,BSSA14!$N18,IF(AND($A$12>BSSA14_Coeffs!$AB17,$A$12<=BSSA14_Coeffs!$AC17),$N18+BSSA14_Coeffs!$AD17*(LN($A$12/BSSA14_Coeffs!$AB17)/(LN(BSSA14_Coeffs!$AC17/BSSA14_Coeffs!$AB17))),$N18+BSSA14_Coeffs!$AD17))","v":0.622},{"$f":"IF($A$15>=BSSA14_Coeffs!$AG17,$O18,IF(AND($A$15>=BSSA14_Coeffs!$AF17,$A$15<=BSSA14_Coeffs!$AG17),$O18-BSSA14_Coeffs!$AE17*(LN(BSSA14_Coeffs!$AG17/$A$15)/LN(BSSA14_Coeffs!$AG17/BSSA14_Coeffs!$AF17)),$O18-BSSA14_Coeffs!$AE17))","v":0.622},0.6764909459852364,0.6764909459852364,0.42677826124270657,0.6764909459852364]
[null,null,null,1,{"$f":"IF($A$6<=BSSA14_Coeffs!$I18,(BSSA14_Coeffs!$B18*$A$18+BSSA14_Coeffs!$C18*$A$33+BSSA14_Coeffs!$D18*$A$24+BSSA14_Coeffs!$E18*$A$21+BSSA14_Coeffs!$F18*($A$6-BSSA14_Coeffs!$I18)+BSSA14_Coeffs!$G18*($A$6-BSSA14_Coeffs!I18)^2),(BSSA14_Coeffs!$B18*$A$18+BSSA14_Coeffs!$C18*$A$33+BSSA14_Coeffs!$D18*$A$24+BSSA14_Coeffs!$E18*$A$21+BSSA14_Coeffs!$H18*($A$6-BSSA14_Coeffs!$I18)))","v":1.2537011999999996},{"$f":"IF($A$30=0,((BSSA14_Coeffs!$J18+BSSA14_Coeffs!$K18*($A$6-BSSA14_Coeffs!$M18))*LN(SQRT(BSSA14!$A$12^2+(BSSA14_Coeffs!$O18^2))/BSSA14_Coeffs!$N18)+(BSSA14_Coeffs!$L18+BSSA14_Coeffs!$P18)*(SQRT(BSSA14!$A$12^2+(BSSA14_Coeffs!$O18^2))-BSSA14_Coeffs!$N18)),IF($A$30=1,((BSSA14_Coeffs!$J18+BSSA14_Coeffs!$K18*($A$6-BSSA14_Coeffs!$M18))*LN(SQRT(BSSA14!$A$12^2+(BSSA14_Coeffs!$O18^2))/BSSA14_Coeffs!$N18)+(BSSA14_Coeffs!$L18+BSSA14_Coeffs!$Q18)*(SQRT(BSSA14!$A$12^2+(BSSA14_Coeffs!$O18^2))-BSSA14_Coeffs!$N18)),IF($A$30=3,((BSSA14_Coeffs!$J18+BSSA14_Coeffs!$K18*($A$6-BSSA14_Coeffs!$M18))*LN(SQRT(BSSA14!$A$12^2+(BSSA14_Coeffs!$O18^2))/BSSA14_Coeffs!$N18)+(BSSA14_Coeffs!$L18+BSSA14_Coeffs!$R18)*(SQRT(BSSA14!$A$12^2+(BSSA14_Coeffs!$O18^2))-BSSA14_Coeffs!$N18)), ((BSSA14_Coeffs!$J18+BSSA14_Coeffs!$K18*($A$6-BSSA14_Coeffs!$M18))*LN(SQRT(BSSA14!$A$12^2+(BSSA14_Coeffs!$O18^2))/BSSA14_Coeffs!$N18)+(BSSA14_Coeffs!$L18+BSSA14_Coeffs!$P18)*(SQRT(BSSA14!$A$12^2+(BSSA14_Coeffs!$O18^2))-BSSA14_Coeffs!$N18)))))","v":-1.6929871751663417},{"$f":"IF($A$15<= BSSA14_Coeffs!$T18, BSSA14_Coeffs!$S18 * LN(BSSA14!$A$15/ 760),  BSSA14_Coeffs!$S18* LN(BSSA14_Coeffs!$T18/ 760))","v":0},{"$f":"BSSA14_Coeffs!$V18 + (BSSA14_Coeffs!$X18 * ((EXP(BSSA14_Coeffs!$Y18* (MIN($A$15,760) - 360))) - EXP(BSSA14_Coeffs!$Y18* (760 - 360)))) * LN((BSSA14!$A$38 + BSSA14_Coeffs!$W18) / BSSA14_Coeffs!$W18)","v":0},6.6867939150881961E-3,{"$f":"IF($D19 < 0.65, 0, IF(AND($D19 >= 0.65,$I19 <= (BSSA14_Coeffs!$AA18/ BSSA14_Coeffs!$Z18)), BSSA14_Coeffs!$Z18* BSSA14!$I19, IF(AND($D19>= 0.65,$I19 > (BSSA14_Coeffs!$AA18 /BSSA14_Coeffs!$Z18)), BSSA14_Coeffs!$AA18)))","v":2.4540533668373681E-3},2.4540533668373681E-3,0.65041469456481904,{"$f":"IF($A$6<=4.5,BSSA14_Coeffs!$AJ18,IF(AND($A$6>4.5,$A$6<5.5),BSSA14_Coeffs!$AJ18+(BSSA14_Coeffs!$AK18-BSSA14_Coeffs!$AJ18)*(BSSA14!$A$6-4.5),BSSA14_Coeffs!$AK18))","v":0.29799999999999999},{"$f":"IF($A$6<=4.5,BSSA14_Coeffs!$AH18,IF(AND($A$6>4.5,$A$6<5.5),BSSA14_Coeffs!$AH18+(BSSA14_Coeffs!$AI18-BSSA14_Coeffs!$AH18)*(BSSA14!$A$6-4.5),BSSA14_Coeffs!$AI18))","v":0.625},{"$f":"IF($A$12<=BSSA14_Coeffs!$AB18,BSSA14!$N19,IF(AND($A$12>BSSA14_Coeffs!$AB18,$A$12<=BSSA14_Coeffs!$AC18),$N19+BSSA14_Coeffs!$AD18*(LN($A$12/BSSA14_Coeffs!$AB18)/(LN(BSSA14_Coeffs!$AC18/BSSA14_Coeffs!$AB18))),$N19+BSSA14_Coeffs!$AD18))","v":0.625},{"$f":"IF($A$15>=BSSA14_Coeffs!$AG18,$O19,IF(AND($A$15>=BSSA14_Coeffs!$AF18,$A$15<=BSSA14_Coeffs!$AG18),$O19-BSSA14_Coeffs!$AE18*(LN(BSSA14_Coeffs!$AG18/$A$15)/LN(BSSA14_Coeffs!$AG18/BSSA14_Coeffs!$AF18)),$O19-BSSA14_Coeffs!$AE18))","v":0.625},0.69240811664797808,0.69240811664797808,0.31305915214781144,0.69240811664797808]
["FRV",null,null,1.5,{"$f":"IF($A$6<=BSSA14_Coeffs!$I19,(BSSA14_Coeffs!$B19*$A$18+BSSA14_Coeffs!$C19*$A$33+BSSA14_Coeffs!$D19*$A$24+BSSA14_Coeffs!$E19*$A$21+BSSA14_Coeffs!$F19*($A$6-BSSA14_Coeffs!$I19)+BSSA14_Coeffs!$G19*($A$6-BSSA14_Coeffs!I19)^2),(BSSA14_Coeffs!$B19*$A$18+BSSA14_Coeffs!$C19*$A$33+BSSA14_Coeffs!$D19*$A$24+BSSA14_Coeffs!$E19*$A$21+BSSA14_Coeffs!$H19*($A$6-BSSA14_Coeffs!$I19)))","v":0.88584799999999941},{"$f":"IF($A$30=0,((BSSA14_Coeffs!$J19+BSSA14_Coeffs!$K19*($A$6-BSSA14_Coeffs!$M19))*LN(SQRT(BSSA14!$A$12^2+(BSSA14_Coeffs!$O19^2))/BSSA14_Coeffs!$N19)+(BSSA14_Coeffs!$L19+BSSA14_Coeffs!$P19)*(SQRT(BSSA14!$A$12^2+(BSSA14_Coeffs!$O19^2))-BSSA14_Coeffs!$N19)),IF($A$30=1,((BSSA14_Coeffs!$J19+BSSA14_Coeffs!$K19*($A$6-BSSA14_Coeffs!$M19))*LN(SQRT(BSSA14!$A$12^2+(BSSA14_Coeffs!$O19^2))/BSSA14_Coeffs!$N19)+(BSSA14_Coeffs!$L19+BSSA14_Coeffs!$Q19)*(SQRT(BSSA14!$A$12^2+(BSSA14_Coeffs!$O19^2))-BSSA14_Coeffs!$N19)),IF($A$30=3,((BSSA14_Coeffs!$J19+BSSA14_Coeffs!$K19*($A$6-BSSA14_Coeffs!$M19))*LN(SQRT(BSSA14!$A$12^2+(BSSA14_Coeffs!$O19^2))/BSSA14_Coeffs!$N19)+(BSSA14_Coeffs!$L19+BSSA14_Coeffs!$R19)*(SQRT(BSSA14!$A$12^2+(BSSA14_Coeffs!$O19^2))-BSSA14_Coeffs!$N19)), ((BSSA14_Coeffs!$J19+BSSA14_Coeffs!$K19*($A$6-BSSA14_Coeffs!$M19))*LN(SQRT(BSSA14!$A$12^2+(BSSA14_Coeffs!$O19^2))/BSSA14_Coeffs!$N19)+(BSSA14_Coeffs!$L19+BSSA14_Coeffs!$P19)*(SQRT(BSSA14!$A$12^2+(BSSA14_Coeffs!$O19^2))-BSSA14_Coeffs!$N19)))))","v":-1.8076665246153141},{"$f":"IF($A$15<= BSSA14_Coeffs!$T19, BSSA14_Coeffs!$S19 * LN(BSSA14!$A$15/ 760),  BSSA14_Coeffs!$S19* LN(BSSA14_Coeffs!$T19/ 760))","v":0},{"$f":"BSSA14_Coeffs!$V19 + (BSSA14_Coeffs!$X19 * ((EXP(BSSA14_Coeffs!$Y19* (MIN($A$15,760) - 360))) - EXP(BSSA14_Coeffs!$Y19* (760 - 360)))) * LN((BSSA14!$A$38 + BSSA14_Coeffs!$W19) / BSSA14_Coeffs!$W19)","v":0},6.6867939150881961E-3,{"$f":"IF($D20 < 0.65, 0, IF(AND($D20 >= 0.65,$I20 <= (BSSA14_Coeffs!$AA19/ BSSA14_Coeffs!$Z19)), BSSA14_Coeffs!$Z19* BSSA14!$I20, IF(AND($D20>= 0.65,$I20 > (BSSA14_Coeffs!$AA19 /BSSA14_Coeffs!$Z19)), BSSA14_Coeffs!$AA19)))","v":4.266174517826269E-3},4.266174517826269E-3,0.40217596744252304,{"$f":"IF($A$6<=4.5,BSSA14_Coeffs!$AJ19,IF(AND($A$6>4.5,$A$6<5.5),BSSA14_Coeffs!$AJ19+(BSSA14_Coeffs!$AK19-BSSA14_Coeffs!$AJ19)*(BSSA14!$A$6-4.5),BSSA14_Coeffs!$AK19))","v":0.315},{"$f":"IF($A$6<=4.5,BSSA14_Coeffs!$AH19,IF(AND($A$6>4.5,$A$6<5.5),BSSA14_Coeffs!$AH19+(BSSA14_Coeffs!$AI19-BSSA14_Coeffs!$AH19)*(BSSA14!$A$6-4.5),BSSA14_Coeffs!$AI19))","v":0.61899999999999999},{"$f":"IF($A$12<=BSSA14_Coeffs!$AB19,BSSA14!$N20,IF(AND($A$12>BSSA14_Coeffs!$AB19,$A$12<=BSSA14_Coeffs!$AC19),$N20+BSSA14_Coeffs!$AD19*(LN($A$12/BSSA14_Coeffs!$AB19)/(LN(BSSA14_Coeffs!$AC19/BSSA14_Coeffs!$AB19))),$N20+BSSA14_Coeffs!$AD19))","v":0.61899999999999999},{"$f":"IF($A$15>=BSSA14_Coeffs!$AG19,$O20,IF(AND($A$15>=BSSA14_Coeffs!$AF19,$A$15<=BSSA14_Coeffs!$AG19),$O20-BSSA14_Coeffs!$AE19*(LN(BSSA14_Coeffs!$AG19/$A$15)/LN(BSSA14_Coeffs!$AG19/BSSA14_Coeffs!$AF19)),$O20-BSSA14_Coeffs!$AE19))","v":0.61899999999999999},0.69454013562932415,0.69454013562932415,0.17930189131542468,0.69454013562932415]
[{"$f":"Main!$B$45","v":0},null,null,2,{"$f":"IF($A$6<=BSSA14_Coeffs!$I20,(BSSA14_Coeffs!$B20*$A$18+BSSA14_Coeffs!$C20*$A$33+BSSA14_Coeffs!$D20*$A$24+BSSA14_Coeffs!$E20*$A$21+BSSA14_Coeffs!$F20*($A$6-BSSA14_Coeffs!$I20)+BSSA14_Coeffs!$G20*($A$6-BSSA14_Coeffs!I20)^2),(BSSA14_Coeffs!$B20*$A$18+BSSA14_Coeffs!$C20*$A$33+BSSA14_Coeffs!$D20*$A$24+BSSA14_Coeffs!$E20*$A$21+BSSA14_Coeffs!$H20*($A$6-BSSA14_Coeffs!$I20)))","v":0.55863679999999927},{"$f":"IF($A$30=0,((BSSA14_Coeffs!$J20+BSSA14_Coeffs!$K20*($A$6-BSSA14_Coeffs!$M20))*LN(SQRT(BSSA14!$A$12^2+(BSSA14_Coeffs!$O20^2))/BSSA14_Coeffs!$N20)+(BSSA14_Coeffs!$L20+BSSA14_Coeffs!$P20)*(SQRT(BSSA14!$A$12^2+(BSSA14_Coeffs!$O20^2))-BSSA14_Coeffs!$N20)),IF($A$30=1,((BSSA14_Coeffs!$J20+BSSA14_Coeffs!$K20*($A$6-BSSA14_Coeffs!$M20))*LN(SQRT(BSSA14!$A$12^2+(BSSA14_Coeffs!$O20^2))/BSSA14_Coeffs!$N20)+(BSSA14_Coeffs!$L20+BSSA14_Coeffs!$Q20)*(SQRT(BSSA14!$A$12^2+(BSSA14_Coeffs!$O20^2))-BSSA14_Coeffs!$N20)),IF($A$30=3,((BSSA14_Coeffs!$J20+BSSA14_Coeffs!$K20*($A$6-BSSA14_Coeffs!$M20))*LN(SQRT(BSSA14!$A$12^2+(BSSA14_Coeffs!$O20^2))/BSSA14_Coeffs!$N20)+(BSSA14_Coeffs!$L20+BSSA14_Coeffs!$R20)*(SQRT(BSSA14!$A$12^2+(BSSA14_Coeffs!$O20^2))-BSSA14_Coeffs!$N20)), ((BSSA14_Coeffs!$J20+BSSA14_Coeffs!$K20*($A$6-BSSA14_Coeffs!$M20))*LN(SQRT(BSSA14!$A$12^2+(BSSA14_Coeffs!$O20^2))/BSSA14_Coeffs!$N20)+(BSSA14_Coeffs!$L20+BSSA14_Coeffs!$P20)*(SQRT(BSSA14!$A$12^2+(BSSA14_Coeffs!$O20^2))-BSSA14_Coeffs!$N20)))))","v":-1.8786695889984268},{"$f":"IF($A$15<= BSSA14_Coeffs!$T20, BSSA14_Coeffs!$S20 * LN(BSSA14!$A$15/ 760),  BSSA14_Coeffs!$S20* LN(BSSA14_Coeffs!$T20/ 760))","v":0},{"$f":"BSSA14_Coeffs!$V20 + (BSSA14_Coeffs!$X20 * ((EXP(BSSA14_Coeffs!$Y20* (MIN($A$15,760) - 360))) - EXP(BSSA14_Coeffs!$Y20* (760 - 360)))) * LN((BSSA14!$A$38 + BSSA14_Coeffs!$W20) / BSSA14_Coeffs!$W20)","v":0},6.6867939150881961E-3,{"$f":"IF($D21 < 0.65, 0, IF(AND($D21 >= 0.65,$I21 <= (BSSA14_Coeffs!$AA20/ BSSA14_Coeffs!$Z20)), BSSA14_Coeffs!$Z20* BSSA14!$I21, IF(AND($D21>= 0.65,$I21 > (BSSA14_Coeffs!$AA20 /BSSA14_Coeffs!$Z20)), BSSA14_Coeffs!$AA20)))","v":5.8241975000418184E-3},5.8241975000418184E-3,0.27048955433356892,{"$f":"IF($A$6<=4.5,BSSA14_Coeffs!$AJ20,IF(AND($A$6>4.5,$A$6<5.5),BSSA14_Coeffs!$AJ20+(BSSA14_Coeffs!$AK20-BSSA14_Coeffs!$AJ20)*(BSSA14!$A$6-4.5),BSSA14_Coeffs!$AK20))","v":0.32900000000000001},{"$f":"IF($A$6<=4.5,BSSA14_Coeffs!$AH20,IF(AND($A$6>4.5,$A$6<5.5),BSSA14_Coeffs!$AH20+(BSSA14_Coeffs!$AI20-BSSA14_Coeffs!$AH20)*(BSSA14!$A$6-4.5),BSSA14_Coeffs!$AI20))","v":0.61799999999999999},{"$f":"IF($A$12<=BSSA14_Coeffs!$AB20,BSSA14!$N21,IF(AND($A$12>BSSA14_Coeffs!$AB20,$A$12<=BSSA14_Coeffs!$AC20),$N21+BSSA14_Coeffs!$AD20*(LN($A$12/BSSA14_Coeffs!$AB20)/(LN(BSSA14_Coeffs!$AC20/BSSA14_Coeffs!$AB20))),$N21+BSSA14_Coeffs!$AD20))","v":0.61799999999999999},{"$f":"IF($A$15>=BSSA14_Coeffs!$AG20,$O21,IF(AND($A$15>=BSSA14_Coeffs!$AF20,$A$15<=BSSA14_Coeffs!$AG20),$O21-BSSA14_Coeffs!$AE20*(LN(BSSA14_Coeffs!$AG20/$A$15)/LN(BSSA14_Coeffs!$AG20/BSSA14_Coeffs!$AF20)),$O21-BSSA14_Coeffs!$AE20))","v":0.61799999999999999},0.70011784722288006,0.70011784722288006,0.11600205279794039,0.70011784722288006]
[null,null,null,3,{"$f":"IF($A$6<=BSSA14_Coeffs!$I21,(BSSA14_Coeffs!$B21*$A$18+BSSA14_Coeffs!$C21*$A$33+BSSA14_Coeffs!$D21*$A$24+BSSA14_Coeffs!$E21*$A$21+BSSA14_Coeffs!$F21*($A$6-BSSA14_Coeffs!$I21)+BSSA14_Coeffs!$G21*($A$6-BSSA14_Coeffs!I21)^2),(BSSA14_Coeffs!$B21*$A$18+BSSA14_Coeffs!$C21*$A$33+BSSA14_Coeffs!$D21*$A$24+BSSA14_Coeffs!$E21*$A$21+BSSA14_Coeffs!$H21*($A$6-BSSA14_Coeffs!$I21)))","v":0.12178479999999919},{"$f":"IF($A$30=0,((BSSA14_Coeffs!$J21+BSSA14_Coeffs!$K21*($A$6-BSSA14_Coeffs!$M21))*LN(SQRT(BSSA14!$A$12^2+(BSSA14_Coeffs!$O21^2))/BSSA14_Coeffs!$N21)+(BSSA14_Coeffs!$L21+BSSA14_Coeffs!$P21)*(SQRT(BSSA14!$A$12^2+(BSSA14_Coeffs!$O21^2))-BSSA14_Coeffs!$N21)),IF($A$30=1,((BSSA14_Coeffs!$J21+BSSA14_Coeffs!$K21*($A$6-BSSA14_Coeffs!$M21))*LN(SQRT(BSSA14!$A$12^2+(BSSA14_Coeffs!$O21^2))/BSSA14_Coeffs!$N21)+(BSSA14_Coeffs!$L21+BSSA14_Coeffs!$Q21)*(SQRT(BSSA14!$A$12^2+(BSSA14_Coeffs!$O21^2))-BSSA14_Coeffs!$N21)),IF($A$30=3,((BSSA14_Coeffs!$J21+BSSA14_Coeffs!$K21*($A$6-BSSA14_Coeffs!$M21))*LN(SQRT(BSSA14!$A$12^2+(BSSA14_Coeffs!$O21^2))/BSSA14_Coeffs!$N21)+(BSSA14_Coeffs!$L21+BSSA14_Coeffs!$R21)*(SQRT(BSSA14!$A$12^2+(BSSA14_Coeffs!$O21^2))-BSSA14_Coeffs!$N21)), ((BSSA14_Coeffs!$J21+BSSA14_Coeffs!$K21*($A$6-BSSA14_Coeffs!$M21))*LN(SQRT(BSSA14!$A$12^2+(BSSA14_Coeffs!$O21^2))/BSSA14_Coeffs!$N21)+(BSSA14_Coeffs!$L21+BSSA14_Coeffs!$P21)*(SQRT(BSSA14!$A$12^2+(BSSA14_Coeffs!$O21^2))-BSSA14_Coeffs!$N21)))))","v":-1.933179358835784},{"$f":"IF($A$15<= BSSA14_Coeffs!$T21, BSSA14_Coeffs!$S21 * LN(BSSA14!$A$15/ 760),  BSSA14_Coeffs!$S21* LN(BSSA14_Coeffs!$T21/ 760))","v":0},{"$f":"BSSA14_Coeffs!$V21 + (BSSA14_Coeffs!$X21 * ((EXP(BSSA14_Coeffs!$Y21* (MIN($A$15,760) - 360))) - EXP(BSSA14_Coeffs!$Y21* (760 - 360)))) * LN((BSSA14!$A$38 + BSSA14_Coeffs!$W21) / BSSA14_Coeffs!$W21)","v":0},6.6867939150881961E-3,{"$f":"IF($D22 < 0.65, 0, IF(AND($D22 >= 0.65,$I22 <= (BSSA14_Coeffs!$AA21/ BSSA14_Coeffs!$Z21)), BSSA14_Coeffs!$Z21* BSSA14!$I22, IF(AND($D22>= 0.65,$I22 > (BSSA14_Coeffs!$AA21 /BSSA14_Coeffs!$Z21)), BSSA14_Coeffs!$AA21)))","v":7.5895110936251026E-3},7.5895110936251026E-3,0.16577592467897362,{"$f":"IF($A$6<=4.5,BSSA14_Coeffs!$AJ21,IF(AND($A$6>4.5,$A$6<5.5),BSSA14_Coeffs!$AJ21+(BSSA14_Coeffs!$AK21-BSSA14_Coeffs!$AJ21)*(BSSA14!$A$6-4.5),BSSA14_Coeffs!$AK21))","v":0.34399999999999997},{"$f":"IF($A$6<=4.5,BSSA14_Coeffs!$AH21,IF(AND($A$6>4.5,$A$6<5.5),BSSA14_Coeffs!$AH21+(BSSA14_Coeffs!$AI21-BSSA14_Coeffs!$AH21)*(BSSA14!$A$6-4.5),BSSA14_Coeffs!$AI21))","v":0.61899999999999999},{"$f":"IF($A$12<=BSSA14_Coeffs!$AB21,BSSA14!$N22,IF(AND($A$12>BSSA14_Coeffs!$AB21,$A$12<=BSSA14_Coeffs!$AC21),$N22+BSSA14_Coeffs!$AD21*(LN($A$12/BSSA14_Coeffs!$AB21)/(LN(BSSA14_Coeffs!$AC21/BSSA14_Coeffs!$AB21))),$N22+BSSA14_Coeffs!$AD21))","v":0.61899999999999999},{"$f":"IF($A$15>=BSSA14_Coeffs!$AG21,$O22,IF(AND($A$15>=BSSA14_Coeffs!$AF21,$A$15<=BSSA14_Coeffs!$AG21),$O22-BSSA14_Coeffs!$AE21*(LN(BSSA14_Coeffs!$AG21/$A$15)/LN(BSSA14_Coeffs!$AG21/BSSA14_Coeffs!$AF21)),$O22-BSSA14_Coeffs!$AE21))","v":0.61899999999999999},0.70816452890553616,0.70816452890553616,6.7784220457231675E-2,0.70816452890553616]
["FNM",null,null,4,{"$f":"IF($A$6<=BSSA14_Coeffs!$I22,(BSSA14_Coeffs!$B22*$A$18+BSSA14_Coeffs!$C22*$A$33+BSSA14_Coeffs!$D22*$A$24+BSSA14_Coeffs!$E22*$A$21+BSSA14_Coeffs!$F22*($A$6-BSSA14_Coeffs!$I22)+BSSA14_Coeffs!$G22*($A$6-BSSA14_Coeffs!I22)^2),(BSSA14_Coeffs!$B22*$A$18+BSSA14_Coeffs!$C22*$A$33+BSSA14_Coeffs!$D22*$A$24+BSSA14_Coeffs!$E22*$A$21+BSSA14_Coeffs!$H22*($A$6-BSSA14_Coeffs!$I22)))","v":-0.25767112000000064},{"$f":"IF($A$30=0,((BSSA14_Coeffs!$J22+BSSA14_Coeffs!$K22*($A$6-BSSA14_Coeffs!$M22))*LN(SQRT(BSSA14!$A$12^2+(BSSA14_Coeffs!$O22^2))/BSSA14_Coeffs!$N22)+(BSSA14_Coeffs!$L22+BSSA14_Coeffs!$P22)*(SQRT(BSSA14!$A$12^2+(BSSA14_Coeffs!$O22^2))-BSSA14_Coeffs!$N22)),IF($A$30=1,((BSSA14_Coeffs!$J22+BSSA14_Coeffs!$K22*($A$6-BSSA14_Coeffs!$M22))*LN(SQRT(BSSA14!$A$12^2+(BSSA14_Coeffs!$O22^2))/BSSA14_Coeffs!$N22)+(BSSA14_Coeffs!$L22+BSSA14_Coeffs!$Q22)*(SQRT(BSSA14!$A$12^2+(BSSA14_Coeffs!$O22^2))-BSSA14_Coeffs!$N22)),IF($A$30=3,((BSSA14_Coeffs!$J22+BSSA14_Coeffs!$K22*($A$6-BSSA14_Coeffs!$M22))*LN(SQRT(BSSA14!$A$12^2+(BSSA14_Coeffs!$O22^2))/BSSA14_Coeffs!$N22)+(BSSA14_Coeffs!$L22+BSSA14_Coeffs!$R22)*(SQRT(BSSA14!$A$12^2+(BSSA14_Coeffs!$O22^2))-BSSA14_Coeffs!$N22)), ((BSSA14_Coeffs!$J22+BSSA14_Coeffs!$K22*($A$6-BSSA14_Coeffs!$M22))*LN(SQRT(BSSA14!$A$12^2+(BSSA14_Coeffs!$O22^2))/BSSA14_Coeffs!$N22)+(BSSA14_Coeffs!$L22+BSSA14_Coeffs!$P22)*(SQRT(BSSA14!$A$12^2+(BSSA14_Coeffs!$O22^2))-BSSA14_Coeffs!$N22)))))","v":-1.9625626327722694},{"$f":"IF($A$15<= BSSA14_Coeffs!$T22, BSSA14_Coeffs!$S22 * LN(BSSA14!$A$15/ 760),  BSSA14_Coeffs!$S22* LN(BSSA14_Coeffs!$T22/ 760))","v":0},{"$f":"BSSA14_Coeffs!$V22 + (BSSA14_Coeffs!$X22 * ((EXP(BSSA14_Coeffs!$Y22* (MIN($A$15,760) - 360))) - EXP(BSSA14_Coeffs!$Y22* (760 - 360)))) * LN((BSSA14!$A$38 + BSSA14_Coeffs!$W22) / BSSA14_Coeffs!$W22)","v":0},6.6867939150881961E-3,{"$f":"IF($D23 < 0.65, 0, IF(AND($D23 >= 0.65,$I23 <= (BSSA14_Coeffs!$AA22/ BSSA14_Coeffs!$Z22)), BSSA14_Coeffs!$Z22* BSSA14!$I23, IF(AND($D23>= 0.65,$I23 > (BSSA14_Coeffs!$AA22 /BSSA14_Coeffs!$Z22)), BSSA14_Coeffs!$AA22)))","v":8.4989150660770962E-3},8.4989150660770962E-3,0.11024522857851669,{"$f":"IF($A$6<=4.5,BSSA14_Coeffs!$AJ22,IF(AND($A$6>4.5,$A$6<5.5),BSSA14_Coeffs!$AJ22+(BSSA14_Coeffs!$AK22-BSSA14_Coeffs!$AJ22)*(BSSA14!$A$6-4.5),BSSA14_Coeffs!$AK22))","v":0.34899999999999998},{"$f":"IF($A$6<=4.5,BSSA14_Coeffs!$AH22,IF(AND($A$6>4.5,$A$6<5.5),BSSA14_Coeffs!$AH22+(BSSA14_Coeffs!$AI22-BSSA14_Coeffs!$AH22)*(BSSA14!$A$6-4.5),BSSA14_Coeffs!$AI22))","v":0.61599999999999999},{"$f":"IF($A$12<=BSSA14_Coeffs!$AB22,BSSA14!$N23,IF(AND($A$12>BSSA14_Coeffs!$AB22,$A$12<=BSSA14_Coeffs!$AC22),$N23+BSSA14_Coeffs!$AD22*(LN($A$12/BSSA14_Coeffs!$AB22)/(LN(BSSA14_Coeffs!$AC22/BSSA14_Coeffs!$AB22))),$N23+BSSA14_Coeffs!$AD22))","v":0.61599999999999999},{"$f":"IF($A$15>=BSSA14_Coeffs!$AG22,$O23,IF(AND($A$15>=BSSA14_Coeffs!$AF22,$A$15<=BSSA14_Coeffs!$AG22),$O23-BSSA14_Coeffs!$AE22*(LN(BSSA14_Coeffs!$AG22/$A$15)/LN(BSSA14_Coeffs!$AG22/BSSA14_Coeffs!$AF22)),$O23-BSSA14_Coeffs!$AE22))","v":0.61599999999999999},0.70799505647991634,0.70799505647991634,4.6372636806368786E-2,0.70799505647991634]
[{"$f":"Main!$B$48","v":0},null,null,5,{"$f":"IF($A$6<=BSSA14_Coeffs!$I23,(BSSA14_Coeffs!$B23*$A$18+BSSA14_Coeffs!$C23*$A$33+BSSA14_Coeffs!$D23*$A$24+BSSA14_Coeffs!$E23*$A$21+BSSA14_Coeffs!$F23*($A$6-BSSA14_Coeffs!$I23)+BSSA14_Coeffs!$G23*($A$6-BSSA14_Coeffs!I23)^2),(BSSA14_Coeffs!$B23*$A$18+BSSA14_Coeffs!$C23*$A$33+BSSA14_Coeffs!$D23*$A$24+BSSA14_Coeffs!$E23*$A$21+BSSA14_Coeffs!$H23*($A$6-BSSA14_Coeffs!$I23)))","v":-0.55560780000000087},{"$f":"IF($A$30=0,((BSSA14_Coeffs!$J23+BSSA14_Coeffs!$K23*($A$6-BSSA14_Coeffs!$M23))*LN(SQRT(BSSA14!$A$12^2+(BSSA14_Coeffs!$O23^2))/BSSA14_Coeffs!$N23)+(BSSA14_Coeffs!$L23+BSSA14_Coeffs!$P23)*(SQRT(BSSA14!$A$12^2+(BSSA14_Coeffs!$O23^2))-BSSA14_Coeffs!$N23)),IF($A$30=1,((BSSA14_Coeffs!$J23+BSSA14_Coeffs!$K23*($A$6-BSSA14_Coeffs!$M23))*LN(SQRT(BSSA14!$A$12^2+(BSSA14_Coeffs!$O23^2))/BSSA14_Coeffs!$N23)+(BSSA14_Coeffs!$L23+BSSA14_Coeffs!$Q23)*(SQRT(BSSA14!$A$12^2+(BSSA14_Coeffs!$O23^2))-BSSA14_Coeffs!$N23)),IF($A$30=3,((BSSA14_Coeffs!$J23+BSSA14_Coeffs!$K23*($A$6-BSSA14_Coeffs!$M23))*LN(SQRT(BSSA14!$A$12^2+(BSSA14_Coeffs!$O23^2))/BSSA14_Coeffs!$N23)+(BSSA14_Coeffs!$L23+BSSA14_Coeffs!$R23)*(SQRT(BSSA14!$A$12^2+(BSSA14_Coeffs!$O23^2))-BSSA14_Coeffs!$N23)), ((BSSA14_Coeffs!$J23+BSSA14_Coeffs!$K23*($A$6-BSSA14_Coeffs!$M23))*LN(SQRT(BSSA14!$A$12^2+(BSSA14_Coeffs!$O23^2))/BSSA14_Coeffs!$N23)+(BSSA14_Coeffs!$L23+BSSA14_Coeffs!$P23)*(SQRT(BSSA14!$A$12^2+(BSSA14_Coeffs!$O23^2))-BSSA14_Coeffs!$N23)))))","v":-2.0201631041546122},{"$f":"IF($A$15<= BSSA14_Coeffs!$T23, BSSA14_Coeffs!$S23 * LN(BSSA14!$A$15/ 760),  BSSA14_Coeffs!$S23* LN(BSSA14_Coeffs!$T23/ 760))","v":0},{"$f":"BSSA14_Coeffs!$V23 + (BSSA14_Coeffs!$X23 * ((EXP(BSSA14_Coeffs!$Y23* (MIN($A$15,760) - 360))) - EXP(BSSA14_Coeffs!$Y23* (760 - 360)))) * LN((BSSA14!$A$38 + BSSA14_Coeffs!$W23) / BSSA14_Coeffs!$W23)","v":0},6.6867939150881961E-3,{"$f":"IF($D24 < 0.65, 0, IF(AND($D24 >= 0.65,$I24 <= (BSSA14_Coeffs!$AA23/ BSSA14_Coeffs!$Z23)), BSSA14_Coeffs!$Z23* BSSA14!$I24, IF(AND($D24>= 0.65,$I24 > (BSSA14_Coeffs!$AA23 /BSSA14_Coeffs!$Z23)), BSSA14_Coeffs!$AA23)))","v":8.8867491131522126E-3},8.8867491131522126E-3,7.7289484998117372E-2,{"$f":"IF($A$6<=4.5,BSSA14_Coeffs!$AJ23,IF(AND($A$6>4.5,$A$6<5.5),BSSA14_Coeffs!$AJ23+(BSSA14_Coeffs!$AK23-BSSA14_Coeffs!$AJ23)*(BSSA14!$A$6-4.5),BSSA14_Coeffs!$AK23))","v":0.33500000000000002},{"$f":"IF($A$6<=4.5,BSSA14_Coeffs!$AH23,IF(AND($A$6>4.5,$A$6<5.5),BSSA14_Coeffs!$AH23+(BSSA14_Coeffs!$AI23-BSSA14_Coeffs!$AH23)*(BSSA14!$A$6-4.5),BSSA14_Coeffs!$AI23))","v":0.622},{"$f":"IF($A$12<=BSSA14_Coeffs!$AB23,BSSA14!$N24,IF(AND($A$12>BSSA14_Coeffs!$AB23,$A$12<=BSSA14_Coeffs!$AC23),$N24+BSSA14_Coeffs!$AD23*(LN($A$12/BSSA14_Coeffs!$AB23)/(LN(BSSA14_Coeffs!$AC23/BSSA14_Coeffs!$AB23))),$N24+BSSA14_Coeffs!$AD23))","v":0.622},{"$f":"IF($A$15>=BSSA14_Coeffs!$AG23,$O24,IF(AND($A$15>=BSSA14_Coeffs!$AF23,$A$15<=BSSA14_Coeffs!$AG23),$O24-BSSA14_Coeffs!$AE23*(LN(BSSA14_Coeffs!$AG23/$A$15)/LN(BSSA14_Coeffs!$AG23/BSSA14_Coeffs!$AF23)),$O24-BSSA14_Coeffs!$AE23))","v":0.622},0.70647646811482689,0.70647646811482689,3.4197855038893228E-2,0.70647646811482689]
[null,null,null,7.5,{"$f":"IF($A$6<=BSSA14_Coeffs!$I24,(BSSA14_Coeffs!$B24*$A$18+BSSA14_Coeffs!$C24*$A$33+BSSA14_Coeffs!$D24*$A$24+BSSA14_Coeffs!$E24*$A$21+BSSA14_Coeffs!$F24*($A$6-BSSA14_Coeffs!$I24)+BSSA14_Coeffs!$G24*($A$6-BSSA14_Coeffs!I24)^2),(BSSA14_Coeffs!$B24*$A$18+BSSA14_Coeffs!$C24*$A$33+BSSA14_Coeffs!$D24*$A$24+BSSA14_Coeffs!$E24*$A$21+BSSA14_Coeffs!$H24*($A$6-BSSA14_Coeffs!$I24)))","v":-1.2455581600000007},{"$f":"IF($A$30=0,((BSSA14_Coeffs!$J24+BSSA14_Coeffs!$K24*($A$6-BSSA14_Coeffs!$M24))*LN(SQRT(BSSA14!$A$12^2+(BSSA14_Coeffs!$O24^2))/BSSA14_Coeffs!$N24)+(BSSA14_Coeffs!$L24+BSSA14_Coeffs!$P24)*(SQRT(BSSA14!$A$12^2+(BSSA14_Coeffs!$O24^2))-BSSA14_Coeffs!$N24)),IF($A$30=1,((BSSA14_Coeffs!$J24+BSSA14_Coeffs!$K24*($A$6-BSSA14_Coeffs!$M24))*LN(SQRT(BSSA14!$A$12^2+(BSSA14_Coeffs!$O24^2))/BSSA14_Coeffs!$N24)+(BSSA14_Coeffs!$L24+BSSA14_Coeffs!$Q24)*(SQRT(BSSA14!$A$12^2+(BSSA14_Coeffs!$O24^2))-BSSA14_Coeffs!$N24)),IF($A$30=3,((BSSA14_Coeffs!$J24+BSSA14_Coeffs!$K24*($A$6-BSSA14_Coeffs!$M24))*LN(SQRT(BSSA14!$A$12^2+(BSSA14_Coeffs!$O24^2))/BSSA14_Coeffs!$N24)+(BSSA14_Coeffs!$L24+BSSA14_Coeffs!$R24)*(SQRT(BSSA14!$A$12^2+(BSSA14_Coeffs!$O24^2))-BSSA14_Coeffs!$N24)), ((BSSA14_Coeffs!$J24+BSSA14_Coeffs!$K24*($A$6-BSSA14_Coeffs!$M24))*LN(SQRT(BSSA14!$A$12^2+(BSSA14_Coeffs!$O24^2))/BSSA14_Coeffs!$N24)+(BSSA14_Coeffs!$L24+BSSA14_Coeffs!$P24)*(SQRT(BSSA14!$A$12^2+(BSSA14_Coeffs!$O24^2))-BSSA14_Coeffs!$N24)))))","v":-2.1794975386939854},{"$f":"IF($A$15<= BSSA14_Coeffs!$T24, BSSA14_Coeffs!$S24 * LN(BSSA14!$A$15/ 760),  BSSA14_Coeffs!$S24* LN(BSSA14_Coeffs!$T24/ 760))","v":0},{"$f":"BSSA14_Coeffs!$V24 + (BSSA14_Coeffs!$X24 * ((EXP(BSSA14_Coeffs!$Y24* (MIN($A$15,760) - 360))) - EXP(BSSA14_Coeffs!$Y24* (760 - 360)))) * LN((BSSA14!$A$38 + BSSA14_Coeffs!$W24) / BSSA14_Coeffs!$W24)","v":0},6.6867939150881961E-3,{"$f":"IF($D25 < 0.65, 0, IF(AND($D25 >= 0.65,$I25 <= (BSSA14_Coeffs!$AA24/ BSSA14_Coeffs!$Z24)), BSSA14_Coeffs!$Z24* BSSA14!$I25, IF(AND($D25>= 0.65,$I25 > (BSSA14_Coeffs!$AA24 /BSSA14_Coeffs!$Z24)), BSSA14_Coeffs!$AA24)))","v":8.8867491131522126E-3},8.8867491131522126E-3,3.3058315005273023E-2,{"$f":"IF($A$6<=4.5,BSSA14_Coeffs!$AJ24,IF(AND($A$6>4.5,$A$6<5.5),BSSA14_Coeffs!$AJ24+(BSSA14_Coeffs!$AK24-BSSA14_Coeffs!$AJ24)*(BSSA14!$A$6-4.5),BSSA14_Coeffs!$AK24))","v":0.27},{"$f":"IF($A$6<=4.5,BSSA14_Coeffs!$AH24,IF(AND($A$6>4.5,$A$6<5.5),BSSA14_Coeffs!$AH24+(BSSA14_Coeffs!$AI24-BSSA14_Coeffs!$AH24)*(BSSA14!$A$6-4.5),BSSA14_Coeffs!$AI24))","v":0.63400000000000001},{"$f":"IF($A$12<=BSSA14_Coeffs!$AB24,BSSA14!$N25,IF(AND($A$12>BSSA14_Coeffs!$AB24,$A$12<=BSSA14_Coeffs!$AC24),$N25+BSSA14_Coeffs!$AD24*(LN($A$12/BSSA14_Coeffs!$AB24)/(LN(BSSA14_Coeffs!$AC24/BSSA14_Coeffs!$AB24))),$N25+BSSA14_Coeffs!$AD24))","v":0.63400000000000001},{"$f":"IF($A$15>=BSSA14_Coeffs!$AG24,$O25,IF(AND($A$15>=BSSA14_Coeffs!$AF24,$A$15<=BSSA14_Coeffs!$AG24),$O25-BSSA14_Coeffs!$AE24*(LN(BSSA14_Coeffs!$AG24/$A$15)/LN(BSSA14_Coeffs!$AG24/BSSA14_Coeffs!$AF24)),$O25-BSSA14_Coeffs!$AE24))","v":0.63400000000000001},0.68909796110567623,0.68909796110567623,1.7409299011277728E-2,0.68909796110567623]
["Z1 (km)","If unknown use 999",null,10,{"$f":"IF($A$6<=BSSA14_Coeffs!$I25,(BSSA14_Coeffs!$B25*$A$18+BSSA14_Coeffs!$C25*$A$33+BSSA14_Coeffs!$D25*$A$24+BSSA14_Coeffs!$E25*$A$21+BSSA14_Coeffs!$F25*($A$6-BSSA14_Coeffs!$I25)+BSSA14_Coeffs!$G25*($A$6-BSSA14_Coeffs!I25)^2),(BSSA14_Coeffs!$B25*$A$18+BSSA14_Coeffs!$C25*$A$33+BSSA14_Coeffs!$D25*$A$24+BSSA14_Coeffs!$E25*$A$21+BSSA14_Coeffs!$H25*($A$6-BSSA14_Coeffs!$I25)))","v":-1.8778256000000006},{"$f":"IF($A$30=0,((BSSA14_Coeffs!$J25+BSSA14_Coeffs!$K25*($A$6-BSSA14_Coeffs!$M25))*LN(SQRT(BSSA14!$A$12^2+(BSSA14_Coeffs!$O25^2))/BSSA14_Coeffs!$N25)+(BSSA14_Coeffs!$L25+BSSA14_Coeffs!$P25)*(SQRT(BSSA14!$A$12^2+(BSSA14_Coeffs!$O25^2))-BSSA14_Coeffs!$N25)),IF($A$30=1,((BSSA14_Coeffs!$J25+BSSA14_Coeffs!$K25*($A$6-BSSA14_Coeffs!$M25))*LN(SQRT(BSSA14!$A$12^2+(BSSA14_Coeffs!$O25^2))/BSSA14_Coeffs!$N25)+(BSSA14_Coeffs!$L25+BSSA14_Coeffs!$Q25)*(SQRT(BSSA14!$A$12^2+(BSSA14_Coeffs!$O25^2))-BSSA14_Coeffs!$N25)),IF($A$30=3,((BSSA14_Coeffs!$J25+BSSA14_Coeffs!$K25*($A$6-BSSA14_Coeffs!$M25))*LN(SQRT(BSSA14!$A$12^2+(BSSA14_Coeffs!$O25^2))/BSSA14_Coeffs!$N25)+(BSSA14_Coeffs!$L25+BSSA14_Coeffs!$R25)*(SQRT(BSSA14!$A$12^2+(BSSA14_Coeffs!$O25^2))-BSSA14_Coeffs!$N25)), ((BSSA14_Coeffs!$J25+BSSA14_Coeffs!$K25*($A$6-BSSA14_Coeffs!$M25))*LN(SQRT(BSSA14!$A$12^2+(BSSA14_Coeffs!$O25^2))/BSSA14_Coeffs!$N25)+(BSSA14_Coeffs!$L25+BSSA14_Coeffs!$P25)*(SQRT(BSSA14!$A$12^2+(BSSA14_Coeffs!$O25^2))-BSSA14_Coeffs!$N25)))))","v":-2.2189704158742165},{"$f":"IF($A$15<= BSSA14_Coeffs!$T25, BSSA14_Coeffs!$S25 * LN(BSSA14!$A$15/ 760),  BSSA14_Coeffs!$S25* LN(BSSA14_Coeffs!$T25/ 760))","v":0},{"$f":"BSSA14_Coeffs!$V25 + (BSSA14_Coeffs!$X25 * ((EXP(BSSA14_Coeffs!$Y25* (MIN($A$15,760) - 360))) - EXP(BSSA14_Coeffs!$Y25* (760 - 360)))) * LN((BSSA14!$A$38 + BSSA14_Coeffs!$W25) / BSSA14_Coeffs!$W25)","v":0},6.6867939150881961E-3,{"$f":"IF($D26 < 0.65, 0, IF(AND($D26 >= 0.65,$I26 <= (BSSA14_Coeffs!$AA25/ BSSA14_Coeffs!$Z25)), BSSA14_Coeffs!$Z25* BSSA14!$I26, IF(AND($D26>= 0.65,$I26 > (BSSA14_Coeffs!$AA25 /BSSA14_Coeffs!$Z25)), BSSA14_Coeffs!$AA25)))","v":7.9104772015493371E-3},7.9104772015493371E-3,1.6870331290689784E-2,{"$f":"IF($A$6<=4.5,BSSA14_Coeffs!$AJ25,IF(AND($A$6>4.5,$A$6<5.5),BSSA14_Coeffs!$AJ25+(BSSA14_Coeffs!$AK25-BSSA14_Coeffs!$AJ25)*(BSSA14!$A$6-4.5),BSSA14_Coeffs!$AK25))","v":0.23899999999999999},{"$f":"IF($A$6<=4.5,BSSA14_Coeffs!$AH25,IF(AND($A$6>4.5,$A$6<5.5),BSSA14_Coeffs!$AH25+(BSSA14_Coeffs!$AI25-BSSA14_Coeffs!$AH25)*(BSSA14!$A$6-4.5),BSSA14_Coeffs!$AI25))","v":0.60399999999999998},{"$f":"IF($A$12<=BSSA14_Coeffs!$AB25,BSSA14!$N26,IF(AND($A$12>BSSA14_Coeffs!$AB25,$A$12<=BSSA14_Coeffs!$AC25),$N26+BSSA14_Coeffs!$AD25*(LN($A$12/BSSA14_Coeffs!$AB25)/(LN(BSSA14_Coeffs!$AC25/BSSA14_Coeffs!$AB25))),$N26+BSSA14_Coeffs!$AD25))","v":0.60399999999999998},{"$f":"IF($A$15>=BSSA14_Coeffs!$AG25,$O26,IF(AND($A$15>=BSSA14_Coeffs!$AF25,$A$15<=BSSA14_Coeffs!$AG25),$O26-BSSA14_Coeffs!$AE25*(LN(BSSA14_Coeffs!$AG25/$A$15)/LN(BSSA14_Coeffs!$AG25/BSSA14_Coeffs!$AF25)),$O26-BSSA14_Coeffs!$AE25))","v":0.60399999999999998},0.64956677870716262,0.64956677870716262,1.0827133454215609E-2,0.64956677870716262]
[{"$f":"Main!$B$63","v":4.8000000000000001E-2},{"$f":"IF(AND($A$27>=0, $A$27<=3),\"\",IF(A27=999,\"\",\"! Not Applicable !\"))","v":""}]
[null,null,"PGA (g)",0,{"$f":"IF($A$6<=BSSA14_Coeffs!$I26,(BSSA14_Coeffs!$B26*$A$18+BSSA14_Coeffs!$C26*$A$33+BSSA14_Coeffs!$D26*$A$24+BSSA14_Coeffs!$E26*$A$21+BSSA14_Coeffs!$F26*($A$6-BSSA14_Coeffs!$I26)+BSSA14_Coeffs!$G26*($A$6-BSSA14_Coeffs!I26)^2),(BSSA14_Coeffs!$B26*$A$18+BSSA14_Coeffs!$C26*$A$33+BSSA14_Coeffs!$D26*$A$24+BSSA14_Coeffs!$E26*$A$21+BSSA14_Coeffs!$H26*($A$6-BSSA14_Coeffs!$I26)))","v":2.4312956999999997},{"$f":"IF($A$30=0,((BSSA14_Coeffs!$J26+BSSA14_Coeffs!$K26*($A$6-BSSA14_Coeffs!$M26))*LN(SQRT(BSSA14!$A$12^2+(BSSA14_Coeffs!$O26^2))/BSSA14_Coeffs!$N26)+(BSSA14_Coeffs!$L26+BSSA14_Coeffs!$P26)*(SQRT(BSSA14!$A$12^2+(BSSA14_Coeffs!$O26^2))-BSSA14_Coeffs!$N26)),IF($A$30=1,((BSSA14_Coeffs!$J26+BSSA14_Coeffs!$K26*($A$6-BSSA14_Coeffs!$M26))*LN(SQRT(BSSA14!$A$12^2+(BSSA14_Coeffs!$O26^2))/BSSA14_Coeffs!$N26)+(BSSA14_Coeffs!$L26+BSSA14_Coeffs!$Q26)*(SQRT(BSSA14!$A$12^2+(BSSA14_Coeffs!$O26^2))-BSSA14_Coeffs!$N26)),IF($A$30=3,((BSSA14_Coeffs!$J26+BSSA14_Coeffs!$K26*($A$6-BSSA14_Coeffs!$M26))*LN(SQRT(BSSA14!$A$12^2+(BSSA14_Coeffs!$O26^2))/BSSA14_Coeffs!$N26)+(BSSA14_Coeffs!$L26+BSSA14_Coeffs!$R26)*(SQRT(BSSA14!$A$12^2+(BSSA14_Coeffs!$O26^2))-BSSA14_Coeffs!$N26)), ((BSSA14_Coeffs!$J26+BSSA14_Coeffs!$K26*($A$6-BSSA14_Coeffs!$M26))*LN(SQRT(BSSA14!$A$12^2+(BSSA14_Coeffs!$O26^2))/BSSA14_Coeffs!$N26)+(BSSA14_Coeffs!$L26+BSSA14_Coeffs!$P26)*(SQRT(BSSA14!$A$12^2+(BSSA14_Coeffs!$O26^2))-BSSA14_Coeffs!$N26)))))","v":-1.0883610380914366},{"$f":"IF($A$15<= BSSA14_Coeffs!$T26, BSSA14_Coeffs!$S26 * LN(BSSA14!$A$15/ 760),  BSSA14_Coeffs!$S26* LN(BSSA14_Coeffs!$T26/ 760))","v":0},{"$f":"BSSA14_Coeffs!$V26 + (BSSA14_Coeffs!$X26 * ((EXP(BSSA14_Coeffs!$Y26* (MIN($A$15,760) - 360))) - EXP(BSSA14_Coeffs!$Y26* (760 - 360)))) * LN((BSSA14!$A$38 + BSSA14_Coeffs!$W26) / BSSA14_Coeffs!$W26)","v":0},{"$f":"IF($A$27=999,0,$A$27-(IF($A$30 = 0, (EXP(-7.15 / 4 * LN(($A$15 ^ 4 + 570.94 ^ 4) / (1360 ^ 4 + 570.94 ^ 4))) / 1000), IF($A$30 = 2, (EXP(-5.23 / 2 * LN(($A$15 ^ 2 + 412.39 ^ 2) / (1360 ^ 2 + 412.39 ^ 2))) / 1000), (EXP(-7.15 / 4 * LN(($A$15 ^ 4 + 570.94 ^ 4) / (1360 ^ 4 + 570.94 ^ 4))) / 1000)))))","v":6.6867939150881961E-3},{"$f":"IF($D28 < 0.65, 0, IF(AND($D28 >= 0.65,$I28 <= (BSSA14_Coeffs!$AA26/ BSSA14_Coeffs!$Z26)), BSSA14_Coeffs!$Z26* BSSA14!$I28, IF(AND($D28>= 0.65,$I28 > (BSSA14_Coeffs!$AA26 /BSSA14_Coeffs!$Z26)), BSSA14_Coeffs!$AA26)))","v":0},{"$f":"SUM(G28:H28,J28)","v":0},{"$f":"EXP(SUM($E28,$F28,$K28,I28))","v":3.855965601067993},{"$f":"IF($A$6<=4.5,BSSA14_Coeffs!$AJ26,IF(AND($A$6>4.5,$A$6<5.5),BSSA14_Coeffs!$AJ26+(BSSA14_Coeffs!$AK26-BSSA14_Coeffs!$AJ26)*(BSSA14!$A$6-4.5),BSSA14_Coeffs!$AK26))","v":0.34799999999999998},{"$f":"IF($A$6<=4.5,BSSA14_Coeffs!$AH26,IF(AND($A$6>4.5,$A$6<5.5),BSSA14_Coeffs!$AH26+(BSSA14_Coeffs!$AI26-BSSA14_Coeffs!$AH26)*(BSSA14!$A$6-4.5),BSSA14_Coeffs!$AI26))","v":0.495},{"$f":"IF($A$12<=BSSA14_Coeffs!$AB26,BSSA14!$N28,IF(AND($A$12>BSSA14_Coeffs!$AB26,$A$12<=BSSA14_Coeffs!$AC26),$N28+BSSA14_Coeffs!$AD26*(LN($A$12/BSSA14_Coeffs!$AB26)/(LN(BSSA14_Coeffs!$AC26/BSSA14_Coeffs!$AB26))),$N28+BSSA14_Coeffs!$AD26))","v":0.495},{"$f":"IF($A$15>=BSSA14_Coeffs!$AG26,$O28,IF(AND($A$15>=BSSA14_Coeffs!$AF26,$A$15<=BSSA14_Coeffs!$AG26),$O28-BSSA14_Coeffs!$AE26*(LN(BSSA14_Coeffs!$AG26/$A$15)/LN(BSSA14_Coeffs!$AG26/BSSA14_Coeffs!$AF26)),$O28-BSSA14_Coeffs!$AE26))","v":0.495},{"$f":"SQRT($M28^2+$N28^2)","v":0.6050859443087403},{"$f":"SQRT($M28^2+$P28^2)","v":0.6050859443087403},{"$f":"BSSA_14($A$6,$A$12,$A$18,$A$21,$A$24,$A$15,$A$30,$A$27,$A$38,$D28)","v":0.4409512128595614},{"$f":"BSSA14_stdev($A$6,$A$12,$A$15,D28)","v":0.6050859443087403}]
["Region",null,"PGV (cm/s)",-1,{"$f":"IF($A$6<=BSSA14_Coeffs!$I27,(BSSA14_Coeffs!$B27*$A$18+BSSA14_Coeffs!$C27*$A$33+BSSA14_Coeffs!$D27*$A$24+BSSA14_Coeffs!$E27*$A$21+BSSA14_Coeffs!$F27*($A$6-BSSA14_Coeffs!$I27)+BSSA14_Coeffs!$G27*($A$6-BSSA14_Coeffs!I27)^2),(BSSA14_Coeffs!$B27*$A$18+BSSA14_Coeffs!$C27*$A$33+BSSA14_Coeffs!$D27*$A$24+BSSA14_Coeffs!$E27*$A$21+BSSA14_Coeffs!$H27*($A$6-BSSA14_Coeffs!$I27)))","v":5.6665039999999998},{"$f":"IF($A$30=0,((BSSA14_Coeffs!$J27+BSSA14_Coeffs!$K27*($A$6-BSSA14_Coeffs!$M27))*LN(SQRT(BSSA14!$A$12^2+(BSSA14_Coeffs!$O27^2))/BSSA14_Coeffs!$N27)+(BSSA14_Coeffs!$L27+BSSA14_Coeffs!$P27)*(SQRT(BSSA14!$A$12^2+(BSSA14_Coeffs!$O27^2))-BSSA14_Coeffs!$N27)),IF($A$30=1,((BSSA14_Coeffs!$J27+BSSA14_Coeffs!$K27*($A$6-BSSA14_Coeffs!$M27))*LN(SQRT(BSSA14!$A$12^2+(BSSA14_Coeffs!$O27^2))/BSSA14_Coeffs!$N27)+(BSSA14_Coeffs!$L27+BSSA14_Coeffs!$Q27)*(SQRT(BSSA14!$A$12^2+(BSSA14_Coeffs!$O27^2))-BSSA14_Coeffs!$N27)),IF($A$30=3,((BSSA14_Coeffs!$J27+BSSA14_Coeffs!$K27*($A$6-BSSA14_Coeffs!$M27))*LN(SQRT(BSSA14!$A$12^2+(BSSA14_Coeffs!$O27^2))/BSSA14_Coeffs!$N27)+(BSSA14_Coeffs!$L27+BSSA14_Coeffs!$R27)*(SQRT(BSSA14!$A$12^2+(BSSA14_Coeffs!$O27^2))-BSSA14_Coeffs!$N27)), ((BSSA14_Coeffs!$J27+BSSA14_Coeffs!$K27*($A$6-BSSA14_Coeffs!$M27))*LN(SQRT(BSSA14!$A$12^2+(BSSA14_Coeffs!$O27^2))/BSSA14_Coeffs!$N27)+(BSSA14_Coeffs!$L27+BSSA14_Coeffs!$P27)*(SQRT(BSSA14!$A$12^2+(BSSA14_Coeffs!$O27^2))-BSSA14_Coeffs!$N27)))))","v":-1.5326843574701967},{"$f":"IF($A$15<= BSSA14_Coeffs!$T27, BSSA14_Coeffs!$S27 * LN(BSSA14!$A$15/ 760),  BSSA14_Coeffs!$S27* LN(BSSA14_Coeffs!$T27/ 760))","v":0},{"$f":"BSSA14_Coeffs!$V27 + (BSSA14_Coeffs!$X27 * ((EXP(BSSA14_Coeffs!$Y27* (MIN($A$15,760) - 360))) - EXP(BSSA14_Coeffs!$Y27* (760 - 360)))) * LN((BSSA14!$A$38 + BSSA14_Coeffs!$W27) / BSSA14_Coeffs!$W27)","v":0},{"$f":"IF($A$27=999,0,$A$27-(IF($A$30 = 0, (EXP(-7.15 / 4 * LN(($A$15 ^ 4 + 570.94 ^ 4) / (1360 ^ 4 + 570.94 ^ 4))) / 1000), IF($A$30 = 2, (EXP(-5.23 / 2 * LN(($A$15 ^ 2 + 412.39 ^ 2) / (1360 ^ 2 + 412.39 ^ 2))) / 1000), (EXP(-7.15 / 4 * LN(($A$15 ^ 4 + 570.94 ^ 4) / (1360 ^ 4 + 570.94 ^ 4))) / 1000)))))","v":6.6867939150881961E-3},{"$f":"IF($D29 < 0.65, 0, IF(AND($D29 >= 0.65,$I29 <= (BSSA14_Coeffs!$AA27/ BSSA14_Coeffs!$Z27)), BSSA14_Coeffs!$Z27* BSSA14!$I29, IF(AND($D29>= 0.65,$I29 > (BSSA14_Coeffs!$AA27 /BSSA14_Coeffs!$Z27)), BSSA14_Coeffs!$AA27)))","v":0},{"$f":"SUM(G29:H29,J29)","v":0},{"$f":"EXP(SUM($E29,$F29,$K29,I29))","v":62.834635141952305},{"$f":"IF($A$6<=4.5,BSSA14_Coeffs!$AJ27,IF(AND($A$6>4.5,$A$6<5.5),BSSA14_Coeffs!$AJ27+(BSSA14_Coeffs!$AK27-BSSA14_Coeffs!$AJ27)*(BSSA14!$A$6-4.5),BSSA14_Coeffs!$AK27))","v":0.34599999999999997},{"$f":"IF($A$6<=4.5,BSSA14_Coeffs!$AH27,IF(AND($A$6>4.5,$A$6<5.5),BSSA14_Coeffs!$AH27+(BSSA14_Coeffs!$AI27-BSSA14_Coeffs!$AH27)*(BSSA14!$A$6-4.5),BSSA14_Coeffs!$AI27))","v":0.55200000000000005},{"$f":"IF($A$12<=BSSA14_Coeffs!$AB27,BSSA14!$N29,IF(AND($A$12>BSSA14_Coeffs!$AB27,$A$12<=BSSA14_Coeffs!$AC27),$N29+BSSA14_Coeffs!$AD27*(LN($A$12/BSSA14_Coeffs!$AB27)/(LN(BSSA14_Coeffs!$AC27/BSSA14_Coeffs!$AB27))),$N29+BSSA14_Coeffs!$AD27))","v":0.55200000000000005},{"$f":"IF($A$15>=BSSA14_Coeffs!$AG27,$O29,IF(AND($A$15>=BSSA14_Coeffs!$AF27,$A$15<=BSSA14_Coeffs!$AG27),$O29-BSSA14_Coeffs!$AE27*(LN(BSSA14_Coeffs!$AG27/$A$15)/LN(BSSA14_Coeffs!$AG27/BSSA14_Coeffs!$AF27)),$O29-BSSA14_Coeffs!$AE27))","v":0.55200000000000005},{"$f":"SQRT($M29^2+$N29^2)","v":0.65147524895424846},{"$f":"SQRT($M29^2+$P29^2)","v":0.65147524895424846},{"$f":"BSSA_14($A$6,$A$12,$A$18,$A$21,$A$24,$A$15,$A$30,$A$27,$A$38,$D29)","v":39.663669490664148},{"$f":"BSSA14_stdev($A$6,$A$12,$A$15,D29)","v":0.65147524895424846}]
[{"$f":"Main!$B$101","v":0}]
[]
["SS"]
[{"$f":"Main!$B$92","v":1},"Auto calculated"]
[]
["Input variables with defaults (If entered 999 as input):"]
[]
["PGAr (g)",{"$f":"Main!$C$86","v":""}]
[{"$f":"PGAr_calc($A$6,$A$12,$A$18,$A$21,$A$24,$A$30,$D$28)","v":0.4409512128595614}]
[]
["dz1","0: DEFAULT"]
[{"$f":"IF($A$27=999,0,dz1_calc($A$15,$A$27,$A$30,D$6))","v":6.6867939150881961E-3}]
[]
[]
[]
[]
[]
[]
[]
[]
[]
[]
[]
[]
[]
[]
[]
[]
[]
[]
[]
[]
[]
[]
[]
[]
[]
[]
[]
[]
[]
[]
[]
[]
[]
[]
[]
[]
[]
["Definition of Parameters"]
[]
["   PSA"]
["   PGA"]
["   PGV"]
["   A1100"]
["   M"]
["   RRUP"]
["   RJB"]
["   RX"]
["   FRV"]
["   FNM"]
["   ZHYP"]
["   ZTOR"]
["   ZBOR"]
["   ZBOT"]
["   W"]
["   d"]
["   VS30"]
["   Z2.5"]
["   SJ"]
["   SJP"]
["   SCH"]

{"sheet":"BSSA14_Coeffs","index":6,"n_rows":27,"n_cols":37,"rows_kept":27,"cut":false,"hidden":false,"merged":[[3,0,3,16383]]}
["BOORE - STEWART - SEYHAN - ATKINSON - NGA-WEST2 MODEL COEFFICIENTS [BSSA14] (EQS 2013) & sigma updates:"]
[]
["T (s)","e0","e1","e2","e3","e4","e5","e6","Mh","c1","c2","c3","Mref","Rref (km)","h (km)","Dc3 (globalCATW)","Dc3 (ChinaTurkey)","Dc3 (ItalyJapan)","c","Vc (m/s)","Vref  (m/s)","f1","f3","f4","f5","f6 (1/km)","f7","R1 (km)","R2 (km)","DfR","DfV","V1 (m/s)","V2 (m/s)","f1","f2","t1","t2"]
[]
[0.01,"0.4534","0.4916","0.2519","0.4599","1.421","0.04932","-0.1659","5.5",-1.1339999999999999,0.19159999999999999,-8.0879999999999997E-3,"4.5","1","4.5",0,2.82E-3,-2.4399999999999999E-3,-0.60370000000000001,1500.2,760,0,0.1,-0.14829999999999999,-7.0099999999999997E-3,-9.9,-9.9,111.67,270,9.6000000000000002E-2,7.0000000000000007E-2,225,300,0.69799999999999995,0.499,0.40200000000000002,0.34499999999999997]
[0.02,"0.48598","0.52359","0.29707","0.48875","1.4331","0.053388","-0.16561","5.5",-1.1394,0.18962000000000001,-8.0739999999999996E-3,"4.5","1","4.5",0,2.7799999999999999E-3,-2.3400000000000001E-3,-0.57389999999999997,1500.36,760,0,0.1,-0.14710000000000001,-7.28E-3,-9.9,-9.9,113.1,270,9.1999999999999998E-2,0.03,225,300,0.70199999999999996,0.502,0.40899999999999997,0.34599999999999997]
[0.03,"0.56916","0.6092","0.40391","0.55783","1.4261","0.061444","-0.1669","5.5",-1.1420999999999999,0.18842,-8.3359999999999997E-3,"4.5","1","4.49",0,2.7599999999999999E-3,-2.1700000000000001E-3,-0.53410000000000002,1502.95,760,0,0.1,-0.15490000000000001,-7.3499999999999998E-3,-9.9,-9.9,112.13,270,8.1000000000000003E-2,2.9000000000000001E-2,225,300,0.72099999999999997,0.51400000000000001,0.44500000000000001,0.36399999999999999]
[0.05,"0.75436","0.79905","0.60652","0.72726","1.3974","0.067357","-0.18082","5.5",-1.1158999999999999,0.18709000000000001,-9.8189999999999996E-3,"4.5","1","4.2",0,2.96E-3,-1.99E-3,-0.45800000000000002,1501.42,760,0,0.1,-0.1963,-6.4700000000000001E-3,-9.9,-9.9,97.93,270,6.3E-2,0.03,225,300,0.753,0.53200000000000003,0.503,0.42599999999999999]
[7.4999999999999997E-2,"0.96447","1.0077","0.77678","0.9563","1.4174","0.073549","-0.19665","5.5",-1.0831,0.18225,-1.0580000000000001E-2,"4.5","1","4.04",0,2.96E-3,-2.16E-3,-0.44409999999999999,1494,760,0,0.1,-0.22869999999999999,-5.7299999999999999E-3,-9.9,-9.9,85.99,270.04000000000002,6.4000000000000001E-2,2.1999999999999999E-2,225,300,0.745,0.54200000000000004,0.47399999999999998,0.46600000000000003]
[0.1,"1.1268","1.1669","0.8871","1.1454","1.4293","0.055231","-0.19838","5.54",-1.0651999999999999,0.17202999999999999,-1.0200000000000001E-2,"4.5","1","4.13",0,2.8800000000000002E-3,-2.4399999999999999E-3,-0.48720000000000002,1479.12,760,0,0.1,-0.2492,-5.5999999999999999E-3,-9.9,-9.9,79.59,270.08999999999997,8.6999999999999994E-2,1.4E-2,225,300,0.72799999999999998,0.54100000000000004,0.41499999999999998,0.45800000000000002]
[0.15,"1.3095","1.3481","1.0648","1.3324","1.2844","-0.042065","-0.18234","5.74",-1.0531999999999999,0.15401000000000001,-8.9770000000000006E-3,"4.5","1","4.39",0,2.7899999999999999E-3,-2.7100000000000002E-3,-0.5796,1442.85,760,0,0.1,-0.2571,-5.8500000000000002E-3,-9.9,-9.9,81.33,270.16000000000003,0.12,1.4999999999999999E-2,225,300,0.72,0.53700000000000003,0.35399999999999998,0.38800000000000001]
[0.2,"1.3255","1.359","1.122","1.3414","1.1349","-0.11096","-0.15852","5.92",-1.0607,0.14488999999999999,-7.7169999999999999E-3,"4.5","1","4.61",0,2.6099999999999999E-3,-2.97E-3,-0.68759999999999999,1392.61,760,0,0.1,-0.24660000000000001,-6.1399999999999996E-3,-9.9,-9.9,90.91,270,0.13600000000000001,4.4999999999999998E-2,225,300,0.71099999999999997,0.53900000000000003,0.34399999999999997,0.309]
[0.25,"1.2766","1.3017","1.0828","1.3052","1.0166","-0.16213","-0.12784","6.05",-1.0772999999999999,0.13925000000000001,-6.5170000000000002E-3,"4.5","1","4.78",0,2.4399999999999999E-3,-3.14E-3,-0.77180000000000004,1356.21,760,0,0.1,-0.23569999999999999,-6.4400000000000004E-3,-9.9,-9.9,97.04,269.45,0.14099999999999999,5.5E-2,225,300,0.69799999999999995,0.54700000000000004,0.35,0.26600000000000001]
[0.3,"1.2217","1.2401","1.0246","1.2653","0.95676","-0.1959","-0.092855","6.14",-1.0948,0.13388,-5.4749999999999998E-3,"4.5","1","4.93",0,2.2000000000000001E-3,-3.3E-3,-0.8417,1308.47,760,0,0.1,-0.21909999999999999,-6.7000000000000002E-3,-9.9,-9.9,103.15,268.58999999999997,0.13800000000000001,0.05,225,300,0.67500000000000004,0.56100000000000005,0.36299999999999999,0.22900000000000001]
[0.4,"1.1046","1.1214","0.89765","1.1552","0.96766","-0.22608","-0.023189","6.2",-1.1243000000000001,0.12512000000000001,-4.0530000000000002E-3,"4.5","1","5.16",0,2.1099999999999999E-3,-3.2100000000000002E-3,-0.91090000000000004,1252.6600000000001,760,0,0.1,-0.1958,-7.1300000000000001E-3,-9.9,-9.9,106.02,266.54000000000002,0.122,4.9000000000000002E-2,225,300,0.64300000000000002,0.57999999999999996,0.38100000000000001,0.21]
[0.5,"0.96991","0.99106","0.7615","1.012","1.0384","-0.23522","0.029119","6.2",-1.1458999999999999,0.12015000000000001,-3.2200000000000002E-3,"4.5","1","5.34",0,2.3500000000000001E-3,-2.9099999999999998E-3,-0.96930000000000005,1203.9100000000001,760,0,0.1,-0.1704,-7.4400000000000004E-3,-9.9,-9.9,105.54,265,0.109,0.06,225,300,0.61499999999999999,0.59899999999999998,0.41,0.224]
[0.75,"0.66903","0.69737","0.47523","0.69173","1.2871","-0.21591","0.10829","6.2",-1.1777,0.11054,-1.931E-3,"4.5","1","5.6",0,2.6900000000000001E-3,-2.5300000000000001E-3,-1.0154000000000001,1147.5899999999999,760,0,0.1,-0.13869999999999999,-8.1200000000000005E-3,9.1999999999999998E-2,5.8999999999999997E-2,108.39,266.51,0.1,7.0000000000000007E-2,225,300,0.58099999999999996,0.622,0.45700000000000002,0.26600000000000001]
[1,"0.3932","0.4218","0.207","0.4124","1.5004","-0.18983","0.17895","6.2",-1.1930000000000001,0.10248,-1.2099999999999999E-3,"4.5","1","5.74",0,2.9199999999999999E-3,-2.0899999999999998E-3,-1.05,1109.95,760,0,0.1,-0.1052,-8.4399999999999996E-3,0.36699999999999999,0.20799999999999999,116.39,270,9.8000000000000004E-2,0.02,225,300,0.55300000000000005,0.625,0.498,0.29799999999999999]
[1.5,"-0.14954","-0.11866","-0.3138","-0.1437","1.7622","-0.1467","0.33896","6.2",-1.2062999999999999,9.6449999999999994E-2,-3.6499999999999998E-4,"4.5","1","6.18",0,3.0400000000000002E-3,-1.5200000000000001E-3,-1.0454000000000001,1072.3900000000001,760,0,0.1,-6.7900000000000002E-2,-7.7099999999999998E-3,0.63800000000000001,0.309,125.38,262.41000000000003,0.104,0.01,225,300,0.53200000000000003,0.61899999999999999,0.52500000000000002,0.315]
[2,"-0.58669","-0.55003","-0.71466","-0.60658","1.9152","-0.11237","0.44788","6.2",-1.2159,9.6360000000000001E-2,0,"4.5","1","6.54",0,2.9199999999999999E-3,-1.17E-3,-1.0391999999999999,1009.49,760,0,0.1,-3.61E-2,-4.79E-3,0.871,0.38200000000000001,130.37,240.14,0.105,8.0000000000000002E-3,225,300,0.52600000000000002,0.61799999999999999,0.53200000000000003,0.32900000000000001]
[3,"-1.1898","-1.142","-1.23","-1.2664","2.1323","-0.04332","0.62694","6.2",-1.2179,9.7640000000000005E-2,0,"4.5","1","6.93",0,2.6199999999999999E-3,-1.1900000000000001E-3,-1.0112000000000001,922.43,760,0,0.1,-1.3599999999999999E-2,-1.83E-3,1.135,0.51600000000000001,130.36000000000001,195,8.7999999999999995E-2,0,225,300,0.53400000000000003,0.61899999999999999,0.53700000000000003,0.34399999999999997]
[4,"-1.6388","-1.5748","-1.6673","-1.7516","2.204","-0.014642","0.76303","6.2",-1.2161999999999999,0.10218000000000001,-5.1999999999999997E-5,"4.5","1","7.32",0,2.6099999999999999E-3,-1.08E-3,-0.96940000000000004,844.48,760,0,0.1,-3.2000000000000002E-3,-1.5200000000000001E-3,1.2709999999999999,0.629,129.49,199.45,7.0000000000000007E-2,0,225,300,0.53600000000000003,0.61599999999999999,0.54300000000000004,0.34899999999999998]
[5,"-1.966","-1.8882","-2.0245","-2.0928","2.2299","-0.014855","0.87314","6.2",-1.2189000000000001,0.10353,0,"4.5","1","7.78",0,2.5999999999999999E-3,-5.6999999999999998E-4,-0.91949999999999998,793.13,760,0,0.1,-2.9999999999999997E-4,-1.4400000000000001E-3,1.329,0.73799999999999999,130.22,230,6.0999999999999999E-2,0,225,300,0.52800000000000002,0.622,0.53200000000000003,0.33500000000000002]
[7.5,"-2.5865","-2.4874","-2.8176","-2.6854","2.1187","-0.081606","1.0121","6.2",-1.2543,0.12506999999999999,0,"4.5","1","9.48",0,2.5999999999999999E-3,3.8000000000000002E-4,-0.77659999999999996,771.01,760,0,0.1,-1E-4,-1.3699999999999999E-3,1.329,0.80900000000000005,130.72,250.39,5.8000000000000003E-2,0,225,300,0.51200000000000001,0.63400000000000001,0.51100000000000001,0.27]
[10,"-3.0702","-2.9537","-3.3776","-3.1726","1.8837","-0.15096","1.0651","6.2",-1.3252999999999999,0.15182999999999999,0,"4.5","1","9.66",0,3.0300000000000001E-3,1.49E-3,-0.65580000000000005,775,760,0,0.1,0,-1.3600000000000001E-3,1.1830000000000001,0.70299999999999996,130,210,0.06,0,225,300,0.51,0.60399999999999998,0.48699999999999999,0.23899999999999999]
[0,"0.4473","0.4856","0.2459","0.4539","1.431","0.05053","-0.1662","5.5",-1.1339999999999999,0.19170000000000001,-8.0879999999999997E-3,"4.5","1","4.5",0,2.8600000000000001E-3,-2.5500000000000002E-3,-0.6,1500,760,0,0.1,-0.15,-7.0099999999999997E-3,-9.9,-9.9,110,270,0.1,7.0000000000000007E-2,225,300,0.69499999999999995,0.495,0.39800000000000002,0.34799999999999998]
[-1,"5.037","5.078","4.849","5.033","1.073","-0.1536","0.2252","6.2",-1.2430000000000001,0.1489,-3.4399999999999999E-3,"4.5","1","5.3",0,4.3499999999999997E-3,-3.3E-4,-0.84,1300,760,0,0.1,-0.1,-8.4399999999999996E-3,-9.9,-9.9,105,272,8.2000000000000003E-2,0.08,225,300,0.64400000000000002,0.55200000000000005,0.40100000000000002,0.34599999999999997]

{"sheet":"CB14","index":7,"n_rows":74,"n_cols":26,"rows_kept":74,"cut":false,"hidden":false,"merged":[[5,2,25,2],[3,24,3,25],[3,4,3,15]]}
["CAMPBELL-BOZORGNIA NGA-WEST2 MODEL COEFFICIENTS [CB14] (EQS 2013) & c0 updates:"]
[]
["Input variables","Errors and warnings",null,null,null,null,null,null,null,null,null,null,null,null,null,null,null,null,null,null,null,null,null,null,"CB_14 (M, Rrup, Rjb, Rx, Frv, Fnm, Fhw,Ztor, W, del, Vs30, Z25, Zhyp, Wd, Zhypd, Region, A, T)"]
[null,null,null,null,null,null,null,null,null,null,null,null,null,null,null,null,null,null,null,null,null,null,null,null,"Visual Basic Calculations"]
["M",null,"GMP","T (s)",null,null,null,null,null,null,null,null,null,null,null,null,"a","flnY","f","tlnY","t","fc","s","sArb","Median","s"]
[{"$f":"Main!$B$24","v":6.8},{"$f":"IF(AND($A$6>=3.3, $A$6<=8.5),\"\",\"! Not Applicable !\")","v":""},"PSa (g)",0.01,null,null,null,null,null,null,null,null,null,null,null,null,{"$f":"IF($A$18<CB14_Coeffs!$AG5,CB14_Coeffs!$AH5*$A$56*(($A$56+CB14_Coeffs!$AJ5*($A$18/CB14_Coeffs!$AG5)^CB14_Coeffs!$AK5)^(-1)-($A$56+CB14_Coeffs!$AJ5)^(-1)),0)","v":-2.9360936351976535E-2},{"$f":"IF($A$6<4.5,CB14_Coeffs!$AL5,IF($A$6>5.5,CB14_Coeffs!$AM5,CB14_Coeffs!$AM5+(CB14_Coeffs!$AL5-CB14_Coeffs!$AM5)*(5.5-$A$6)*(5.5-4.5)))","v":0.49199999999999999},{"$f":"SQRT(($R6^2-CB14_Coeffs!$AP5^2)+CB14_Coeffs!$AP5^2+$Q6^2*($R$28^2-CB14_Coeffs!$AP$26^2)+2*$Q6*CB14_Coeffs!$AR5*SQRT($R6^2-CB14_Coeffs!$AP5^2)*SQRT($R$28^2-CB14_Coeffs!$AP$26^2))","v":0.48297578214437015},{"$f":"IF($A$6<4.5,CB14_Coeffs!$AN5,IF($A$6>5.5,CB14_Coeffs!$AO5,CB14_Coeffs!$AO5+(CB14_Coeffs!$AN5-CB14_Coeffs!$AO5)*(5.5-$A$6)*(5.5-4.5)))","v":0.32500000000000001},{"$f":"SQRT($T6^2+$Q6^2*$T$28^2+2*$Q6*CB14_Coeffs!$AR5*$T6*T$28)","v":0.31554577849466359},{"$f":"CB14_Coeffs!AQ5","v":0.16600000000000001},{"$f":"SQRT(S6^2+U6^2)","v":0.57691831697716911},{"$f":"SQRT(V6^2+W6^2)","v":0.60032553207719674},{"$f":"CB_14($A$6,$A$9,$A$12,$A$15,$A$21,$A$24,$A$27,$A$33,$A$42,$A$30,$A$18,$A$39,$A$36,$A$62,$A$71,$A$68,$A$48,$A$56,$D6)","v":0.49843559425426209},{"$f":"W6","v":0.57691831697716911}]
[null,null,null,0.02,null,null,null,null,null,null,null,null,null,null,null,null,{"$f":"IF($A$18<CB14_Coeffs!$AG6,CB14_Coeffs!$AH6*$A$56*(($A$56+CB14_Coeffs!$AJ6*($A$18/CB14_Coeffs!$AG6)^CB14_Coeffs!$AK6)^(-1)-($A$56+CB14_Coeffs!$AJ6)^(-1)),0)","v":-3.0177893265648733E-2},{"$f":"IF($A$6<4.5,CB14_Coeffs!$AL6,IF($A$6>5.5,CB14_Coeffs!$AM6,CB14_Coeffs!$AM6+(CB14_Coeffs!$AL6-CB14_Coeffs!$AM6)*(5.5-$A$6)*(5.5-4.5)))","v":0.496},{"$f":"SQRT(($R7^2-CB14_Coeffs!$AP6^2)+CB14_Coeffs!$AP6^2+$Q7^2*($R$28^2-CB14_Coeffs!$AP$26^2)+2*$Q7*CB14_Coeffs!$AR6*SQRT($R7^2-CB14_Coeffs!$AP6^2)*SQRT($R$28^2-CB14_Coeffs!$AP$26^2))","v":0.48669974109325775},{"$f":"IF($A$6<4.5,CB14_Coeffs!$AN6,IF($A$6>5.5,CB14_Coeffs!$AO6,CB14_Coeffs!$AO6+(CB14_Coeffs!$AN6-CB14_Coeffs!$AO6)*(5.5-$A$6)*(5.5-4.5)))","v":0.32600000000000001},{"$f":"SQRT($T7^2+$Q7^2*$T$28^2+2*$Q7*CB14_Coeffs!$AR6*$T7*T$28)","v":0.31630274939334752},{"$f":"CB14_Coeffs!AQ6","v":0.16600000000000001},{"$f":"SQRT(S7^2+U7^2)","v":0.58045160629809178},{"$f":"SQRT(V7^2+W7^2)","v":0.60372184593075229},{"$f":"CB_14($A$6,$A$9,$A$12,$A$15,$A$21,$A$24,$A$27,$A$33,$A$42,$A$30,$A$18,$A$39,$A$36,$A$62,$A$71,$A$68,$A$48,$A$56,$D7)","v":0.51928644320729445},0.58045160629809178]
["RRUP",null,null,0.03,null,null,null,null,null,null,null,null,null,null,null,null,{"$f":"IF($A$18<CB14_Coeffs!$AG7,CB14_Coeffs!$AH7*$A$56*(($A$56+CB14_Coeffs!$AJ7*($A$18/CB14_Coeffs!$AG7)^CB14_Coeffs!$AK7)^(-1)-($A$56+CB14_Coeffs!$AJ7)^(-1)),0)","v":-4.4064707800221196E-2},{"$f":"IF($A$6<4.5,CB14_Coeffs!$AL7,IF($A$6>5.5,CB14_Coeffs!$AM7,CB14_Coeffs!$AM7+(CB14_Coeffs!$AL7-CB14_Coeffs!$AM7)*(5.5-$A$6)*(5.5-4.5)))","v":0.503},{"$f":"SQRT(($R8^2-CB14_Coeffs!$AP7^2)+CB14_Coeffs!$AP7^2+$Q8^2*($R$28^2-CB14_Coeffs!$AP$26^2)+2*$Q8*CB14_Coeffs!$AR7*SQRT($R8^2-CB14_Coeffs!$AP7^2)*SQRT($R$28^2-CB14_Coeffs!$AP$26^2))","v":0.4895133248732052},{"$f":"IF($A$6<4.5,CB14_Coeffs!$AN7,IF($A$6>5.5,CB14_Coeffs!$AO7,CB14_Coeffs!$AO7+(CB14_Coeffs!$AN7-CB14_Coeffs!$AO7)*(5.5-$A$6)*(5.5-4.5)))","v":0.34399999999999997},{"$f":"SQRT($T8^2+$Q8^2*$T$28^2+2*$Q8*CB14_Coeffs!$AR7*$T8*T$28)","v":0.33001828862170612},{"$f":"CB14_Coeffs!AQ7","v":0.16500000000000001},0.59036883899238779,0.61299295758860062,{"$f":"CB_14($A$6,$A$9,$A$12,$A$15,$A$21,$A$24,$A$27,$A$33,$A$42,$A$30,$A$18,$A$39,$A$36,$A$62,$A$71,$A$68,$A$48,$A$56,$D8)","v":0.61934010395454253},0.59036883899238779]
[{"$f":"Main!$B$27","v":3.16},{"$f":"IF(AND($A$9>=0, $A$9<=300),\"\",\"! Not Applicable !\")","v":""},null,0.05,null,null,null,null,null,null,null,null,null,null,null,null,{"$f":"IF($A$18<CB14_Coeffs!$AG8,CB14_Coeffs!$AH8*$A$56*(($A$56+CB14_Coeffs!$AJ8*($A$18/CB14_Coeffs!$AG8)^CB14_Coeffs!$AK8)^(-1)-($A$56+CB14_Coeffs!$AJ8)^(-1)),0)","v":-9.000510938277613E-2},{"$f":"IF($A$6<4.5,CB14_Coeffs!$AL8,IF($A$6>5.5,CB14_Coeffs!$AM8,CB14_Coeffs!$AM8+(CB14_Coeffs!$AL8-CB14_Coeffs!$AM8)*(5.5-$A$6)*(5.5-4.5)))","v":0.52},{"$f":"SQRT(($R9^2-CB14_Coeffs!$AP8^2)+CB14_Coeffs!$AP8^2+$Q9^2*($R$28^2-CB14_Coeffs!$AP$26^2)+2*$Q9*CB14_Coeffs!$AR8*SQRT($R9^2-CB14_Coeffs!$AP8^2)*SQRT($R$28^2-CB14_Coeffs!$AP$26^2))","v":0.49362514761568632},{"$f":"IF($A$6<4.5,CB14_Coeffs!$AN8,IF($A$6>5.5,CB14_Coeffs!$AO8,CB14_Coeffs!$AO8+(CB14_Coeffs!$AN8-CB14_Coeffs!$AO8)*(5.5-$A$6)*(5.5-4.5)))","v":0.377},{"$f":"SQRT($T9^2+$Q9^2*$T$28^2+2*$Q9*CB14_Coeffs!$AR8*$T9*T$28)","v":0.34995943938363538},{"$f":"CB14_Coeffs!AQ8","v":0.16200000000000001},0.60509288177296927,0.62640354051706681,{"$f":"CB_14($A$6,$A$9,$A$12,$A$15,$A$21,$A$24,$A$27,$A$33,$A$42,$A$30,$A$18,$A$39,$A$36,$A$62,$A$71,$A$68,$A$48,$A$56,$D9)","v":0.84414811023606984},0.60509288177296927]
[null,null,null,7.4999999999999997E-2,null,null,null,null,null,null,null,null,null,null,null,null,{"$f":"IF($A$18<CB14_Coeffs!$AG9,CB14_Coeffs!$AH9*$A$56*(($A$56+CB14_Coeffs!$AJ9*($A$18/CB14_Coeffs!$AG9)^CB14_Coeffs!$AK9)^(-1)-($A$56+CB14_Coeffs!$AJ9)^(-1)),0)","v":-0.10839450988661865},{"$f":"IF($A$6<4.5,CB14_Coeffs!$AL9,IF($A$6>5.5,CB14_Coeffs!$AM9,CB14_Coeffs!$AM9+(CB14_Coeffs!$AL9-CB14_Coeffs!$AM9)*(5.5-$A$6)*(5.5-4.5)))","v":0.53500000000000003},{"$f":"SQRT(($R10^2-CB14_Coeffs!$AP9^2)+CB14_Coeffs!$AP9^2+$Q10^2*($R$28^2-CB14_Coeffs!$AP$26^2)+2*$Q10*CB14_Coeffs!$AR9*SQRT($R10^2-CB14_Coeffs!$AP9^2)*SQRT($R$28^2-CB14_Coeffs!$AP$26^2))","v":0.50477257704705003},{"$f":"IF($A$6<4.5,CB14_Coeffs!$AN9,IF($A$6>5.5,CB14_Coeffs!$AO9,CB14_Coeffs!$AO9+(CB14_Coeffs!$AN9-CB14_Coeffs!$AO9)*(5.5-$A$6)*(5.5-4.5)))","v":0.41799999999999998},{"$f":"SQRT($T10^2+$Q10^2*$T$28^2+2*$Q10*CB14_Coeffs!$AR9*$T10*T$28)","v":0.38737644016449063},{"$f":"CB14_Coeffs!AQ9","v":0.158},0.63628284664387524,0.65560648329103122,{"$f":"CB_14($A$6,$A$9,$A$12,$A$15,$A$21,$A$24,$A$27,$A$33,$A$42,$A$30,$A$18,$A$39,$A$36,$A$62,$A$71,$A$68,$A$48,$A$56,$D10)","v":0.98385347556555314},0.63628284664387524]
["RJB",null,null,0.1,null,null,null,null,null,null,null,null,null,null,null,null,{"$f":"IF($A$18<CB14_Coeffs!$AG10,CB14_Coeffs!$AH10*$A$56*(($A$56+CB14_Coeffs!$AJ10*($A$18/CB14_Coeffs!$AG10)^CB14_Coeffs!$AK10)^(-1)-($A$56+CB14_Coeffs!$AJ10)^(-1)),0)","v":-0.10089681804993572},{"$f":"IF($A$6<4.5,CB14_Coeffs!$AL10,IF($A$6>5.5,CB14_Coeffs!$AM10,CB14_Coeffs!$AM10+(CB14_Coeffs!$AL10-CB14_Coeffs!$AM10)*(5.5-$A$6)*(5.5-4.5)))","v":0.54300000000000004},{"$f":"SQRT(($R11^2-CB14_Coeffs!$AP10^2)+CB14_Coeffs!$AP10^2+$Q11^2*($R$28^2-CB14_Coeffs!$AP$26^2)+2*$Q11*CB14_Coeffs!$AR10*SQRT($R11^2-CB14_Coeffs!$AP10^2)*SQRT($R$28^2-CB14_Coeffs!$AP$26^2))","v":0.51518118709968719},{"$f":"IF($A$6<4.5,CB14_Coeffs!$AN10,IF($A$6>5.5,CB14_Coeffs!$AO10,CB14_Coeffs!$AO10+(CB14_Coeffs!$AN10-CB14_Coeffs!$AO10)*(5.5-$A$6)*(5.5-4.5)))","v":0.42599999999999999},{"$f":"SQRT($T11^2+$Q11^2*$T$28^2+2*$Q11*CB14_Coeffs!$AR10*$T11*T$28)","v":0.39805720774949782},{"$f":"CB14_Coeffs!AQ10","v":0.17},0.65104623198569378,0.67287531993882033,0.99577170270741222,0.65104623198569378]
[{"$f":"Main!$B$30","v":1},null,null,0.15,null,null,null,null,null,null,null,null,null,null,null,null,{"$f":"IF($A$18<CB14_Coeffs!$AG11,CB14_Coeffs!$AH11*$A$56*(($A$56+CB14_Coeffs!$AJ11*($A$18/CB14_Coeffs!$AG11)^CB14_Coeffs!$AK11)^(-1)-($A$56+CB14_Coeffs!$AJ11)^(-1)),0)","v":-5.3592994274569095E-2},{"$f":"IF($A$6<4.5,CB14_Coeffs!$AL11,IF($A$6>5.5,CB14_Coeffs!$AM11,CB14_Coeffs!$AM11+(CB14_Coeffs!$AL11-CB14_Coeffs!$AM11)*(5.5-$A$6)*(5.5-4.5)))","v":0.54300000000000004},{"$f":"SQRT(($R12^2-CB14_Coeffs!$AP11^2)+CB14_Coeffs!$AP11^2+$Q12^2*($R$28^2-CB14_Coeffs!$AP$26^2)+2*$Q12*CB14_Coeffs!$AR11*SQRT($R12^2-CB14_Coeffs!$AP11^2)*SQRT($R$28^2-CB14_Coeffs!$AP$26^2))","v":0.52793357682094633},{"$f":"IF($A$6<4.5,CB14_Coeffs!$AN11,IF($A$6>5.5,CB14_Coeffs!$AO11,CB14_Coeffs!$AO11+(CB14_Coeffs!$AN11-CB14_Coeffs!$AO11)*(5.5-$A$6)*(5.5-4.5)))","v":0.38700000000000001},{"$f":"SQRT($T12^2+$Q12^2*$T$28^2+2*$Q12*CB14_Coeffs!$AR11*$T12*T$28)","v":0.37197604736986889},{"$f":"CB14_Coeffs!AQ11","v":0.18},0.64581734364436894,0.67043272693974965,0.99434705540024815,0.64581734364436894]
[null,null,null,0.2,null,null,null,null,null,null,null,null,null,null,null,null,{"$f":"IF($A$18<CB14_Coeffs!$AG12,CB14_Coeffs!$AH12*$A$56*(($A$56+CB14_Coeffs!$AJ12*($A$18/CB14_Coeffs!$AG12)^CB14_Coeffs!$AK12)^(-1)-($A$56+CB14_Coeffs!$AJ12)^(-1)),0)","v":0},{"$f":"IF($A$6<4.5,CB14_Coeffs!$AL12,IF($A$6>5.5,CB14_Coeffs!$AM12,CB14_Coeffs!$AM12+(CB14_Coeffs!$AL12-CB14_Coeffs!$AM12)*(5.5-$A$6)*(5.5-4.5)))","v":0.55200000000000005},{"$f":"SQRT(($R13^2-CB14_Coeffs!$AP12^2)+CB14_Coeffs!$AP12^2+$Q13^2*($R$28^2-CB14_Coeffs!$AP$26^2)+2*$Q13*CB14_Coeffs!$AR12*SQRT($R13^2-CB14_Coeffs!$AP12^2)*SQRT($R$28^2-CB14_Coeffs!$AP$26^2))","v":0.55200000000000005},{"$f":"IF($A$6<4.5,CB14_Coeffs!$AN12,IF($A$6>5.5,CB14_Coeffs!$AO12,CB14_Coeffs!$AO12+(CB14_Coeffs!$AN12-CB14_Coeffs!$AO12)*(5.5-$A$6)*(5.5-4.5)))","v":0.33800000000000002},{"$f":"SQRT($T13^2+$Q13^2*$T$28^2+2*$Q13*CB14_Coeffs!$AR12*$T13*T$28)","v":0.33800000000000002},{"$f":"CB14_Coeffs!AQ12","v":0.186},0.64726192534398319,0.67345675436511887,0.90310282297975442,0.64726192534398319]
["RX",null,null,0.25,null,null,null,null,null,null,null,null,null,null,null,null,{"$f":"IF($A$18<CB14_Coeffs!$AG13,CB14_Coeffs!$AH13*$A$56*(($A$56+CB14_Coeffs!$AJ13*($A$18/CB14_Coeffs!$AG13)^CB14_Coeffs!$AK13)^(-1)-($A$56+CB14_Coeffs!$AJ13)^(-1)),0)","v":0},{"$f":"IF($A$6<4.5,CB14_Coeffs!$AL13,IF($A$6>5.5,CB14_Coeffs!$AM13,CB14_Coeffs!$AM13+(CB14_Coeffs!$AL13-CB14_Coeffs!$AM13)*(5.5-$A$6)*(5.5-4.5)))","v":0.54500000000000004},{"$f":"SQRT(($R14^2-CB14_Coeffs!$AP13^2)+CB14_Coeffs!$AP13^2+$Q14^2*($R$28^2-CB14_Coeffs!$AP$26^2)+2*$Q14*CB14_Coeffs!$AR13*SQRT($R14^2-CB14_Coeffs!$AP13^2)*SQRT($R$28^2-CB14_Coeffs!$AP$26^2))","v":0.54500000000000004},{"$f":"IF($A$6<4.5,CB14_Coeffs!$AN13,IF($A$6>5.5,CB14_Coeffs!$AO13,CB14_Coeffs!$AO13+(CB14_Coeffs!$AN13-CB14_Coeffs!$AO13)*(5.5-$A$6)*(5.5-4.5)))","v":0.316},{"$f":"SQRT($T14^2+$Q14^2*$T$28^2+2*$Q14*CB14_Coeffs!$AR13*$T14*T$28)","v":0.316},{"$f":"CB14_Coeffs!AQ13","v":0.191},0.62998492045445031,0.65830236214068083,0.82792961977231749,0.62998492045445031]
[{"$f":"Main!$B$33","v":1},null,null,0.3,null,null,null,null,null,null,null,null,null,null,null,null,{"$f":"IF($A$18<CB14_Coeffs!$AG14,CB14_Coeffs!$AH14*$A$56*(($A$56+CB14_Coeffs!$AJ14*($A$18/CB14_Coeffs!$AG14)^CB14_Coeffs!$AK14)^(-1)-($A$56+CB14_Coeffs!$AJ14)^(-1)),0)","v":0},{"$f":"IF($A$6<4.5,CB14_Coeffs!$AL14,IF($A$6>5.5,CB14_Coeffs!$AM14,CB14_Coeffs!$AM14+(CB14_Coeffs!$AL14-CB14_Coeffs!$AM14)*(5.5-$A$6)*(5.5-4.5)))","v":0.56799999999999995},{"$f":"SQRT(($R15^2-CB14_Coeffs!$AP14^2)+CB14_Coeffs!$AP14^2+$Q15^2*($R$28^2-CB14_Coeffs!$AP$26^2)+2*$Q15*CB14_Coeffs!$AR14*SQRT($R15^2-CB14_Coeffs!$AP14^2)*SQRT($R$28^2-CB14_Coeffs!$AP$26^2))","v":0.56799999999999995},{"$f":"IF($A$6<4.5,CB14_Coeffs!$AN14,IF($A$6>5.5,CB14_Coeffs!$AO14,CB14_Coeffs!$AO14+(CB14_Coeffs!$AN14-CB14_Coeffs!$AO14)*(5.5-$A$6)*(5.5-4.5)))","v":0.3},{"$f":"SQRT($T15^2+$Q15^2*$T$28^2+2*$Q15*CB14_Coeffs!$AR14*$T15*T$28)","v":0.3},{"$f":"CB14_Coeffs!AQ14","v":0.19800000000000001},0.64235815554875619,0.67218152310220491,{"$f":"CB_14($A$6,$A$9,$A$12,$A$15,$A$21,$A$24,$A$27,$A$33,$A$42,$A$30,$A$18,$A$39,$A$36,$A$62,$A$71,$A$68,$A$48,$A$56,$D15)","v":0.74892106030580052},0.64235815554875619]
[null,null,null,0.4,null,null,null,null,null,null,null,null,null,null,null,null,{"$f":"IF($A$18<CB14_Coeffs!$AG15,CB14_Coeffs!$AH15*$A$56*(($A$56+CB14_Coeffs!$AJ15*($A$18/CB14_Coeffs!$AG15)^CB14_Coeffs!$AK15)^(-1)-($A$56+CB14_Coeffs!$AJ15)^(-1)),0)","v":0},{"$f":"IF($A$6<4.5,CB14_Coeffs!$AL15,IF($A$6>5.5,CB14_Coeffs!$AM15,CB14_Coeffs!$AM15+(CB14_Coeffs!$AL15-CB14_Coeffs!$AM15)*(5.5-$A$6)*(5.5-4.5)))","v":0.59299999999999997},{"$f":"SQRT(($R16^2-CB14_Coeffs!$AP15^2)+CB14_Coeffs!$AP15^2+$Q16^2*($R$28^2-CB14_Coeffs!$AP$26^2)+2*$Q16*CB14_Coeffs!$AR15*SQRT($R16^2-CB14_Coeffs!$AP15^2)*SQRT($R$28^2-CB14_Coeffs!$AP$26^2))","v":0.59299999999999997},{"$f":"IF($A$6<4.5,CB14_Coeffs!$AN15,IF($A$6>5.5,CB14_Coeffs!$AO15,CB14_Coeffs!$AO15+(CB14_Coeffs!$AN15-CB14_Coeffs!$AO15)*(5.5-$A$6)*(5.5-4.5)))","v":0.26400000000000001},{"$f":"SQRT($T16^2+$Q16^2*$T$28^2+2*$Q16*CB14_Coeffs!$AR15*$T16*T$28)","v":0.26400000000000001},{"$f":"CB14_Coeffs!AQ15","v":0.20599999999999999},0.64911093042714973,0.68101468412949806,0.64715196915332063,0.64911093042714973]
["VS30",null,null,0.5,null,null,null,null,null,null,null,null,null,null,null,null,{"$f":"IF($A$18<CB14_Coeffs!$AG16,CB14_Coeffs!$AH16*$A$56*(($A$56+CB14_Coeffs!$AJ16*($A$18/CB14_Coeffs!$AG16)^CB14_Coeffs!$AK16)^(-1)-($A$56+CB14_Coeffs!$AJ16)^(-1)),0)","v":0},{"$f":"IF($A$6<4.5,CB14_Coeffs!$AL16,IF($A$6>5.5,CB14_Coeffs!$AM16,CB14_Coeffs!$AM16+(CB14_Coeffs!$AL16-CB14_Coeffs!$AM16)*(5.5-$A$6)*(5.5-4.5)))","v":0.61099999999999999},{"$f":"SQRT(($R17^2-CB14_Coeffs!$AP16^2)+CB14_Coeffs!$AP16^2+$Q17^2*($R$28^2-CB14_Coeffs!$AP$26^2)+2*$Q17*CB14_Coeffs!$AR16*SQRT($R17^2-CB14_Coeffs!$AP16^2)*SQRT($R$28^2-CB14_Coeffs!$AP$26^2))","v":0.61099999999999988},{"$f":"IF($A$6<4.5,CB14_Coeffs!$AN16,IF($A$6>5.5,CB14_Coeffs!$AO16,CB14_Coeffs!$AO16+(CB14_Coeffs!$AN16-CB14_Coeffs!$AO16)*(5.5-$A$6)*(5.5-4.5)))","v":0.26300000000000001},{"$f":"SQRT($T17^2+$Q17^2*$T$28^2+2*$Q17*CB14_Coeffs!$AR16*$T17*T$28)","v":0.26300000000000001},{"$f":"CB14_Coeffs!AQ16","v":0.20799999999999999},0.66519921827975703,0.69696054407692243,0.53713707707222402,0.66519921827975703]
[{"$f":"Main!$B$39","v":760},{"$f":"IF($A$18<150,\"! Not Applicable !\", IF(AND($A$18>=150, $A$18<=1500),\"\",\"! Not Applicable !\"))","v":""},null,0.75,null,null,null,null,null,null,null,null,null,null,null,null,{"$f":"IF($A$18<CB14_Coeffs!$AG17,CB14_Coeffs!$AH17*$A$56*(($A$56+CB14_Coeffs!$AJ17*($A$18/CB14_Coeffs!$AG17)^CB14_Coeffs!$AK17)^(-1)-($A$56+CB14_Coeffs!$AJ17)^(-1)),0)","v":0},{"$f":"IF($A$6<4.5,CB14_Coeffs!$AL17,IF($A$6>5.5,CB14_Coeffs!$AM17,CB14_Coeffs!$AM17+(CB14_Coeffs!$AL17-CB14_Coeffs!$AM17)*(5.5-$A$6)*(5.5-4.5)))","v":0.63300000000000001},{"$f":"SQRT(($R18^2-CB14_Coeffs!$AP17^2)+CB14_Coeffs!$AP17^2+$Q18^2*($R$28^2-CB14_Coeffs!$AP$26^2)+2*$Q18*CB14_Coeffs!$AR17*SQRT($R18^2-CB14_Coeffs!$AP17^2)*SQRT($R$28^2-CB14_Coeffs!$AP$26^2))","v":0.63300000000000001},{"$f":"IF($A$6<4.5,CB14_Coeffs!$AN17,IF($A$6>5.5,CB14_Coeffs!$AO17,CB14_Coeffs!$AO17+(CB14_Coeffs!$AN17-CB14_Coeffs!$AO17)*(5.5-$A$6)*(5.5-4.5)))","v":0.32600000000000001},{"$f":"SQRT($T18^2+$Q18^2*$T$28^2+2*$Q18*CB14_Coeffs!$AR17*$T18*T$28)","v":0.32600000000000001},{"$f":"CB14_Coeffs!AQ17","v":0.221},0.71201474703828993,0.74552397681094074,{"$f":"CB_14($A$6,$A$9,$A$12,$A$15,$A$21,$A$24,$A$27,$A$33,$A$42,$A$30,$A$18,$A$39,$A$36,$A$62,$A$71,$A$68,$A$48,$A$56,$D18)","v":0.38825019804132277},0.71201474703828993]
[null,null,null,1,null,null,null,null,null,null,null,null,null,null,null,null,{"$f":"IF($A$18<CB14_Coeffs!$AG18,CB14_Coeffs!$AH18*$A$56*(($A$56+CB14_Coeffs!$AJ18*($A$18/CB14_Coeffs!$AG18)^CB14_Coeffs!$AK18)^(-1)-($A$56+CB14_Coeffs!$AJ18)^(-1)),0)","v":0},{"$f":"IF($A$6<4.5,CB14_Coeffs!$AL18,IF($A$6>5.5,CB14_Coeffs!$AM18,CB14_Coeffs!$AM18+(CB14_Coeffs!$AL18-CB14_Coeffs!$AM18)*(5.5-$A$6)*(5.5-4.5)))","v":0.628},{"$f":"SQRT(($R19^2-CB14_Coeffs!$AP18^2)+CB14_Coeffs!$AP18^2+$Q19^2*($R$28^2-CB14_Coeffs!$AP$26^2)+2*$Q19*CB14_Coeffs!$AR18*SQRT($R19^2-CB14_Coeffs!$AP18^2)*SQRT($R$28^2-CB14_Coeffs!$AP$26^2))","v":0.628},{"$f":"IF($A$6<4.5,CB14_Coeffs!$AN18,IF($A$6>5.5,CB14_Coeffs!$AO18,CB14_Coeffs!$AO18+(CB14_Coeffs!$AN18-CB14_Coeffs!$AO18)*(5.5-$A$6)*(5.5-4.5)))","v":0.35299999999999998},{"$f":"SQRT($T19^2+$Q19^2*$T$28^2+2*$Q19*CB14_Coeffs!$AR18*$T19*T$28)","v":0.35299999999999998},{"$f":"CB14_Coeffs!AQ18","v":0.22500000000000001},0.7204116878563257,0.75473041544646924,0.29572931254304574,0.7204116878563257]
["FRV",null,null,1.5,null,null,null,null,null,null,null,null,null,null,null,null,{"$f":"IF($A$18<CB14_Coeffs!$AG19,CB14_Coeffs!$AH19*$A$56*(($A$56+CB14_Coeffs!$AJ19*($A$18/CB14_Coeffs!$AG19)^CB14_Coeffs!$AK19)^(-1)-($A$56+CB14_Coeffs!$AJ19)^(-1)),0)","v":0},{"$f":"IF($A$6<4.5,CB14_Coeffs!$AL19,IF($A$6>5.5,CB14_Coeffs!$AM19,CB14_Coeffs!$AM19+(CB14_Coeffs!$AL19-CB14_Coeffs!$AM19)*(5.5-$A$6)*(5.5-4.5)))","v":0.60299999999999998},{"$f":"SQRT(($R20^2-CB14_Coeffs!$AP19^2)+CB14_Coeffs!$AP19^2+$Q20^2*($R$28^2-CB14_Coeffs!$AP$26^2)+2*$Q20*CB14_Coeffs!$AR19*SQRT($R20^2-CB14_Coeffs!$AP19^2)*SQRT($R$28^2-CB14_Coeffs!$AP$26^2))","v":0.60299999999999998},{"$f":"IF($A$6<4.5,CB14_Coeffs!$AN19,IF($A$6>5.5,CB14_Coeffs!$AO19,CB14_Coeffs!$AO19+(CB14_Coeffs!$AN19-CB14_Coeffs!$AO19)*(5.5-$A$6)*(5.5-4.5)))","v":0.39900000000000002},{"$f":"SQRT($T20^2+$Q20^2*$T$28^2+2*$Q20*CB14_Coeffs!$AR19*$T20*T$28)","v":0.39900000000000002},{"$f":"CB14_Coeffs!AQ19","v":0.222},0.72305601442765133,0.75636895758617695,0.17789222927805512,0.72305601442765133]
[{"$f":"Main!$B$45","v":0},{"$f":"IF(AND($A$21=1,$A$6<=8),\"\",IF($A$21=0,\"\",\"! Not Applicable !\"))","v":""},null,2,null,null,null,null,null,null,null,null,null,null,null,null,{"$f":"IF($A$18<CB14_Coeffs!$AG20,CB14_Coeffs!$AH20*$A$56*(($A$56+CB14_Coeffs!$AJ20*($A$18/CB14_Coeffs!$AG20)^CB14_Coeffs!$AK20)^(-1)-($A$56+CB14_Coeffs!$AJ20)^(-1)),0)","v":0},{"$f":"IF($A$6<4.5,CB14_Coeffs!$AL20,IF($A$6>5.5,CB14_Coeffs!$AM20,CB14_Coeffs!$AM20+(CB14_Coeffs!$AL20-CB14_Coeffs!$AM20)*(5.5-$A$6)*(5.5-4.5)))","v":0.58799999999999997},{"$f":"SQRT(($R21^2-CB14_Coeffs!$AP20^2)+CB14_Coeffs!$AP20^2+$Q21^2*($R$28^2-CB14_Coeffs!$AP$26^2)+2*$Q21*CB14_Coeffs!$AR20*SQRT($R21^2-CB14_Coeffs!$AP20^2)*SQRT($R$28^2-CB14_Coeffs!$AP$26^2))","v":0.58799999999999997},{"$f":"IF($A$6<4.5,CB14_Coeffs!$AN20,IF($A$6>5.5,CB14_Coeffs!$AO20,CB14_Coeffs!$AO20+(CB14_Coeffs!$AN20-CB14_Coeffs!$AO20)*(5.5-$A$6)*(5.5-4.5)))","v":0.4},{"$f":"SQRT($T21^2+$Q21^2*$T$28^2+2*$Q21*CB14_Coeffs!$AR20*$T21*T$28)","v":0.4},{"$f":"CB14_Coeffs!AQ20","v":0.22600000000000001},0.71115680408753734,0.74620372553344971,0.1241571740298076,0.71115680408753734]
[null,null,null,3,null,null,null,null,null,null,null,null,null,null,null,null,{"$f":"IF($A$18<CB14_Coeffs!$AG21,CB14_Coeffs!$AH21*$A$56*(($A$56+CB14_Coeffs!$AJ21*($A$18/CB14_Coeffs!$AG21)^CB14_Coeffs!$AK21)^(-1)-($A$56+CB14_Coeffs!$AJ21)^(-1)),0)","v":0},{"$f":"IF($A$6<4.5,CB14_Coeffs!$AL21,IF($A$6>5.5,CB14_Coeffs!$AM21,CB14_Coeffs!$AM21+(CB14_Coeffs!$AL21-CB14_Coeffs!$AM21)*(5.5-$A$6)*(5.5-4.5)))","v":0.57799999999999996},{"$f":"SQRT(($R22^2-CB14_Coeffs!$AP21^2)+CB14_Coeffs!$AP21^2+$Q22^2*($R$28^2-CB14_Coeffs!$AP$26^2)+2*$Q22*CB14_Coeffs!$AR21*SQRT($R22^2-CB14_Coeffs!$AP21^2)*SQRT($R$28^2-CB14_Coeffs!$AP$26^2))","v":0.57799999999999996},{"$f":"IF($A$6<4.5,CB14_Coeffs!$AN21,IF($A$6>5.5,CB14_Coeffs!$AO21,CB14_Coeffs!$AO21+(CB14_Coeffs!$AN21-CB14_Coeffs!$AO21)*(5.5-$A$6)*(5.5-4.5)))","v":0.41699999999999998},{"$f":"SQRT($T22^2+$Q22^2*$T$28^2+2*$Q22*CB14_Coeffs!$AR21*$T22*T$28)","v":0.41699999999999998},{"$f":"CB14_Coeffs!AQ21","v":0.22900000000000001},0.71272224603978784,0.74860804163460593,7.6319351656041687E-2,0.71272224603978784]
["FNM",null,null,4,null,null,null,null,null,null,null,null,null,null,null,null,{"$f":"IF($A$18<CB14_Coeffs!$AG22,CB14_Coeffs!$AH22*$A$56*(($A$56+CB14_Coeffs!$AJ22*($A$18/CB14_Coeffs!$AG22)^CB14_Coeffs!$AK22)^(-1)-($A$56+CB14_Coeffs!$AJ22)^(-1)),0)","v":0},{"$f":"IF($A$6<4.5,CB14_Coeffs!$AL22,IF($A$6>5.5,CB14_Coeffs!$AM22,CB14_Coeffs!$AM22+(CB14_Coeffs!$AL22-CB14_Coeffs!$AM22)*(5.5-$A$6)*(5.5-4.5)))","v":0.55900000000000005},{"$f":"SQRT(($R23^2-CB14_Coeffs!$AP22^2)+CB14_Coeffs!$AP22^2+$Q23^2*($R$28^2-CB14_Coeffs!$AP$26^2)+2*$Q23*CB14_Coeffs!$AR22*SQRT($R23^2-CB14_Coeffs!$AP22^2)*SQRT($R$28^2-CB14_Coeffs!$AP$26^2))","v":0.55900000000000005},{"$f":"IF($A$6<4.5,CB14_Coeffs!$AN22,IF($A$6>5.5,CB14_Coeffs!$AO22,CB14_Coeffs!$AO22+(CB14_Coeffs!$AN22-CB14_Coeffs!$AO22)*(5.5-$A$6)*(5.5-4.5)))","v":0.39300000000000002},{"$f":"SQRT($T23^2+$Q23^2*$T$28^2+2*$Q23*CB14_Coeffs!$AR22*$T23*T$28)","v":0.39300000000000002},{"$f":"CB14_Coeffs!AQ22","v":0.23699999999999999},0.68332276414590498,0.72325583302176011,4.891501313854868E-2,0.68332276414590498]
[{"$f":"Main!$B$48","v":0},null,null,5,null,null,null,null,null,null,null,null,null,null,null,null,{"$f":"IF($A$18<CB14_Coeffs!$AG23,CB14_Coeffs!$AH23*$A$56*(($A$56+CB14_Coeffs!$AJ23*($A$18/CB14_Coeffs!$AG23)^CB14_Coeffs!$AK23)^(-1)-($A$56+CB14_Coeffs!$AJ23)^(-1)),0)","v":0},{"$f":"IF($A$6<4.5,CB14_Coeffs!$AL23,IF($A$6>5.5,CB14_Coeffs!$AM23,CB14_Coeffs!$AM23+(CB14_Coeffs!$AL23-CB14_Coeffs!$AM23)*(5.5-$A$6)*(5.5-4.5)))","v":0.55100000000000005},{"$f":"SQRT(($R24^2-CB14_Coeffs!$AP23^2)+CB14_Coeffs!$AP23^2+$Q24^2*($R$28^2-CB14_Coeffs!$AP$26^2)+2*$Q24*CB14_Coeffs!$AR23*SQRT($R24^2-CB14_Coeffs!$AP23^2)*SQRT($R$28^2-CB14_Coeffs!$AP$26^2))","v":0.55100000000000005},{"$f":"IF($A$6<4.5,CB14_Coeffs!$AN23,IF($A$6>5.5,CB14_Coeffs!$AO23,CB14_Coeffs!$AO23+(CB14_Coeffs!$AN23-CB14_Coeffs!$AO23)*(5.5-$A$6)*(5.5-4.5)))","v":0.42099999999999999},{"$f":"SQRT($T24^2+$Q24^2*$T$28^2+2*$Q24*CB14_Coeffs!$AR23*$T24*T$28)","v":0.42099999999999999},{"$f":"CB14_Coeffs!AQ23","v":0.23699999999999999},0.69342771793460933,0.73281034381345911,3.4957150787998215E-2,0.69342771793460933]
[null,null,null,7.5,null,null,null,null,null,null,null,null,null,null,null,null,{"$f":"IF($A$18<CB14_Coeffs!$AG24,CB14_Coeffs!$AH24*$A$56*(($A$56+CB14_Coeffs!$AJ24*($A$18/CB14_Coeffs!$AG24)^CB14_Coeffs!$AK24)^(-1)-($A$56+CB14_Coeffs!$AJ24)^(-1)),0)","v":0},{"$f":"IF($A$6<4.5,CB14_Coeffs!$AL24,IF($A$6>5.5,CB14_Coeffs!$AM24,CB14_Coeffs!$AM24+(CB14_Coeffs!$AL24-CB14_Coeffs!$AM24)*(5.5-$A$6)*(5.5-4.5)))","v":0.54600000000000004},{"$f":"SQRT(($R25^2-CB14_Coeffs!$AP24^2)+CB14_Coeffs!$AP24^2+$Q25^2*($R$28^2-CB14_Coeffs!$AP$26^2)+2*$Q25*CB14_Coeffs!$AR24*SQRT($R25^2-CB14_Coeffs!$AP24^2)*SQRT($R$28^2-CB14_Coeffs!$AP$26^2))","v":0.54600000000000004},{"$f":"IF($A$6<4.5,CB14_Coeffs!$AN24,IF($A$6>5.5,CB14_Coeffs!$AO24,CB14_Coeffs!$AO24+(CB14_Coeffs!$AN24-CB14_Coeffs!$AO24)*(5.5-$A$6)*(5.5-4.5)))","v":0.438},{"$f":"SQRT($T25^2+$Q25^2*$T$28^2+2*$Q25*CB14_Coeffs!$AR24*$T25*T$28)","v":0.438},{"$f":"CB14_Coeffs!AQ24","v":0.27100000000000002},0.69997142798831447,0.75060042632548518,1.4913484064940643E-2,0.69997142798831447]
["FHW",null,null,10,null,null,null,null,null,null,null,null,null,null,null,null,{"$f":"IF($A$18<CB14_Coeffs!$AG25,CB14_Coeffs!$AH25*$A$56*(($A$56+CB14_Coeffs!$AJ25*($A$18/CB14_Coeffs!$AG25)^CB14_Coeffs!$AK25)^(-1)-($A$56+CB14_Coeffs!$AJ25)^(-1)),0)","v":0},{"$f":"IF($A$6<4.5,CB14_Coeffs!$AL25,IF($A$6>5.5,CB14_Coeffs!$AM25,CB14_Coeffs!$AM25+(CB14_Coeffs!$AL25-CB14_Coeffs!$AM25)*(5.5-$A$6)*(5.5-4.5)))","v":0.54300000000000004},{"$f":"SQRT(($R26^2-CB14_Coeffs!$AP25^2)+CB14_Coeffs!$AP25^2+$Q26^2*($R$28^2-CB14_Coeffs!$AP$26^2)+2*$Q26*CB14_Coeffs!$AR25*SQRT($R26^2-CB14_Coeffs!$AP25^2)*SQRT($R$28^2-CB14_Coeffs!$AP$26^2))","v":0.54300000000000004},{"$f":"IF($A$6<4.5,CB14_Coeffs!$AN25,IF($A$6>5.5,CB14_Coeffs!$AO25,CB14_Coeffs!$AO25+(CB14_Coeffs!$AN25-CB14_Coeffs!$AO25)*(5.5-$A$6)*(5.5-4.5)))","v":0.438},{"$f":"SQRT($T26^2+$Q26^2*$T$28^2+2*$Q26*CB14_Coeffs!$AR25*$T26*T$28)","v":0.438},{"$f":"CB14_Coeffs!AQ25","v":0.28999999999999998},0.69763385812329959,0.75550843807332824,1.0244319183508547E-2,0.69763385812329959]
[{"$f":"Main!$B$51","v":0}]
[null,null,"PGA (g)",0,null,null,null,null,null,null,null,null,null,null,null,null,{"$f":"IF($A$18<CB14_Coeffs!$AG26,CB14_Coeffs!$AH26*$A$56*(($A$56+CB14_Coeffs!$AJ26*($A$18/CB14_Coeffs!$AG26)^CB14_Coeffs!$AK26)^(-1)-($A$56+CB14_Coeffs!$AJ26)^(-1)),0)","v":-2.9360936351976535E-2},{"$f":"IF($A$6<4.5,CB14_Coeffs!$AL26,IF($A$6>5.5,CB14_Coeffs!$AM26,CB14_Coeffs!$AM26+(CB14_Coeffs!$AL26-CB14_Coeffs!$AM26)*(5.5-$A$6)*(5.5-4.5)))","v":0.49199999999999999},{"$f":"SQRT(($R28^2-CB14_Coeffs!$AP26^2)+CB14_Coeffs!$AP26^2+$Q28^2*($R$28^2-CB14_Coeffs!$AP26^2)+2*$Q28*CB14_Coeffs!$AR26*SQRT($R28^2-CB14_Coeffs!$AP26^2)*SQRT($R$28^2-CB14_Coeffs!$AP26^2))","v":0.48297578214437015},{"$f":"IF($A$6<4.5,CB14_Coeffs!$AN26,IF($A$6>5.5,CB14_Coeffs!$AO26,CB14_Coeffs!$AO26+(CB14_Coeffs!$AN26-CB14_Coeffs!$AO26)*(5.5-$A$6)*(5.5-4.5)))","v":0.32200000000000001},{"$f":"SQRT($T28^2+$Q28^2*$T$28^2+2*$Q28*CB14_Coeffs!$AR26*$T28*T$28)","v":0.31254577849466358},{"$f":"CB14_Coeffs!AQ26","v":0.16600000000000001},{"$f":"SQRT(S28^2+U28^2)","v":0.57528294759431331},{"$f":"SQRT(V28^2+W28^2)","v":0.59875409793403622},{"$f":"CB_14($A$6,$A$9,$A$12,$A$15,$A$21,$A$24,$A$27,$A$33,$A$42,$A$30,$A$18,$A$39,$A$36,$A$62,$A$71,$A$68,$A$48,$A$56,$D28)","v":0.48038792608656156},{"$f":"W28","v":0.57528294759431331}]
["d",null,"PGV (cm/s)",-1,null,null,null,null,null,null,null,null,null,null,null,null,{"$f":"IF($A$18<CB14_Coeffs!$AG27,CB14_Coeffs!$AH27*$A$56*(($A$56+CB14_Coeffs!$AJ27*($A$18/CB14_Coeffs!$AG27)^CB14_Coeffs!$AK27)^(-1)-($A$56+CB14_Coeffs!$AJ27)^(-1)),0)","v":0},{"$f":"IF($A$6<4.5,CB14_Coeffs!$AL27,IF($A$6>5.5,CB14_Coeffs!$AM27,CB14_Coeffs!$AM27+(CB14_Coeffs!$AL27-CB14_Coeffs!$AM27)*(5.5-$A$6)*(5.5-4.5)))","v":0.49399999999999999},{"$f":"SQRT(($R29^2-CB14_Coeffs!$AP27^2)+CB14_Coeffs!$AP27^2+$Q29^2*($R$28^2-CB14_Coeffs!$AP27^2)+2*$Q29*CB14_Coeffs!$AR27*SQRT($R29^2-CB14_Coeffs!$AP27^2)*SQRT($R$28^2-CB14_Coeffs!$AP27^2))","v":0.49399999999999999},{"$f":"IF($A$6<4.5,CB14_Coeffs!$AN27,IF($A$6>5.5,CB14_Coeffs!$AO27,CB14_Coeffs!$AO27+(CB14_Coeffs!$AN27-CB14_Coeffs!$AO27)*(5.5-$A$6)*(5.5-4.5)))","v":0.29699999999999999},{"$f":"SQRT($T29^2+$Q29^2*$T$28^2+2*$Q29*CB14_Coeffs!$AR27*$T29*T$28)","v":0.29699999999999999},{"$f":"CB14_Coeffs!AQ27","v":0.19},{"$f":"SQRT(S29^2+U29^2)","v":0.57640697428119314},{"$f":"SQRT(V29^2+W29^2)","v":0.60691432673813206},{"$f":"CB_14($A$6,$A$9,$A$12,$A$15,$A$21,$A$24,$A$27,$A$33,$A$42,$A$30,$A$18,$A$39,$A$36,$A$62,$A$71,$A$68,$A$48,$A$56,$D29)","v":41.987205743711087},{"$f":"W29","v":0.57640697428119314}]
[{"$f":"Main!$B$54","v":90},{"$f":"IF(AND($A$30>=15, $A$30<=90),\"\",\"! Not Applicable !\")","v":""}]
[]
["ZTOR","If unknown use 999"]
[{"$f":"Main!$B$57","v":0},{"$f":"IF(OR($A$33>=0, $A$33<=20,$A$33=-999),\"\",\"! Not Applicable !\")","v":""}]
[]
["ZHYP","If unknown use 999"]
[{"$f":"Main!$B$60","v":8},{"$f":"IF(OR($A$36>=0, $A$36<=20,$A$36=999),\"\",\"! Not Applicable !\")","v":""}]
[]
["Z2.5","If unknown use 999"]
[{"$f":"Main!$B$66","v":0.60699999999999998},{"$f":"IF(OR($A$39>=0, $A$39<=10, $A$39=999),\"\",\"! Not Applicable !\")","v":""}]
[]
["W","If unknown use 999"]
[{"$f":"Main!$B$69","v":10}]
[]
["ZBOT"]
[{"$f":"Main!$B$89","v":15}]
[]
["Region"]
[{"$f":"Main!$B$101","v":0}]
[]
["Z2.5 (Vs30=1100)"]
[{"$f":"IF($A$39=999,Main!$F$112,$A$39)","v":0.60699999999999998}]
[]
["Input variables with defaults (If entered 999 as input):"]
[]
["A1100"]
[{"$f":"A1100_CB($A$6,$A$9,$A$12,$A$15,$A$21,$A$24,$A$27,$A$42,$A$30,$A$33,$A$39,$A$36,$A$62,$A$71,$A$68,$A$48,$D$28)","v":0.44513861876706545}]
[]
["Z2.5 (Vs30)","Default"]
[{"$f":"IF((1-$A$48)*EXP(7.089-1.144*LN($A$18))+$A$48*EXP(5.359-1.102*LN($A$18))>10,\"NA\",(1-$A$48)*EXP(7.089-1.144*LN($A$18))+$A$48*EXP(5.359-1.102*LN($A$18)))","v":0.60682411703833239}]
[]
["ZTOR (M,F)"]
[{"$f":"Main!$F$115","v":0.35297857440000024}]
[]
["Z2.5 (Vs30=1100)"]
[{"$f":"Main!$F$112","v":0.39752125093235868}]
[]
["ZHYP ( M,ZBOR,ZTOR,d)"]
[{"$f":"Main!$F$114","v":10.579658660191001}]
[]
["W (M,ZBOT,ZTOR,d)"]
[{"$f":"Main!$F$109","v":14.6470214256}]
[]
["ZBOR (W,d)"]
[{"$f":"Main!$F$116","v":15}]

{"sheet":"CB14_Coeffs","index":8,"n_rows":27,"n_cols":44,"rows_kept":27,"cut":false,"hidden":false,"merged":[[3,0,3,16383]]}
["CAMPBELL-BOZORGNIA NGA-WEST2 MODEL COEFFICIENTS [CB14] (EQS 2013) & c0-c6 updates:"]
[]
["T (s)","c0","c1","c2","c3","c4","c5","c6","c7","c8","c9","c10","c11","c12","c13","c14","c15","c16","c17","c18","c19","c20","Dc20 (CA)","Dc20 (JP)","Dc20 (CH)","a2","h1","h2","h3","h4","h5","h6","k1","k2","k3","c","n","f1","f2","t1","t2","flnAF","fC","rlnPGA,lnY"]
[]
[0.01,-4.3650000000000002,0.97699999999999998,0.53300000000000003,-1.4850000000000001,-0.499,-2.7730000000000001,0.248,6.7530000000000001,0,-0.214,0.72,1.0940000000000001,2.1909999999999998,1.4159999999999999,-7.0000000000000001E-3,-0.20699999999999999,0.39,9.8100000000000007E-2,3.3399999999999999E-2,7.5500000000000003E-3,-5.4999999999999997E-3,0,-3.5000000000000001E-3,3.5999999999999999E-3,0.16800000000000001,0.24199999999999999,1.4710000000000001,-0.71399999999999997,1,-0.33600000000000002,-0.27,865,-1.1859999999999999,1.839,1.88,1.18,0.73399999999999999,0.49199999999999999,0.40400000000000003,0.32500000000000001,0.3,0.16600000000000001,1]
[0.02,-4.3479999999999999,0.97599999999999998,0.54900000000000004,-1.488,-0.501,-2.7719999999999998,0.247,6.5019999999999998,0,-0.20799999999999999,0.73,1.149,2.1890000000000001,1.4530000000000001,-1.67E-2,-0.19900000000000001,0.38700000000000001,0.1009,3.27E-2,7.5900000000000004E-3,-5.4999999999999997E-3,0,-3.5000000000000001E-3,3.5999999999999999E-3,0.16600000000000001,0.24399999999999999,1.4670000000000001,-0.71099999999999997,1,-0.33900000000000002,-0.26300000000000001,865,-1.2190000000000001,1.84,1.88,1.18,0.73799999999999999,0.496,0.41699999999999998,0.32600000000000001,0.3,0.16600000000000001,0.998]
[0.03,-4.024,0.93100000000000005,0.628,-1.494,-0.51700000000000002,-2.782,0.246,6.2910000000000004,0,-0.21299999999999999,0.75900000000000001,1.29,2.1640000000000001,1.476,-4.2200000000000001E-2,-0.20200000000000001,0.378,0.1095,3.3099999999999997E-2,7.9000000000000008E-3,-5.7000000000000002E-3,0,-3.3999999999999998E-3,3.7000000000000002E-3,0.16700000000000001,0.246,1.4670000000000001,-0.71299999999999997,1,-0.33800000000000002,-0.25900000000000001,908,-1.2729999999999999,1.841,1.88,1.18,0.747,0.503,0.44600000000000001,0.34399999999999997,0.3,0.16500000000000001,0.98599999999999999]
[0.05,-3.4790000000000001,0.88700000000000001,0.67400000000000004,-1.3879999999999999,-0.61499999999999999,-2.7909999999999999,0.24,6.3170000000000002,0,-0.24399999999999999,0.82599999999999996,1.4490000000000001,2.1379999999999999,1.5489999999999999,-6.6299999999999998E-2,-0.33900000000000002,0.29499999999999998,0.1226,2.7E-2,8.0300000000000007E-3,-6.3E-3,0,-3.7000000000000002E-3,4.0000000000000001E-3,0.17299999999999999,0.251,1.4490000000000001,-0.70099999999999996,1,-0.33800000000000002,-0.26300000000000001,1054,-1.3460000000000001,1.843,1.88,1.18,0.77700000000000002,0.52,0.50800000000000001,0.377,0.3,0.16200000000000001,0.93799999999999994]
[7.4999999999999997E-2,-3.2930000000000001,0.90200000000000002,0.72599999999999998,-1.4690000000000001,-0.59599999999999997,-2.7450000000000001,0.22700000000000001,6.8609999999999998,0,-0.26600000000000001,0.81499999999999995,1.5349999999999999,2.4460000000000002,1.772,-7.9399999999999998E-2,-0.40400000000000003,0.32200000000000001,0.11650000000000001,2.8799999999999999E-2,8.1099999999999992E-3,-7.0000000000000001E-3,0,-3.7000000000000002E-3,3.8999999999999998E-3,0.19800000000000001,0.26,1.4350000000000001,-0.69499999999999995,1,-0.34699999999999998,-0.219,1086,-1.4710000000000001,1.845,1.88,1.18,0.78200000000000003,0.53500000000000003,0.504,0.41799999999999998,0.3,0.158,0.88700000000000001]
[0.1,-3.6659999999999999,0.99299999999999999,0.69799999999999995,-1.5720000000000001,-0.53600000000000003,-2.633,0.21,7.2939999999999996,0,-0.22900000000000001,0.83099999999999996,1.615,2.9689999999999999,1.9159999999999999,-2.9399999999999999E-2,-0.41599999999999998,0.38400000000000001,9.98E-2,3.2500000000000001E-2,7.4400000000000004E-3,-7.3000000000000001E-3,0,-3.3999999999999998E-3,4.1999999999999997E-3,0.17399999999999999,0.25900000000000001,1.4490000000000001,-0.70799999999999996,1,-0.39100000000000001,-0.20100000000000001,1032,-1.6240000000000001,1.847,1.88,1.18,0.76900000000000002,0.54300000000000004,0.44500000000000001,0.42599999999999999,0.3,0.17,0.87]
[0.15,-4.8659999999999997,1.2669999999999999,0.51,-1.669,-0.49,-2.4580000000000002,0.183,8.0310000000000006,0,-0.21099999999999999,0.749,1.877,3.544,2.161,6.4199999999999993E-2,-0.40699999999999997,0.41699999999999998,7.5999999999999998E-2,3.8800000000000001E-2,7.1599999999999997E-3,-6.8999999999999999E-3,0,-3.0000000000000001E-3,4.1999999999999997E-3,0.19800000000000001,0.254,1.4610000000000001,-0.71499999999999997,1,-0.44900000000000001,-9.9000000000000005E-2,878,-1.931,1.8520000000000001,1.88,1.18,0.76900000000000002,0.54300000000000004,0.38200000000000001,0.38700000000000001,0.3,0.18,0.876]
[0.2,-5.4109999999999996,1.3660000000000001,0.44700000000000001,-1.75,-0.45100000000000001,-2.4209999999999998,0.182,8.3849999999999998,0,-0.16300000000000001,0.76400000000000001,2.069,3.7069999999999999,2.4649999999999999,9.6799999999999997E-2,-0.311,0.40400000000000003,5.7099999999999998E-2,4.3700000000000003E-2,6.8799999999999998E-3,-6.0000000000000001E-3,0,-3.0999999999999999E-3,4.1000000000000003E-3,0.20399999999999999,0.23699999999999999,1.484,-0.72099999999999997,1,-0.39300000000000002,-0.19800000000000001,748,-2.1880000000000002,1.8560000000000001,1.88,1.18,0.76100000000000001,0.55200000000000005,0.33900000000000002,0.33800000000000002,0.3,0.186,0.87]
[0.25,-5.9619999999999997,1.458,0.27400000000000002,-1.7110000000000001,-0.40400000000000003,-2.3919999999999999,0.189,7.5339999999999998,0,-0.15,0.71599999999999997,2.2050000000000001,3.343,2.766,0.14410000000000001,-0.17199999999999999,0.46600000000000003,4.3700000000000003E-2,4.6300000000000001E-2,5.5599999999999998E-3,-5.4999999999999997E-3,0,-3.3E-3,3.5999999999999999E-3,0.185,0.20599999999999999,1.581,-0.78700000000000003,1,-0.33900000000000002,-0.21,654,-2.3809999999999998,1.861,1.88,1.18,0.74399999999999999,0.54500000000000004,0.34,0.316,0.3,0.191,0.85]
[0.3,-6.4029999999999996,1.528,0.193,-1.77,-0.32100000000000001,-2.3759999999999999,0.19500000000000001,6.99,0,-0.13100000000000001,0.73699999999999999,2.306,3.3340000000000001,3.0110000000000001,0.15970000000000001,-8.4000000000000005E-2,0.52800000000000002,3.2300000000000002E-2,5.0799999999999998E-2,4.5799999999999999E-3,-4.8999999999999998E-3,0,-3.5000000000000001E-3,3.0999999999999999E-3,0.16400000000000001,0.21,1.5860000000000001,-0.79500000000000004,1,-0.44700000000000001,-0.121,587,-2.5179999999999998,1.865,1.88,1.18,0.72699999999999998,0.56799999999999995,0.34,0.3,0.3,0.19800000000000001,0.81899999999999995]
[0.4,-7.5659999999999998,1.7390000000000001,-0.02,-1.5940000000000001,-0.42599999999999999,-2.3029999999999999,0.185,7.0119999999999996,0,-0.159,0.73799999999999999,2.3980000000000001,3.544,3.2029999999999998,0.14099999999999999,8.5000000000000006E-2,0.54,2.0899999999999998E-2,4.3200000000000002E-2,4.0099999999999997E-3,-3.7000000000000002E-3,0,-3.3999999999999998E-3,2.8E-3,0.16,0.22600000000000001,1.544,-0.77,1,-0.52500000000000002,-8.5999999999999993E-2,503,-2.657,1.8740000000000001,1.88,1.18,0.69,0.59299999999999997,0.35599999999999998,0.26400000000000001,0.3,0.20599999999999999,0.74299999999999999]
[0.5,-8.3789999999999996,1.8720000000000001,-0.121,-1.577,-0.44,-2.2959999999999998,0.186,6.9020000000000001,0,-0.153,0.71799999999999997,2.355,3.016,3.3330000000000002,0.1474,0.23300000000000001,0.63800000000000001,9.1999999999999998E-3,4.0500000000000001E-2,3.8800000000000002E-3,-2.7000000000000001E-3,0,-3.3999999999999998E-3,2.5000000000000001E-3,0.184,0.217,1.554,-0.77,1,-0.40699999999999997,-0.28100000000000003,457,-2.669,1.883,1.88,1.18,0.66300000000000003,0.61099999999999999,0.379,0.26300000000000001,0.3,0.20799999999999999,0.68400000000000005]
[0.75,-9.8409999999999993,2.0209999999999999,-4.2000000000000003E-2,-1.7569999999999999,-0.443,-2.2320000000000002,0.186,5.5220000000000002,0,-0.09,0.79500000000000004,1.9950000000000001,2.6160000000000001,3.0539999999999998,0.1764,0.41099999999999998,0.77600000000000002,-8.2000000000000007E-3,4.2000000000000003E-2,4.1999999999999997E-3,-1.6000000000000001E-3,0,-3.2000000000000002E-3,1.6000000000000001E-3,0.216,0.154,1.6259999999999999,-0.78,1,-0.371,-0.28499999999999998,410,-2.4009999999999998,1.9059999999999999,1.88,1.18,0.60599999999999998,0.63300000000000001,0.43,0.32600000000000001,0.3,0.221,0.56200000000000006]
[1,-11.010999999999999,2.1800000000000002,-6.9000000000000006E-2,-1.7070000000000001,-0.52700000000000002,-2.1579999999999999,0.16900000000000001,5.65,0,-0.105,0.55600000000000005,1.4470000000000001,2.4700000000000002,2.5619999999999998,0.25929999999999997,0.47899999999999998,0.77100000000000002,-1.3100000000000001E-2,4.2599999999999999E-2,4.0899999999999999E-3,-5.9999999999999995E-4,0,-3.0000000000000001E-3,5.9999999999999995E-4,0.59599999999999997,0.11700000000000001,1.6160000000000001,-0.73299999999999998,1,-0.128,-0.75600000000000001,400,-1.9550000000000001,1.929,1.88,1.18,0.57899999999999996,0.628,0.47,0.35299999999999998,0.3,0.22500000000000001,0.46700000000000003]
[1.5,-12.468999999999999,2.27,4.7E-2,-1.621,-0.63,-2.0630000000000002,0.158,5.7949999999999999,0,-5.8000000000000003E-2,0.48,0.33,2.1080000000000001,1.4530000000000001,0.28810000000000002,0.56599999999999995,0.748,-1.8700000000000001E-2,3.7999999999999999E-2,4.2399999999999998E-3,0,0,-1.9E-3,0,0.59599999999999997,0.11700000000000001,1.6160000000000001,-0.73299999999999998,1,-0.128,-0.75600000000000001,400,-1.0249999999999999,1.974,1.88,1.18,0.54100000000000004,0.60299999999999998,0.497,0.39900000000000002,0.3,0.222,0.36399999999999999]
[2,-12.968999999999999,2.2709999999999999,0.14899999999999999,-1.512,-0.76800000000000002,-2.1040000000000001,0.158,6.6319999999999997,0,-2.8000000000000001E-2,0.40100000000000002,-0.51400000000000001,1.327,0.65700000000000003,0.31119999999999998,0.56200000000000006,0.76300000000000001,-2.58E-2,2.52E-2,4.4799999999999996E-3,0,0,-5.0000000000000001E-4,0,0.59599999999999997,0.11700000000000001,1.6160000000000001,-0.73299999999999998,1,-0.128,-0.75600000000000001,400,-0.29899999999999999,2.0190000000000001,1.88,1.18,0.52900000000000003,0.58799999999999997,0.499,0.4,0.3,0.22600000000000001,0.29799999999999999]
[3,-13.305999999999999,2.15,0.36799999999999999,-1.3149999999999999,-0.89,-2.0510000000000002,0.14799999999999999,6.7590000000000003,0,0,0.20599999999999999,-0.84799999999999998,0.60099999999999998,0.36699999999999999,0.3478,0.53400000000000003,0.68600000000000005,-3.1099999999999999E-2,2.3599999999999999E-2,3.4499999999999999E-3,0,0,0,0,0.59599999999999997,0.11700000000000001,1.6160000000000001,-0.73299999999999998,1,-0.128,-0.75600000000000001,400,0,2.11,1.88,1.18,0.52700000000000002,0.57799999999999996,0.5,0.41699999999999998,0.3,0.22900000000000001,0.23400000000000001]
[4,-14.02,2.1320000000000001,0.72599999999999998,-1.506,-0.88500000000000001,-1.986,0.13500000000000001,7.9779999999999998,0,0,0.105,-0.79300000000000004,0.56799999999999995,0.30599999999999999,0.37469999999999998,0.52200000000000002,0.69099999999999995,-4.1300000000000003E-2,1.0200000000000001E-2,6.0299999999999998E-3,0,0,0,0,0.59599999999999997,0.11700000000000001,1.6160000000000001,-0.73299999999999998,1,-0.128,-0.75600000000000001,400,0,2.2000000000000002,1.88,1.18,0.52100000000000002,0.55900000000000005,0.54300000000000004,0.39300000000000002,0.3,0.23699999999999999,0.20200000000000001]
[5,-14.558,2.1160000000000001,1.0269999999999999,-1.7210000000000001,-0.878,-2.0209999999999999,0.13500000000000001,8.5380000000000003,0,0,0,-0.748,0.35599999999999998,0.26800000000000002,0.3382,0.47699999999999998,0.67,-2.81E-2,3.3999999999999998E-3,8.0499999999999999E-3,0,0,0,0,0.59599999999999997,0.11700000000000001,1.6160000000000001,-0.73299999999999998,1,-0.128,-0.75600000000000001,400,0,2.2909999999999999,1.88,1.18,0.502,0.55100000000000005,0.53400000000000003,0.42099999999999999,0.3,0.23699999999999999,0.184]
[7.5,-15.509,2.2229999999999999,0.16900000000000001,-0.75600000000000001,-1.077,-2.1789999999999998,0.16500000000000001,8.468,0,0,0,-0.66400000000000003,7.4999999999999997E-2,0.374,0.37540000000000001,0.32100000000000001,0.75700000000000001,-2.0500000000000001E-2,5.0000000000000001E-3,2.8E-3,0,0,0,0,0.59599999999999997,0.11700000000000001,1.6160000000000001,-0.73299999999999998,1,-0.128,-0.75600000000000001,400,0,2.5169999999999999,1.88,1.18,0.45700000000000002,0.54600000000000004,0.52300000000000002,0.438,0.3,0.27100000000000002,0.17599999999999999]
[10,-15.975,2.1320000000000001,0.36699999999999999,-0.8,-1.282,-2.2440000000000002,0.18,6.5640000000000001,0,0,0,-0.57599999999999996,-2.7E-2,0.29699999999999999,0.35060000000000002,0.17399999999999999,0.621,8.9999999999999998E-4,9.9000000000000008E-3,4.5799999999999999E-3,0,0,0,0,0.59599999999999997,0.11700000000000001,1.6160000000000001,-0.73299999999999998,1,-0.128,-0.75600000000000001,400,0,2.7440000000000002,1.88,1.18,0.441,0.54300000000000004,0.46600000000000003,0.438,0.3,0.28999999999999998,0.154]
[1E-3,-4.4160000000000004,0.98399999999999999,0.53700000000000003,-1.4990000000000001,-0.496,-2.7730000000000001,0.248,6.7679999999999998,0,-0.21199999999999999,0.72,1.0900000000000001,2.1859999999999999,1.42,-6.4000000000000003E-3,-0.20200000000000001,0.39300000000000002,9.7699999999999995E-2,3.3300000000000003E-2,7.5700000000000003E-3,-5.4999999999999997E-3,0,-3.5000000000000001E-3,3.5999999999999999E-3,0.16700000000000001,0.24099999999999999,1.474,-0.71499999999999997,1,-0.33700000000000002,-0.27,865,-1.1859999999999999,1.839,1.88,1.18,0.73399999999999999,0.49199999999999999,0.40899999999999997,0.32200000000000001,0.3,0.16600000000000001,1]
[-1,-2.895,1.51,0.27,-1.2989999999999999,-0.45300000000000001,-2.4660000000000002,0.20399999999999999,5.8369999999999997,0,-0.16800000000000001,0.30499999999999999,1.7130000000000001,2.6019999999999999,2.4569999999999999,0.106,0.33200000000000002,0.58499999999999996,5.1700000000000003E-2,3.27E-2,6.13E-3,-1.6999999999999999E-3,0,-5.9999999999999995E-4,1.6999999999999999E-3,0.59599999999999997,0.11700000000000001,1.6160000000000001,-0.73299999999999998,1,-0.128,-0.75600000000000001,400,-1.9550000000000001,1.929,1.88,1.18,0.65500000000000003,0.49399999999999999,0.317,0.29699999999999999,0.3,0.19,0.68400000000000005]

{"sheet":"CY14","index":9,"n_rows":59,"n_cols":22,"rows_kept":59,"cut":false,"hidden":false,"merged":[[3,20,3,21],[5,2,25,2],[3,4,3,19]]}
["CHIOU - YOUNGS NGA-WEST2 MODEL COEFFICIENTS [CY14] (DEC 2014, EQS):"]
[]
["Input variables","Errors and warnings",null,null,null,null,null,null,null,null,null,null,null,null,null,null,null,null,null,null,"CY_14 (M, Rrup, Rjb, Rx, Vs30, Frv, Fnm, Fhw, del, Ztor, Region, Z1, DDPP, T)"]
[null,null,null,null,null,null,null,null,null,null,null,null,null,null,null,null,null,null,null,null,"Visual Basic Calculations"]
["M",null,"GMP","T (s)",null,null,null,null,null,null,null,null,null,null,null,null,null,null,null,null,"Median","s"]
[{"$f":"Main!$B$24","v":6.8},{"$f":"IF(AND($A$24=0, $A$21=0,$A$6>=3.5,$A$6<=8.5),\"\",IF(AND($A$21=1,$A$6>=3.5,$A$6<=8),\"\",IF(AND($A$24=1,$A$6>=3.5,$A$6<=8),\"\",\"! Not Applicable !\")))","v":""},"PSa (g)",0.01,null,null,null,null,null,null,null,null,null,null,null,null,null,null,null,null,{"$f":"CY_14($A$6,$A$9,$A$12,$A$15,$A$18,$A$21,$A$24,$A$27,$A$30,$A$33,$A$42,$A$36,$A$59,$A$45,$D6)","v":0.41669518742998501},{"$f":"CY14_stdev($A$6,$A$9,$A$12,$A$15,$A$18,$A$21,$A$24,$A$27,$A$30,$A$33,$A$42,$A$36,$A$45,$A$39,$D6)","v":0.56550549985997789}]
[null,null,null,0.02,null,null,null,null,null,null,null,null,null,null,null,null,null,null,null,null,{"$f":"CY_14($A$6,$A$9,$A$12,$A$15,$A$18,$A$21,$A$24,$A$27,$A$30,$A$33,$A$42,$A$36,$A$59,$A$45,$D7)","v":0.42161141866256735},{"$f":"CY14_stdev($A$6,$A$9,$A$12,$A$15,$A$18,$A$21,$A$24,$A$27,$A$30,$A$33,$A$42,$A$36,$A$45,$A$39,$D7)","v":0.56750683861370221}]
["RRUP",null,null,0.03,null,null,null,null,null,null,null,null,null,null,null,null,null,null,null,null,{"$f":"CY_14($A$6,$A$9,$A$12,$A$15,$A$18,$A$21,$A$24,$A$27,$A$30,$A$33,$A$42,$A$36,$A$59,$A$45,$D8)","v":0.47113965152009241},0.58020063574488268]
[{"$f":"Main!$B$27","v":3.16},{"$f":"IF(AND($A$9>=0, $A$9<=300),\"\",\"! Not Applicable !\")","v":""},null,0.05,null,null,null,null,null,null,null,null,null,null,null,null,null,null,null,null,{"$f":"CY_14($A$6,$A$9,$A$12,$A$15,$A$18,$A$21,$A$24,$A$27,$A$30,$A$33,$A$42,$A$36,$A$59,$A$45,$D9)","v":0.6275208723791782},0.59521841945271448]
[null,null,null,7.4999999999999997E-2,null,null,null,null,null,null,null,null,null,null,null,null,null,null,null,null,{"$f":"CY_14($A$6,$A$9,$A$12,$A$15,$A$18,$A$21,$A$24,$A$27,$A$30,$A$33,$A$42,$A$36,$A$59,$A$45,$D10)","v":0.82274386663966526},0.60584256329013786]
["RJB",null,null,0.1,null,null,null,null,null,null,null,null,null,null,null,null,null,null,null,null,{"$f":"CY_14($A$6,$A$9,$A$12,$A$15,$A$18,$A$21,$A$24,$A$27,$A$30,$A$33,$A$42,$A$36,$A$59,$A$45,$D11)","v":0.9339741178669162},0.61428054945215793]
[{"$f":"Main!$B$30","v":1},{"$f":"IF($A$12>$A$9,\"Rjb cannot be greater than Rrup\",\"\")","v":""},null,0.15,null,null,null,null,null,null,null,null,null,null,null,null,null,null,null,null,1.0228088819314618,0.62856666117127891]
[null,null,null,0.2,null,null,null,null,null,null,null,null,null,null,null,null,null,null,null,null,1.0012607766259005,0.63955790779117927]
["RX",null,null,0.25,null,null,null,null,null,null,null,null,null,null,null,null,null,null,null,null,0.93247518515650984,0.64826394600743875]
[{"$f":"Main!$B$33","v":1},null,null,0.3,null,null,null,null,null,null,null,null,null,null,null,null,null,null,null,null,0.85597533084848554,0.65538191047285133]
[null,null,null,0.4,null,null,null,null,null,null,null,null,null,null,null,null,null,null,null,null,0.72193011743701196,0.66602588350578662]
["VS30",null,null,0.5,null,null,null,null,null,null,null,null,null,null,null,null,null,null,null,null,0.61676896092812461,0.67374133462856123]
[{"$f":"Main!$B$39","v":760},{"$f":"IF($A$18<180,\"! Not Applicable !\", IF(AND($A$18>=180, $A$18<=1500),\"\",\"! Not Applicable !\"))","v":""},null,0.75,null,null,null,null,null,null,null,null,null,null,null,null,null,null,null,null,0.42664541942013728,0.68536792545970682]
[null,null,null,1,null,null,null,null,null,null,null,null,null,null,null,null,null,null,null,null,0.30587458626397779,0.69036370496289234]
["FRV",null,null,1.5,null,null,null,null,null,null,null,null,null,null,null,null,null,null,null,null,0.18261657546165982,0.69684189817180031]
[{"$f":"Main!$B$45","v":0},{"$f":"IF(AND($A$21=1,$A$6>=3.5,$A$6<=8),\"\",IF($A$21=0,\"\",\"! Not Applicable !\"))","v":""},null,2,null,null,null,null,null,null,null,null,null,null,null,null,null,null,null,null,0.12601229928674848,0.6959860812026929]
[null,null,null,3,null,null,null,null,null,null,null,null,null,null,null,null,null,null,null,null,7.1828540571585928E-2,0.69015785689237075]
["FNM",null,null,4,null,null,null,null,null,null,null,null,null,null,null,null,null,null,null,null,4.5083952695147624E-2,0.6869561325662713]
[{"$f":"Main!$B$48","v":0},{"$f":"IF(AND($A$24=1,$A$6>=3.5,$A$6<=8),\"\",IF($A$24=0,\"\",\"! Not Applicable !\"))","v":""},null,5,null,null,null,null,null,null,null,null,null,null,null,null,null,null,null,null,2.9784901977132735E-2,0.68382605609906388]
[null,null,null,7.5,null,null,null,null,null,null,null,null,null,null,null,null,null,null,null,null,1.3590920906462996E-2,0.67784519397868426]
["FHW",null,null,10,null,null,null,null,null,null,null,null,null,null,null,null,null,null,null,null,7.5701153861368886E-3,0.67357839335893188]
[{"$f":"Main!$B$51","v":0}]
[null,null,"PGA (g)",0,null,null,null,null,null,null,null,null,null,null,null,null,null,null,null,null,{"$f":"CY_14($A$6,$A$9,$A$12,$A$15,$A$18,$A$21,$A$24,$A$27,$A$30,$A$33,$A$42,$A$36,$A$59,$A$45,$D28)","v":0.41669518742998501},{"$f":"CY14_stdev($A$6,$A$9,$A$12,$A$15,$A$18,$A$21,$A$24,$A$27,$A$30,$A$33,$A$42,$A$36,$A$45,$A$39,$D28)","v":0.56550549985997789}]
["d",null,"PGV (cm/s)",-1,null,null,null,null,null,null,null,null,null,null,null,null,null,null,null,null,{"$f":"CY_14($A$6,$A$9,$A$12,$A$15,$A$18,$A$21,$A$24,$A$27,$A$30,$A$33,$A$42,$A$36,$A$59,$A$45,$D29)","v":35.945509338854748},{"$f":"CY14_stdev($A$6,$A$9,$A$12,$A$15,$A$18,$A$21,$A$24,$A$27,$A$30,$A$33,$A$42,$A$36,$A$45,$A$39,$D29)","v":0.54429629956261016}]
[{"$f":"Main!$B$54","v":90}]
[]
["ZTOR",{"$f":"IF($A$9<A33,\"Rrup cannot be less than Ztor\",\"\")","v":""}]
[{"$f":"Main!$B$57","v":0},{"$f":"IF($A$33<=20,\"\",\"! Not Applicable !\")","v":""}]
[null,null,null,null,{"$f":"2.704 - 1.226 * (7- 5.849)","v":1.2928740000000005},{"$f":"E34^2","v":1.6715231798760013}]
["Z1.0","If unknown use 999"]
[{"$f":"Main!$B$63","v":4.8000000000000001E-2}]
[]
["Vs30flag"]
[{"$f":"Main!$B$95","v":0}]
[]
["Region"]
[{"$f":"Main!$B$101","v":0}]
[]
["DDPP"]
[0]
[]
["SJp-It"]
[0]
[]
["SWn"]
[0]
[]
["Input variables with defaults (If entered 999 as input):"]
[]
["ZTOR (M,F)"]
[{"$f":"Main!$G$115","v":0.35297857440000024}]
[]
["Z1.0 (SJ,VS30)"]
[{"$f":"Main!$G$110","v":4.1306642430928138E-2}]

{"sheet":"CY14_Coeffs","index":10,"n_rows":30,"n_cols":46,"rows_kept":30,"cut":false,"hidden":false,"merged":[]}
["CHIOU - YOUNGS NGA-WEST2 MODEL COEFFICIENTS [CY14] (DEC 2014, EQS):"]
[]
["T (s)","c2","c4","c4a","cRB","c8","c8a","c1","c1a","c1b","c1c","c1d","cn","cM","c3","c5","cHM","c6","c7","c7b","c8b","c9","c9a","c9b","c11","c11b","cg1","cg2","cg3","f1","f2","f3","f4","f5","f6","t1","t2","s1","s2","s3","s2,JP","gJp-It","gWn","f1Jp","f5JP","f6JP"]
[]
[0.01,1.06,-2.1,-0.5,50,0,0.26950000000000002,-1.5065,0.16500000000000001,-0.255,-0.16500000000000001,0.255,16.087499999999999,4.9992999999999999,1.9636,6.4550999999999998,3.0956000000000001,0.49080000000000001,3.5200000000000002E-2,4.6199999999999998E-2,0.48330000000000001,0.92279999999999995,0.1202,6.8606999999999996,0,-0.4536,-7.1459999999999996E-3,-6.7580000000000001E-3,4.2542,-0.52100000000000002,-0.14169999999999999,-7.0099999999999997E-3,0.10215100000000001,0,300,0.4,0.26,0.49120000000000003,0.37619999999999998,0.8,0.45279999999999998,1.5817000000000001,0.75939999999999996,-0.68459999999999999,0.45900000000000002,800]
[0.02,1.06,-2.1,-0.5,50,0,0.26950000000000002,-1.4798,0.16500000000000001,-0.255,-0.16500000000000001,0.255,15.7118,4.9992999999999999,1.9636,6.4550999999999998,3.0962999999999998,0.49249999999999999,3.5200000000000002E-2,4.7199999999999999E-2,1.2143999999999999,0.92959999999999998,0.1217,6.8696999999999999,0,-0.4536,-7.2490000000000002E-3,-6.7580000000000001E-3,4.2385999999999999,-0.50549999999999995,-0.13639999999999999,-7.2789999999999999E-3,0.10836,0,300,0.40260000000000001,0.26369999999999999,0.4904,0.37619999999999998,0.8,0.4551,1.5740000000000001,0.76060000000000005,-0.66810000000000003,0.45800000000000002,800]
[0.03,1.06,-2.1,-0.5,50,0,0.26950000000000002,-1.2971999999999999,0.16500000000000001,-0.255,-0.16500000000000001,0.255,15.8819,4.9992999999999999,1.9636,6.4550999999999998,3.0973999999999999,0.49919999999999998,3.5200000000000002E-2,5.33E-2,1.6420999999999999,0.93959999999999999,0.11940000000000001,6.9112999999999998,0,-0.4536,-7.8689999999999993E-3,-6.7580000000000001E-3,4.2519,-0.43680000000000002,-0.14030000000000001,-7.3540000000000003E-3,0.11988799999999999,0,300,0.40629999999999999,0.26889999999999997,0.49880000000000002,0.38490000000000002,0.8,0.45710000000000001,1.5544,0.76419999999999999,-0.63139999999999996,0.46200000000000002,800]
[0.04,1.06,-2.1,-0.5,50,0,0.26950000000000002,-1.1007,0.16500000000000001,-0.255,-0.16500000000000001,0.255,16.4556,4.9992999999999999,1.9636,6.4550999999999998,3.0988000000000002,0.50370000000000004,3.5200000000000002E-2,5.96E-2,1.9456,0.96609999999999996,0.1166,7.0270999999999999,0,-0.4536,-8.3160000000000005E-3,-6.7580000000000001E-3,4.2960000000000003,-0.37519999999999998,-0.15909999999999999,-6.9769999999999997E-3,0.13364100000000001,0,300,0.40949999999999998,0.27360000000000001,0.50490000000000002,0.39100000000000001,0.8,0.4642,1.5502,0.76759999999999995,-0.58550000000000002,0.45300000000000001,800]
[0.05,1.06,-2.1,-0.5,50,0,0.26950000000000002,-0.92920000000000003,0.16500000000000001,-0.255,-0.16500000000000001,0.255,17.645299999999999,4.9992999999999999,1.9636,6.4550999999999998,3.1011000000000002,0.50480000000000003,3.5200000000000002E-2,6.3899999999999998E-2,2.181,0.97940000000000005,0.1176,7.0959000000000003,0,-0.4536,-8.7430000000000008E-3,-6.7580000000000001E-3,4.3578000000000001,-0.34689999999999999,-0.1862,-6.4669999999999997E-3,0.148927,0,300,0.41239999999999999,0.2777,0.50960000000000005,0.3957,0.8,0.47160000000000002,1.5390999999999999,0.77390000000000003,-0.54569999999999996,0.436,800]
[7.4999999999999997E-2,1.06,-2.1,-0.5,50,0,0.26950000000000002,-0.65800000000000003,0.16500000000000001,-0.254,-0.16500000000000001,0.254,20.177199999999999,5.0030999999999999,1.9636,6.4550999999999998,3.1093999999999999,0.50480000000000003,3.5200000000000002E-2,6.3E-2,2.6086999999999998,1.026,0.1171,7.3297999999999996,0,-0.4536,-9.5370000000000003E-3,-6.1900000000000002E-3,4.5454999999999997,-0.37469999999999998,-0.25380000000000003,-5.7340000000000004E-3,0.19059599999999999,0,300,0.41789999999999999,0.28549999999999998,0.51790000000000003,0.40429999999999999,0.8,0.50219999999999998,1.4803999999999999,0.79559999999999997,-0.46850000000000003,0.38300000000000001,800]
[0.1,1.06,-2.1,-0.5,50,0,0.26950000000000002,-0.56130000000000002,0.16500000000000001,-0.253,-0.16500000000000001,0.253,19.999199999999998,5.0171999999999999,1.9636,6.8304999999999998,3.2381000000000002,0.50480000000000003,3.5200000000000002E-2,5.3199999999999997E-2,2.9121999999999999,1.0177,0.11459999999999999,7.2587999999999999,0,-0.4536,-9.8300000000000002E-3,-5.3319999999999999E-3,4.7603,-0.44400000000000001,-0.29430000000000001,-5.6039999999999996E-3,0.23066200000000001,0,300,0.4219,0.2913,0.52359999999999995,0.41039999999999999,0.8,0.52300000000000002,1.4094,0.79320000000000002,-0.4985,0.375,800]
[0.12,1.06,-2.1,-0.5,50,0,0.26950000000000002,-0.53420000000000001,0.16500000000000001,-0.252,-0.16500000000000001,0.252,18.710599999999999,5.0315000000000003,1.9795,7.1333000000000002,3.3407,0.50480000000000003,3.5200000000000002E-2,4.5199999999999997E-2,3.1044999999999998,1.0007999999999999,0.1128,7.2371999999999996,0,-0.4536,-9.9129999999999999E-3,-4.7320000000000001E-3,4.8963000000000001,-0.48949999999999999,-0.30769999999999997,-5.6959999999999997E-3,0.25316899999999998,0,300,0.4244,0.2949,0.52700000000000002,0.4143,0.8,0.52780000000000005,1.3682000000000001,0.77680000000000005,-0.56030000000000002,0.377,800]
[0.15,1.06,-2.1,-0.5,50,0,0.26950000000000002,-0.54620000000000002,0.16500000000000001,-0.25,-0.16500000000000001,0.25,16.624600000000001,5.0547000000000004,2.0362,7.3620999999999999,3.43,0.50449999999999995,3.5200000000000002E-2,3.4500000000000003E-2,3.3399000000000001,0.98009999999999997,0.1106,7.2108999999999996,0,-0.4536,-9.8960000000000003E-3,-3.8059999999999999E-3,5.0644,-0.54769999999999996,-0.31130000000000002,-5.8450000000000004E-3,0.26646799999999998,0,300,0.42749999999999999,0.29930000000000001,0.53080000000000005,0.41909999999999997,0.8,0.53039999999999998,1.3241000000000001,0.74370000000000003,-0.64510000000000001,0.379,800]
[0.17,1.06,-2.1,-0.5,50,0,0.26950000000000002,-0.58579999999999999,0.16500000000000001,-0.248,-0.16500000000000001,0.248,15.370900000000001,5.0704000000000002,2.0823,7.4364999999999997,3.4687999999999999,0.50360000000000005,3.5200000000000002E-2,2.8299999999999999E-2,3.4719000000000002,0.96519999999999995,0.115,7.2491000000000003,0,-0.4536,-9.7870000000000006E-3,-3.2799999999999999E-3,5.1371000000000002,-0.59219999999999995,-0.30620000000000003,-5.9589999999999999E-3,0.26506000000000002,0,300,0.42920000000000003,0.30170000000000002,0.53280000000000005,0.42170000000000002,0.8,0.53100000000000003,1.3070999999999999,0.72189999999999999,-0.69810000000000005,0.38,800]
[0.2,1.06,-2.1,-0.5,50,0,0.26950000000000002,-0.67979999999999996,0.16500000000000001,-0.24490000000000001,-0.16500000000000001,0.24490000000000001,13.7012,5.0938999999999997,2.1520999999999999,7.4972000000000003,3.5146000000000002,0.50160000000000005,3.5200000000000002E-2,2.0199999999999999E-2,3.6434000000000002,0.94589999999999996,0.1208,7.2988,0,-0.44400000000000001,-9.5049999999999996E-3,-2.6900000000000001E-3,5.1879999999999997,-0.66930000000000001,-0.29270000000000002,-6.1409999999999998E-3,0.25525300000000001,0,300,0.43130000000000002,0.30470000000000003,0.53510000000000002,0.42520000000000002,0.8,0.53120000000000001,1.2930999999999999,0.69220000000000004,-0.76529999999999998,0.38400000000000001,800]
[0.25,1.06,-2.1,-0.5,50,0,0.26950000000000002,-0.86629999999999996,0.16500000000000001,-0.2382,-0.16500000000000001,0.2382,11.2667,5.1315,2.2574000000000001,7.5415999999999999,3.5746000000000002,0.49709999999999999,3.5200000000000002E-2,8.9999999999999993E-3,3.8786999999999998,0.91959999999999997,0.1208,7.3691000000000004,0,-0.35389999999999999,-8.9180000000000006E-3,-2.1280000000000001E-3,5.2164000000000001,-0.77659999999999996,-0.26619999999999999,-6.4390000000000003E-3,0.231541,0,300,0.43409999999999999,0.30869999999999997,0.53769999999999996,0.4299,0.79990000000000006,0.53090000000000004,1.3149999999999999,0.65790000000000004,-0.84689999999999999,0.39300000000000002,800]
[0.3,1.06,-2.1,-0.5,50,0,0.26950000000000002,-1.0513999999999999,0.16500000000000001,-0.23130000000000001,-0.16500000000000001,0.23130000000000001,9.1907999999999994,5.1669999999999998,2.3439999999999999,7.56,3.6232000000000002,0.4919,3.5200000000000002E-2,-4.0000000000000002E-4,4.0711000000000004,0.88290000000000002,0.11749999999999999,6.8788999999999998,0,-0.26879999999999998,-8.2509999999999997E-3,-1.812E-3,5.1954000000000002,-0.85009999999999997,-0.24049999999999999,-6.7039999999999999E-3,0.20727699999999999,1E-3,300,0.43630000000000002,0.31190000000000001,0.53949999999999998,0.43380000000000002,0.79969999999999997,0.53069999999999995,1.3513999999999999,0.63619999999999999,-0.89990000000000003,0.40799999999999997,800]
[0.4,1.06,-2.1,-0.5,50,0,0.26950000000000002,-1.3794,0.16500000000000001,-0.21460000000000001,-0.16500000000000001,0.21460000000000001,6.5458999999999996,5.2317,2.4708999999999999,7.5735000000000001,3.6945000000000001,0.48070000000000002,3.5200000000000002E-2,-1.55E-2,4.3745000000000003,0.83020000000000005,0.106,6.5334000000000003,0,-0.17929999999999999,-7.267E-3,-1.274E-3,5.0899000000000001,-0.94310000000000005,-0.19750000000000001,-7.1250000000000003E-3,0.165464,4.0000000000000001E-3,300,0.43959999999999999,0.3165,0.54220000000000002,0.43990000000000001,0.79879999999999995,0.53100000000000003,1.4051,0.60489999999999999,-0.96179999999999999,0.46200000000000002,800]
[0.5,1.06,-2.1,-0.5,50,9.9099999999999994E-2,0.26950000000000002,-1.6508,0.16500000000000001,-0.19719999999999999,-0.16500000000000001,0.19719999999999999,5.2305000000000001,5.2892999999999999,2.5567000000000002,7.5777999999999999,3.7401,0.47070000000000001,3.5200000000000002E-2,-2.7799999999999998E-2,4.6098999999999997,0.78839999999999999,0.1061,6.5259999999999998,0,-0.14280000000000001,-6.4920000000000004E-3,-1.0740000000000001E-3,4.7854000000000001,-1.0044,-0.1633,-7.4349999999999998E-3,0.133828,0.01,300,0.44190000000000002,0.31990000000000002,0.54330000000000001,0.4446,0.79659999999999997,0.53129999999999999,1.4401999999999999,0.55069999999999997,-0.99450000000000005,0.52400000000000002,800]
[0.75,1.06,-2.1,-0.5,50,0.19819999999999999,0.26950000000000002,-2.1511,0.16500000000000001,-0.16200000000000001,-0.16500000000000001,0.16200000000000001,3.7896000000000001,5.4108999999999998,2.6812,7.5808,3.7940999999999998,0.45750000000000002,3.5200000000000002E-2,-4.7699999999999999E-2,5.0376000000000003,0.6754,0.1,6.5,0,-0.1138,-5.1469999999999997E-3,-1.1150000000000001E-3,4.3304,-1.0602,-0.1028,-8.1200000000000005E-3,8.5153000000000006E-2,3.4000000000000002E-2,300,0.44590000000000002,0.32550000000000001,0.52939999999999998,0.45329999999999998,0.7792,0.53090000000000004,1.528,0.35820000000000002,-1.0225,0.65800000000000003,800]
[1,1.06,-2.1,-0.5,50,0.21540000000000001,0.26950000000000002,-2.5365000000000002,0.16500000000000001,-0.14000000000000001,-0.16500000000000001,0.14000000000000001,3.3024,5.5106000000000002,2.7473999999999998,7.5814000000000004,3.8144,0.45219999999999999,3.5200000000000002E-2,-5.5899999999999998E-2,5.3411,0.61960000000000004,0.1,6.5,0,-0.1062,-4.2770000000000004E-3,-1.1969999999999999E-3,4.1666999999999996,-1.0941000000000001,-6.9900000000000004E-2,-8.4440000000000001E-3,5.8595000000000001E-2,6.7000000000000004E-2,300,0.44840000000000002,0.3291,0.51049999999999995,0.45939999999999998,0.75039999999999996,0.5302,1.6523000000000001,0.20030000000000001,-1.0002,0.78,800]
[1.5,1.06,-2.1,-0.5,50,0.21540000000000001,0.26950000000000002,-3.0686,0.16500000000000001,-0.11840000000000001,-0.16500000000000001,0.11840000000000001,2.8498000000000001,5.6704999999999997,2.8161,7.5816999999999997,3.8283999999999998,0.4501,3.5200000000000002E-2,-6.3E-2,5.7687999999999997,0.5101,0.1,6.5,0,-0.10199999999999999,-2.9789999999999999E-3,-1.6750000000000001E-3,4.0029000000000003,-1.1142000000000001,-4.2500000000000003E-2,-7.7070000000000003E-3,3.1787000000000003E-2,0.14299999999999999,300,0.45150000000000001,0.33350000000000002,0.4783,0.46800000000000003,0.71360000000000001,0.52759999999999996,1.8872,3.56E-2,-0.92449999999999999,0.96,800]
[2,1.06,-2.1,-0.5,50,0.21540000000000001,0.26950000000000002,-3.4148000000000001,0.16450000000000001,-0.11,-0.16450000000000001,0.11,2.5417000000000001,5.7980999999999998,2.8513999999999999,7.5818000000000003,3.8330000000000002,0.45,3.5200000000000002E-2,-6.6500000000000004E-2,6.0723000000000003,0.39169999999999999,0.1,6.5,0,-0.1009,-2.3010000000000001E-3,-2.349E-3,3.8948999999999998,-1.1153999999999999,-3.0200000000000001E-2,-4.7920000000000003E-3,1.9716000000000001E-2,0.20300000000000001,300,0.45340000000000003,0.33629999999999999,0.46810000000000002,0.46810000000000002,0.70350000000000001,0.51670000000000005,2.1347999999999998,0,-0.86260000000000003,1.1100000000000001,800]
[3,1.06,-2.1,-0.5,50,0.21540000000000001,0.26950000000000002,-3.9013,0.1168,-0.104,-0.1168,0.104,2.1488,5.9983000000000004,2.8875000000000002,7.5818000000000003,3.8361000000000001,0.45,1.6E-2,-5.16E-2,6.5,0.1244,0.1,6.5,0,-0.1003,-1.3439999999999999E-3,-3.3059999999999999E-3,3.7928000000000002,-1.1081000000000001,-1.29E-2,-1.828E-3,9.6430000000000005E-3,0.27700000000000002,300,0.45579999999999998,0.33979999999999999,0.4617,0.4617,0.7006,0.49170000000000003,3.5752000000000002,0,-0.78820000000000001,1.2909999999999999,800]
[4,1.06,-2.1,-0.5,50,0.21540000000000001,0.26950000000000002,-4.2465999999999999,7.3200000000000001E-2,-0.10199999999999999,-7.3200000000000001E-2,0.10199999999999999,1.8956999999999999,6.1551999999999998,2.9058000000000002,7.5818000000000003,3.8369,0.45,6.1999999999999998E-3,-4.48E-2,6.8034999999999997,8.6E-3,0.1,6.5,0,-0.10009999999999999,-1.0839999999999999E-3,-3.5660000000000002E-3,3.7443,-1.0603,-1.6000000000000001E-3,-1.523E-3,5.3790000000000001E-3,0.309,300,0.45739999999999997,0.34189999999999998,0.45710000000000001,0.45710000000000001,0.70009999999999994,0.46820000000000001,3.8645999999999998,0,-0.71950000000000003,1.387,800]
[5,1.06,-2.1,-0.5,50,0.21540000000000001,0.26950000000000002,-4.5143000000000004,4.8399999999999999E-2,-0.10100000000000001,-4.8399999999999999E-2,0.10100000000000001,1.7228000000000001,6.2855999999999996,2.9169,7.5818000000000003,3.8376000000000001,0.45,2.8999999999999998E-3,-4.24E-2,7.0388999999999999,0,0.1,6.5,0,-0.10009999999999999,-1.01E-3,-3.64E-3,3.7090000000000001,-0.98719999999999997,0,-1.4400000000000001E-3,3.2230000000000002E-3,0.32100000000000001,300,0.45839999999999997,0.34350000000000003,0.45350000000000001,0.45350000000000001,0.7,0.45169999999999999,3.7292000000000001,0,-0.65600000000000003,1.4330000000000001,800]
[7.5,1.06,-2.1,-0.5,50,0.21540000000000001,0.26950000000000002,-5.0008999999999997,2.1999999999999999E-2,-0.10100000000000001,-2.1999999999999999E-2,0.10100000000000001,1.5737000000000001,6.5427999999999997,2.9319999999999999,7.5818000000000003,3.8380000000000001,0.45,6.9999999999999999E-4,-3.4799999999999998E-2,7.4665999999999997,0,0.1,6.5,0,-0.1,-9.6400000000000001E-4,-3.686E-3,3.6631999999999998,-0.82740000000000002,0,-1.369E-3,1.134E-3,0.32900000000000001,300,0.46010000000000001,0.34589999999999999,0.4471,0.4471,0.7,0.41670000000000001,2.3763000000000001,0,-0.5202,1.46,800]
[10,1.06,-2.1,-0.5,50,0.21540000000000001,0.26950000000000002,-5.3460999999999999,1.24E-2,-0.1,-1.24E-2,0.1,1.5265,6.7415000000000003,2.9396,7.5818000000000003,3.8380000000000001,0.45,2.9999999999999997E-4,-2.53E-2,7.77,0,0.1,6.5,0,-0.1,-9.5E-4,-3.7000000000000002E-3,3.6230000000000002,-0.70530000000000004,0,-1.361E-3,5.1500000000000005E-4,0.33,300,0.4612,0.34739999999999999,0.44259999999999999,0.44259999999999999,0.7,0.3755,1.7679,0,-0.40679999999999999,1.464,800]
[0,{"$f":"B5","v":1.06},{"$f":"C5","v":-2.1},-0.5,50,0,0.26950000000000002,-1.5065,0.16500000000000001,-0.255,-0.16500000000000001,0.255,16.087499999999999,4.9992999999999999,1.9636,6.4550999999999998,3.0956000000000001,0.49080000000000001,3.5200000000000002E-2,4.6199999999999998E-2,0.48330000000000001,0.92279999999999995,0.1202,6.8606999999999996,0,-0.4536,-7.1459999999999996E-3,-6.7580000000000001E-3,4.2542,-0.52100000000000002,-0.14169999999999999,-7.0099999999999997E-3,0.10215100000000001,0,300,0.4,0.26,0.49120000000000003,0.37619999999999998,0.8,0.45279999999999998,1.5817000000000001,0.75939999999999996,-0.68459999999999999,0.45900000000000002,{"$f":"AT5","v":800}]
[-1,1.06,-2.1,-0.5,50,0.21540000000000001,0.26950000000000002,2.3549000000000002,0.16500000000000001,-6.2600000000000003E-2,-0.16500000000000001,6.2600000000000003E-2,3.3024,5.423,2.3151999999999999,5.8095999999999997,3.0514000000000001,0.44069999999999998,3.2399999999999998E-2,9.7000000000000003E-3,5,0.30790000000000001,0.1,6.5,0,-0.38340000000000002,-1.8519999999999999E-3,-7.4029999999999999E-3,4.3438999999999997,-0.79359999999999997,-6.9900000000000004E-2,-8.4440000000000001E-3,5.41,2.0199999999999999E-2,300,0.38940000000000002,0.25779999999999997,0.47849999999999998,0.36292000000000002,0.75039999999999996,0.39179999999999998,2.2305999999999999,0.33500000000000002,-0.79659999999999997,0.94879999999999998,800]

{"sheet":"I14","index":11,"n_rows":52,"n_cols":13,"rows_kept":52,"cut":false,"hidden":false,"merged":[[3,11,3,12],[5,2,25,2]]}
["IDRISS NGA-WEST2 MODEL COEFFICIENTS [I14] (MAY 2013, PEER REPORT 2013/08):"]
[]
["Input variables","Errors and warnings",null,null,null,null,null,null,null,null,null,"I_14 (M, Rrup, F, Vs30, T)"]
[null,null,null,null,null,null,null,null,null,null,null,"Visual Basic Calculations"]
["M",null,"GMP","T (s)",null,null,null,null,null,null,null,"Median","s"]
[{"$f":"Main!B24","v":6.8},{"$f":"IF($A$6<5, \"! Not Applicable !\", \"\")","v":""},"PSa (g)",0.01,null,null,null,null,null,null,null,{"$f":"I_14($A$6,$A$9,$A$15,$A$12,D6)","v":0.47895492259525874},{"$f":"I_14_stdev($A$6,D6)","v":0.6671493704256104}]
[null,null,null,0.02,null,null,null,null,null,null,null,{"$f":"I_14($A$6,$A$9,$A$15,$A$12,D7)","v":0.49206286644944858},{"$f":"I_14_stdev($A$6,D7)","v":0.6671493704256104}]
["Rrup(km)",null,null,0.03,null,null,null,null,null,null,null,0.54002016727459834,0.6671493704256104]
[{"$f":"Main!B27","v":3.16},{"$f":"IF($A$9>150, \"! Not Applicable !\", \"\")","v":""},null,0.05,null,null,null,null,null,null,null,0.57170165241487125,0.6671493704256104]
[null,null,null,7.4999999999999997E-2,null,null,null,null,null,null,null,0.7379419030993053,0.68134064920939608]
["VS30 (m/s)",null,null,0.1,null,null,null,null,null,null,null,0.86931907361653571,0.69140952174520831]
[{"$f":"Main!B39","v":760},{"$f":"IF($A$12<450,\"! Not Applicable !\",\"\")","v":""},null,0.15,null,null,null,null,null,null,null,0.9399445704239805,0.70560080052899421]
[null,null,null,0.2,null,null,null,null,null,null,null,0.9287821821416048,0.71566967306480644]
["F",null,null,0.25,null,null,null,null,null,null,null,0.83947982031137824,0.72347969736080375]
[{"$f":"Main!B45","v":0},{"$f":"IF($A$15=1,\"1: reverse fault\",\"\")","v":""},null,0.3,null,null,null,null,null,null,null,0.73722779996239451,0.72986095184859234]
[null,null,null,0.4,null,null,null,null,null,null,null,0.60045144791375982,0.73992982438440458]
[null,null,null,0.5,null,null,null,null,null,null,null,0.5153790814268514,0.74773984868040189]
[null,null,null,0.75,null,null,null,null,null,null,null,0.29893507891202864,0.76193112746418779]
[null,null,null,1,null,null,null,null,null,null,null,0.22259876919294025,0.77200000000000002]
[null,null,null,1.5,null,null,null,null,null,null,null,0.13562347834452204,0.7861912787837857]
[null,null,null,2,null,null,null,null,null,null,null,9.6026112730651564E-2,0.79626015131959815]
[null,null,null,3,null,null,null,null,null,null,null,7.4900266631969525E-2,0.81045143010338383]
[null,null,null,4,null,null,null,null,null,null,null,5.1501682677719152E-2,0.81045143010338383]
[null,null,null,5,null,null,null,null,null,null,null,4.3108131006183596E-2,0.81045143010338383]
[null,null,null,7.5,null,null,null,null,null,null,null,2.4291370673472631E-2,0.81045143010338383]
[null,null,null,10,null,null,null,null,null,null,null,1.3572745582695724E-2,0.81045143010338383]
[]
[null,null,"PGA (g)",0,null,null,null,null,null,null,null,{"$f":"I_14($A$6,$A$9,$A$15,$A$12,D28)","v":0.47895492259525874},{"$f":"I_14_stdev($A$6,D28)","v":0.6671493704256104}]
[null,null,"PGV (cm/s)",-1,null,null,null,null,null,null,null,"-","-"]
[]
[]
[]
[]
[]
[]
[]
[]
[]
[]
[]
[]
[]
[]
[]
[]
[]
[]
[]
[]
[null,null,null,null,null,null,null,null,7.5,{"$f":"I_13($A$6,$A$9,$A$15,$A$12,I50)","v":{"$error":"#NAME?"}}]
[null,null,null,null,null,null,null,null,10,{"$f":"I_13($A$6,$A$9,$A$15,$A$12,I51)","v":{"$error":"#NAME?"}}]
[null,null,null,null,null,null,null,null,0,{"$f":"I_13($A$6,$A$9,$A$15,$A$12,I52)","v":{"$error":"#NAME?"}}]

{"sheet":"I14_Coeffs","index":12,"n_rows":26,"n_cols":13,"rows_kept":26,"cut":false,"hidden":false,"merged":[[3,1,3,4],[3,5,3,8]]}
["IDRISS NGA-WEST2 MODEL COEFFICIENTS [I14] (MAY 2013, PEER REPORT 2013/08):"]
[]
["T (s)","a1","a2","b1","b2","a1","a2","b1","b2","a3","x","g","j"]
[null,"M ≤ 6.75, VS30 ≥ 450 m/sec",null,null,null,"M > 6.75, VS30 ≥ 450 m/sec"]
[0.01,7.0887000000000002,0.20580000000000001,2.9935,-0.22869999999999999,9.0137999999999998,-7.9399999999999998E-2,2.9935,-0.22869999999999999,5.8900000000000001E-2,-0.85399999999999998,-2.7000000000000001E-3,0.08]
[0.02,7.1157000000000004,0.20580000000000001,2.9935,-0.22869999999999999,9.0408000000000008,-7.9399999999999998E-2,2.9935,-0.22869999999999999,5.8900000000000001E-2,-0.85399999999999998,-2.7000000000000001E-3,0.08]
[0.03,7.2087000000000003,0.20580000000000001,2.9935,-0.22869999999999999,9.1338000000000008,-7.9399999999999998E-2,2.9935,-0.22869999999999999,5.8900000000000001E-2,-0.85399999999999998,-2.7000000000000001E-3,0.08]
[0.05,6.2637999999999998,6.25E-2,2.8664000000000001,-0.24179999999999999,7.9836999999999998,-0.1923,2.7995000000000001,-0.2319,4.1700000000000001E-2,-0.63100000000000001,-6.1000000000000004E-3,0.08]
[7.4999999999999997E-2,5.9051,0.1128,2.9405999999999999,-0.25130000000000002,7.7560000000000002,-0.16139999999999999,2.8142999999999998,-0.2326,5.2699999999999997E-2,-0.59099999999999997,-5.5999999999999999E-3,0.08]
[0.1,7.5791000000000004,8.48E-2,3.0190000000000001,-0.25159999999999999,9.4252000000000002,-0.18870000000000001,2.8130999999999999,-0.22109999999999999,4.4200000000000003E-2,-0.75700000000000001,-4.1999999999999997E-3,0.08]
[0.15,8.0190000000000001,0.17130000000000001,2.7871000000000001,-0.22359999999999999,9.6242000000000001,-6.6500000000000004E-2,2.4091,-0.1676,3.2899999999999999E-2,-0.91100000000000003,-4.5999999999999999E-3,0.08]
[0.2,9.2812000000000001,0.1041,2.8611,-0.22289999999999999,11.13,-0.16980000000000001,2.4937999999999998,-0.16850000000000001,1.8800000000000001E-2,-0.998,-3.0000000000000001E-3,0.08]
[0.25,9.5803999999999991,8.7499999999999994E-2,2.8289,-0.22,11.3629,-0.17660000000000001,2.3773,-0.15310000000000001,9.4999999999999998E-3,-1.042,-2.8E-3,0.08]
[0.3,9.8911999999999995,2.9999999999999997E-4,2.8422999999999998,-0.22839999999999999,11.7818,-0.27979999999999999,2.3772000000000002,-0.1595,-3.8999999999999998E-3,-1.03,-2.8999999999999998E-3,0.08]
[0.4,9.5342000000000002,2.7000000000000001E-3,2.83,-0.23180000000000001,11.6097,-0.30480000000000002,2.3412999999999999,-0.15939999999999999,-1.3299999999999999E-2,-1.0189999999999999,-2.8E-3,0.08]
[0.5,9.2141999999999999,3.9899999999999998E-2,2.8559999999999999,-0.23369999999999999,11.448399999999999,-0.29110000000000003,2.3477000000000001,-0.15840000000000001,-2.24E-2,-1.0229999999999999,-2.0999999999999999E-3,0.08]
[0.75,8.3516999999999992,6.8900000000000003E-2,2.7544,-0.2392,10.906499999999999,-0.30969999999999998,2.2042000000000002,-0.15770000000000001,-2.6700000000000002E-2,-1.056,-2.8999999999999998E-3,0.08]
[1,7.0453000000000001,0.16,2.7339000000000002,-0.23980000000000001,9.8565000000000005,-0.25650000000000001,2.1493000000000002,-0.1532,-1.9800000000000002E-2,-1.0089999999999999,-3.2000000000000002E-3,0.06]
[1.5,5.1307,0.2429,2.68,-0.2417,8.3362999999999996,-0.23200000000000001,2.0407999999999999,-0.14699999999999999,-3.6700000000000003E-2,-0.89800000000000002,-3.3E-3,0.04]
[2,3.3610000000000002,0.39660000000000001,2.6837,-0.245,6.8655999999999997,-0.1226,2.0013000000000001,-0.1439,-2.9100000000000001E-2,-0.85099999999999998,-3.2000000000000002E-3,0.02]
[3,0.1784,0.75600000000000001,2.6907000000000001,-0.2389,4.1177999999999999,0.1724,1.9408000000000001,-0.1278,-2.1399999999999999E-2,-0.76100000000000001,-3.0999999999999999E-3,0.02]
[4,-2.4300999999999999,0.92830000000000001,2.5781999999999998,-0.25140000000000001,1.8102,0.30009999999999998,1.7763,-0.1326,-2.4E-2,-0.67500000000000004,-5.1000000000000004E-3,0]
[5,-4.3570000000000002,1.1209,2.5468000000000002,-0.25409999999999999,9.7699999999999995E-2,0.46089999999999998,1.7030000000000001,-0.12909999999999999,-2.0199999999999999E-2,-0.629,-5.8999999999999999E-3,0]
[7.5,-7.8274999999999997,1.4016,2.4478,-0.25929999999999997,-3.0562999999999998,0.69479999999999997,1.5212000000000001,-0.122,-2.1899999999999999E-2,-0.53100000000000003,-5.7000000000000002E-3,0]
[10,-9.2857000000000003,1.5573999999999999,2.3921999999999999,-0.2586,-4.4386999999999999,0.83930000000000005,1.4195,-0.1145,-3.5000000000000001E-3,-0.58599999999999997,-6.1000000000000004E-3,0]
[0,7.0887000000000002,0.20580000000000001,2.9935,-0.22869999999999999,9.0137999999999998,-7.9399999999999998E-2,2.9935,-0.22869999999999999,5.8900000000000001E-2,-0.85399999999999998,-2.7000000000000001E-3,0.08]

{"sheet":"GMPEs Comparison","index":13,"n_rows":35,"n_cols":8,"rows_kept":35,"cut":false,"hidden":true,"merged":[[11,1,31,1],[10,3,10,7]]}
[]
["Option for Sa value","Arithmetic",{"$f":"IF(B2=\"Arithmetic\",\"Weighted average of the spectral values\",\"Weighted average of the natural logarithm of the spectral values\")","v":"Weighted average of the spectral values"}]
[]
["GMPEs","ASK14","BSSA14","CB14","CY14","I14"]
["Weight",{"$f":"Main!$C$14","v":0.25},{"$f":"Main!$D$14","v":0.25},{"$f":"Main!$E$14","v":0.25},{"$f":"Main!$F$14","v":0.25},{"$f":"Main!$G$14","v":0}]
[]
["# of std. dev.",{"$f":"Main!$C$16","v":1},null,{"$f":"IF(AND(SUM($B$5:$F$5)>0.99,SUM($B$5:$F$5)<1.01),\" \",\"WARNING: Weights should sum up to 1\")","v":" "}]
["Damping ratio (%)",{"$f":"Main!$C$17","v":5}]
[]
[null,null,null,"ASK14","BSSA14","CB14","CY14","I14"]
[null,"GMP","T (s)",{"$f":"\"Sa Median (\" &$B$8 & \"% damping)\"","v":"Sa Median (5% damping)"}]
[null,"PSa (g),   Sd (cm)",0.01,{"$f":"DSF!$S22*IF(Main!$C$14<>0,'ASK14'!E6,0)","v":0.41109604774387049},{"$f":"DSF!$S22*IF(Main!$D$14<>0,BSSA14!S6,0)","v":0.44362196068277715},{"$f":"DSF!$S22*IF(Main!$E$14<>0,'CB14'!Y6,0)","v":0.49843559425426209},{"$f":"DSF!$S22*IF(Main!$F$14<>0,'CY14'!U6,0)","v":0.41669518742998501},{"$f":"DSF!$S22*IF(Main!$G$14<>0,'I14'!L6,0)","v":0}]
[null,null,0.02,{"$f":"DSF!$S23*IF(Main!$C$14<>0,'ASK14'!E7,0)","v":0.4213594036451711},{"$f":"DSF!$S23*IF(Main!$D$14<>0,BSSA14!S7,0)","v":0.45132098664095094},{"$f":"DSF!$S23*IF(Main!$E$14<>0,'CB14'!Y7,0)","v":0.51928644320729445},{"$f":"DSF!$S23*IF(Main!$F$14<>0,'CY14'!U7,0)","v":0.42161141866256735},{"$f":"DSF!$S23*IF(Main!$G$14<>0,'I14'!L7,0)","v":0}]
[null,null,0.03,{"$f":"DSF!$S24*IF(Main!$C$14<>0,'ASK14'!E8,0)","v":0.44661887457033789},{"$f":"DSF!$S24*IF(Main!$D$14<>0,BSSA14!S8,0)","v":0.48706906266111494},{"$f":"DSF!$S24*IF(Main!$E$14<>0,'CB14'!Y8,0)","v":0.61934010395454253},{"$f":"DSF!$S24*IF(Main!$F$14<>0,'CY14'!U8,0)","v":0.47113965152009241},{"$f":"DSF!$S24*IF(Main!$G$14<>0,'I14'!L8,0)","v":0}]
[null,null,0.05,{"$f":"DSF!$S25*IF(Main!$C$14<>0,'ASK14'!E9,0)","v":0.50824136431205558},{"$f":"DSF!$S25*IF(Main!$D$14<>0,BSSA14!S9,0)","v":0.62414311888776419},{"$f":"DSF!$S25*IF(Main!$E$14<>0,'CB14'!Y9,0)","v":0.84414811023606984},{"$f":"DSF!$S25*IF(Main!$F$14<>0,'CY14'!U9,0)","v":0.6275208723791782},{"$f":"DSF!$S25*IF(Main!$G$14<>0,'I14'!L9,0)","v":0}]
[null,null,7.4999999999999997E-2,{"$f":"DSF!$S26*IF(Main!$C$14<>0,'ASK14'!E10,0)","v":0.65636204904195206},{"$f":"DSF!$S26*IF(Main!$D$14<>0,BSSA14!S10,0)","v":0.79760482522289389},{"$f":"DSF!$S26*IF(Main!$E$14<>0,'CB14'!Y10,0)","v":0.98582118251668427},{"$f":"DSF!$S26*IF(Main!$F$14<>0,'CY14'!U10,0)","v":0.82438935437294458},{"$f":"DSF!$S26*IF(Main!$G$14<>0,'I14'!L10,0)","v":0}]
[null,null,0.1,{"$f":"DSF!$S27*IF(Main!$C$14<>0,'ASK14'!E11,0)","v":0.79380058498879691},{"$f":"DSF!$S27*IF(Main!$D$14<>0,BSSA14!S11,0)","v":0.92048241209099813},{"$f":"DSF!$S27*IF(Main!$E$14<>0,'CB14'!Y11,0)","v":0.99776324611282707},{"$f":"DSF!$S27*IF(Main!$F$14<>0,'CY14'!U11,0)","v":0.93584206610265008},{"$f":"DSF!$S27*IF(Main!$G$14<>0,'I14'!L11,0)","v":0}]
[null,null,0.15,{"$f":"DSF!$S28*IF(Main!$C$14<>0,'ASK14'!E12,0)","v":0.98773984848356999},{"$f":"DSF!$S28*IF(Main!$D$14<>0,BSSA14!S12,0)","v":1.0764615821915333},{"$f":"DSF!$S28*IF(Main!$E$14<>0,'CB14'!Y12,0)","v":0.99633574951104864},{"$f":"DSF!$S28*IF(Main!$F$14<>0,'CY14'!U12,0)","v":1.0248544996953248},{"$f":"DSF!$S28*IF(Main!$G$14<>0,'I14'!L12,0)","v":0}]
[null,null,0.2,{"$f":"DSF!$S29*IF(Main!$C$14<>0,'ASK14'!E13,0)","v":0.97874038001899455},{"$f":"DSF!$S29*IF(Main!$D$14<>0,BSSA14!S13,0)","v":1.0654293230409875},{"$f":"DSF!$S29*IF(Main!$E$14<>0,'CB14'!Y13,0)","v":0.90400592580273409},{"$f":"DSF!$S29*IF(Main!$F$14<>0,'CY14'!U13,0)","v":1.0022620374025264},{"$f":"DSF!$S29*IF(Main!$G$14<>0,'I14'!L13,0)","v":0}]
[null,null,0.25,{"$f":"DSF!$S30*IF(Main!$C$14<>0,'ASK14'!E14,0)","v":0.87390483930561635},{"$f":"DSF!$S30*IF(Main!$D$14<>0,BSSA14!S14,0)","v":0.9840966028339645},{"$f":"DSF!$S30*IF(Main!$E$14<>0,'CB14'!Y14,0)","v":0.83124133825140678},{"$f":"DSF!$S30*IF(Main!$F$14<>0,'CY14'!U14,0)","v":0.93620508589713591},{"$f":"DSF!$S30*IF(Main!$G$14<>0,'I14'!L14,0)","v":0}]
[null,null,0.3,{"$f":"DSF!$S31*IF(Main!$C$14<>0,'ASK14'!E15,0)","v":0.7517992548462189},{"$f":"DSF!$S31*IF(Main!$D$14<>0,BSSA14!S15,0)","v":0.89275004826496007},{"$f":"DSF!$S31*IF(Main!$E$14<>0,'CB14'!Y15,0)","v":0.74966998136610619},{"$f":"DSF!$S31*IF(Main!$F$14<>0,'CY14'!U15,0)","v":0.8568313061793339},{"$f":"DSF!$S31*IF(Main!$G$14<>0,'I14'!L15,0)","v":0}]
[null,null,0.4,{"$f":"DSF!$S32*IF(Main!$C$14<>0,'ASK14'!E16,0)","v":0.57928546847587969},{"$f":"DSF!$S32*IF(Main!$D$14<>0,BSSA14!S16,0)","v":0.74314245257982203},{"$f":"DSF!$S32*IF(Main!$E$14<>0,'CB14'!Y16,0)","v":0.64779912112247384},{"$f":"DSF!$S32*IF(Main!$F$14<>0,'CY14'!U16,0)","v":0.7226520475544489},{"$f":"DSF!$S32*IF(Main!$G$14<>0,'I14'!L16,0)","v":0}]
[null,null,0.5,{"$f":"DSF!$S33*IF(Main!$C$14<>0,'ASK14'!E17,0)","v":0.48059631765871419},{"$f":"DSF!$S33*IF(Main!$D$14<>0,BSSA14!S17,0)","v":0.62099677328154645},{"$f":"DSF!$S33*IF(Main!$E$14<>0,'CB14'!Y17,0)","v":0.53767421414929617},{"$f":"DSF!$S33*IF(Main!$F$14<>0,'CY14'!U17,0)","v":0.61738572988905271},{"$f":"DSF!$S33*IF(Main!$G$14<>0,'I14'!L17,0)","v":0}]
[null,null,0.75,{"$f":"DSF!$S34*IF(Main!$C$14<>0,'ASK14'!E18,0)","v":0.32632314448785044},{"$f":"DSF!$S34*IF(Main!$D$14<>0,BSSA14!S18,0)","v":0.42677826124270657},{"$f":"DSF!$S34*IF(Main!$E$14<>0,'CB14'!Y18,0)","v":0.38825019804132277},{"$f":"DSF!$S34*IF(Main!$F$14<>0,'CY14'!U18,0)","v":0.42664541942013728},{"$f":"DSF!$S34*IF(Main!$G$14<>0,'I14'!L18,0)","v":0}]
[null,null,1,{"$f":"DSF!$S35*IF(Main!$C$14<>0,'ASK14'!E19,0)","v":0.24165626936466797},{"$f":"DSF!$S35*IF(Main!$D$14<>0,BSSA14!S19,0)","v":0.31274609299566364},{"$f":"DSF!$S35*IF(Main!$E$14<>0,'CB14'!Y19,0)","v":0.29543358323050267},{"$f":"DSF!$S35*IF(Main!$F$14<>0,'CY14'!U19,0)","v":0.30556871167771382},{"$f":"DSF!$S35*IF(Main!$G$14<>0,'I14'!L19,0)","v":0}]
[null,null,1.5,{"$f":"DSF!$S36*IF(Main!$C$14<>0,'ASK14'!E20,0)","v":0.1529713235236404},{"$f":"DSF!$S36*IF(Main!$D$14<>0,BSSA14!S20,0)","v":0.17948119320674008},{"$f":"DSF!$S36*IF(Main!$E$14<>0,'CB14'!Y20,0)","v":0.17807012150733315},{"$f":"DSF!$S36*IF(Main!$F$14<>0,'CY14'!U20,0)","v":0.18279919203712147},{"$f":"DSF!$S36*IF(Main!$G$14<>0,'I14'!L20,0)","v":0}]
[null,null,2,{"$f":"DSF!$S37*IF(Main!$C$14<>0,'ASK14'!E21,0)","v":0.10922918197493375},{"$f":"DSF!$S37*IF(Main!$D$14<>0,BSSA14!S21,0)","v":0.1157700486923445},{"$f":"DSF!$S37*IF(Main!$E$14<>0,'CB14'!Y21,0)","v":0.12390885968174797},{"$f":"DSF!$S37*IF(Main!$F$14<>0,'CY14'!U21,0)","v":0.12576027468817499},{"$f":"DSF!$S37*IF(Main!$G$14<>0,'I14'!L21,0)","v":0}]
[null,null,3,{"$f":"DSF!$S38*IF(Main!$C$14<>0,'ASK14'!E22,0)","v":6.6495910128689939E-2},{"$f":"DSF!$S38*IF(Main!$D$14<>0,BSSA14!S22,0)","v":6.7648652016317215E-2},{"$f":"DSF!$S38*IF(Main!$E$14<>0,'CB14'!Y22,0)","v":7.6166712952729601E-2},{"$f":"DSF!$S38*IF(Main!$F$14<>0,'CY14'!U22,0)","v":7.1684883490442761E-2},{"$f":"DSF!$S38*IF(Main!$G$14<>0,'I14'!L22,0)","v":0}]
[null,null,4,{"$f":"DSF!$S39*IF(Main!$C$14<>0,'ASK14'!E23,0)","v":4.7070218553072661E-2},{"$f":"DSF!$S39*IF(Main!$D$14<>0,BSSA14!S23,0)","v":4.6326264169562419E-2},{"$f":"DSF!$S39*IF(Main!$E$14<>0,'CB14'!Y23,0)","v":4.886609812541013E-2},{"$f":"DSF!$S39*IF(Main!$F$14<>0,'CY14'!U23,0)","v":4.5038868742452477E-2},{"$f":"DSF!$S39*IF(Main!$G$14<>0,'I14'!L23,0)","v":0}]
[null,null,5,{"$f":"DSF!$S40*IF(Main!$C$14<>0,'ASK14'!E24,0)","v":3.4979504771626216E-2},{"$f":"DSF!$S40*IF(Main!$D$14<>0,BSSA14!S24,0)","v":3.4061063618737654E-2},{"$f":"DSF!$S40*IF(Main!$E$14<>0,'CB14'!Y24,0)","v":3.4817322184846219E-2},{"$f":"DSF!$S40*IF(Main!$F$14<>0,'CY14'!U24,0)","v":2.9665762369224205E-2},{"$f":"DSF!$S40*IF(Main!$G$14<>0,'I14'!L24,0)","v":0}]
[null,null,7.5,{"$f":"DSF!$S41*IF(Main!$C$14<>0,'ASK14'!E25,0)","v":1.8742665662313251E-2},{"$f":"DSF!$S41*IF(Main!$D$14<>0,BSSA14!S25,0)","v":1.7409299011277728E-2},{"$f":"DSF!$S41*IF(Main!$E$14<>0,'CB14'!Y25,0)","v":1.4913484064940643E-2},{"$f":"DSF!$S41*IF(Main!$F$14<>0,'CY14'!U25,0)","v":1.3590920906462996E-2},{"$f":"DSF!$S41*IF(Main!$G$14<>0,'I14'!L25,0)","v":0}]
[null,null,10,{"$f":"DSF!$S42*IF(Main!$C$14<>0,'ASK14'!E26,0)","v":1.1187207307578937E-2},{"$f":"DSF!$S42*IF(Main!$D$14<>0,BSSA14!S26,0)","v":1.0794652053852962E-2},{"$f":"DSF!$S42*IF(Main!$E$14<>0,'CB14'!Y26,0)","v":1.0213586225958022E-2},{"$f":"DSF!$S42*IF(Main!$F$14<>0,'CY14'!U26,0)","v":7.5474050399784781E-3},{"$f":"DSF!$S42*IF(Main!$G$14<>0,'I14'!L26,0)","v":0}]
[]
[null,"PGA (g)",0,{"$f":"DSF!$S22*IF(Main!$C$14<>0,'ASK14'!$E28,0)","v":0.41109604774387049},{"$f":"DSF!$S22*IF(Main!$D$14<>0,BSSA14!$S28,0)","v":0.4409512128595614},{"$f":"DSF!$S22*IF(Main!$E$14<>0,'CB14'!$Y28,0)","v":0.48038792608656156},{"$f":"DSF!$S22*IF(Main!$F$14<>0,'CY14'!$U28,0)","v":0.41669518742998501},{"$f":"DSF!$S22*IF(Main!$G$14<>0,'I14'!$L28,0)","v":0}]
[null,"PGV (cm/s)",-1,{"$f":"DSF!$S23*IF(Main!$C$14<>0,'ASK14'!$E29,0)","v":35.8438502497876},{"$f":"DSF!$S23*IF(Main!$D$14<>0,BSSA14!$S29,0)","v":39.663669490664148},{"$f":"DSF!$S23*IF(Main!$E$14<>0,'CB14'!$Y29,0)","v":41.987205743711087},{"$f":"DSF!$S23*IF(Main!$F$14<>0,'CY14'!$U29,0)","v":35.945509338854748},{"$f":"DSF!$S23*IF(Main!$G$14<>0,'I14'!$L29,0)","v":0}]

{"sheet":"DSF","index":14,"n_rows":42,"n_cols":23,"rows_kept":42,"cut":false,"hidden":false,"merged":[[0,0,2,0]]}
[null," By: Sanaz Rezaeian (sanazr128@yahoo.com)"]
[null," I.M. Idriss, Yousef Bozorgnia, Ken Campbell, Norm Abrahamson, Walt Silva"]
[]
["Damping Scaling Factor (DSF) calculation:"]
[]
["Definition:"]
["DSF = (Pseudo-Spectral Acceleration for beta damping) / (Pseudo-Spectral Acceleration for 5% damping)"]
[]
["Model:"]
["ln(DSF) = [ b0 + b1*ln(beta) + b2*((ln(beta))^2) ] + [ b3 + b4*ln(beta) + b5*((ln(beta))^2) ] * M + [ b6 + b7*ln(beta) + b8*((ln(beta))^2) ] * ln(Rrup+1) + epsilon"]
["Stdv (ln(DSF)) = abs [ a0*ln(beta/5) + a1*((ln(beta/5))^2) ]     "]
[]
["For the use of DSF in Main Sheet: It is assumed that standard deviation of GMPE is the same for 5% and B%"]
[]
["User Defined Parameters:"]
["M=",{"$f":"Main!$B$24","v":6.8},"(moment magnitude)"]
["Rrup=",{"$f":"Main!$B$27","v":3.16},"(closest distance, km)"]
["beta=",{"$f":"Main!$C$17","v":5},"(damping ratio, %)"]
[]
[]
["T","b0","b1","b2","b3","b4","b5","b6","b7","b8","a0","a1","SE of sigma",null,"const.","M term","R term","ln(DSF)","DSF",null,"if beta<=5","if beta>5","Stdv"]
[0.01,1.73E-3,-2.0699999999999999E-4,-6.29E-4,1.08E-6,-8.2399999999999997E-5,7.36E-5,-1.07E-3,9.0799999999999995E-4,-2.02E-4,-3.7000000000000002E-3,2.3000000000000001E-4,1.8799999999999999E-4,null,{"$f":"B22+C22*LN($B$18)+D22*(LN($B$18)^2)","v":-2.3244630568742641E-4},{"$f":"(E22+F22*LN($B$18)+G22*(LN($B$18)^2))*$B$16","v":4.0193228528415288E-4},{"$f":"(H22+I22*LN($B$18)+J22*(LN($B$18)^2))*LN($B$17+1)","v":-1.8798129735613303E-4},{"$f":"O22+P22+Q22","v":-1.8495317759406561E-5},{"$f":"ROUND(EXP(R22),3)","v":1},null,{"$f":"(LN($B$18/5)*K22+(LN($B$18/5)^2)*L22)*IF($B$18<=5,1,0)","v":0},{"$f":"-(LN($B$18/5)*K22+(LN($B$18/5)^2)*L22)*IF($B$18>5,1,0)","v":0},{"$f":"U22+V22","v":0}]
[0.02,5.5300000000000002E-2,-3.7699999999999997E-2,2.15E-3,-4.3E-3,3.2100000000000002E-3,-3.3199999999999999E-4,-4.7499999999999999E-3,2.5200000000000001E-3,2.2900000000000001E-4,-2.1899999999999999E-2,2.1099999999999999E-3,4.9899999999999999E-4,null,{"$f":"B23+C23*LN($B$18)+D23*(LN($B$18)^2)","v":1.9331504829192721E-4},{"$f":"(E23+F23*LN($B$18)+G23*(LN($B$18)^2))*$B$16","v":4.2971159161765431E-5},{"$f":"(H23+I23*LN($B$18)+J23*(LN($B$18)^2))*LN($B$17+1)","v":-1.440339867177327E-4},{"$f":"O23+P23+Q23","v":9.2252220735959944E-5},{"$f":"ROUND(EXP(R23),3)","v":1},null,{"$f":"(LN($B$18/5)*K23+(LN($B$18/5)^2)*L23)*IF($B$18<=5,1,0)","v":0},{"$f":"-(LN($B$18/5)*K23+(LN($B$18/5)^2)*L23)*IF($B$18>5,1,0)","v":0},{"$f":"U23+V23","v":0}]
[0.03,0.122,-7.0199999999999999E-2,-2.2799999999999999E-3,-3.2100000000000002E-3,6.9099999999999999E-5,9.8200000000000002E-4,-1.2999999999999999E-2,7.8200000000000006E-3,2.2699999999999999E-4,-5.21E-2,4.5999999999999999E-3,1.0399999999999999E-3,null,3.1115964488512213E-3,-3.7748341788630519E-3,2.4775508251411544E-4,-4.1548264749771517E-4,1,null,0,0,0]
[0.05,0.23899999999999999,-0.106,-2.63E-2,-8.5700000000000001E-4,-7.43E-3,4.8700000000000002E-3,-1.6899999999999998E-2,8.0800000000000004E-3,1.7099999999999999E-3,-9.5699999999999993E-2,1.31E-3,4.7000000000000002E-3,null,2.7494392030519288E-4,-1.3627844007710304E-3,7.6073311321049164E-4,-3.2710736725534591E-4,1,null,0,0,0]
[7.4999999999999997E-2,0.30499999999999999,-7.3200000000000001E-2,-7.2900000000000006E-2,2.02E-4,-1.6400000000000001E-2,1.03E-2,-9.2599999999999996E-4,-6.4000000000000003E-3,4.4200000000000003E-3,-0.121,-5.79E-3,4.5999999999999999E-3,null,-1.6430249113352779E-3,3.3130231997247641E-3,3.1743498228916441E-4,1.9874332706786508E-3,1.002,null,0,0,0]
[0.1,0.26900000000000002,4.1799999999999997E-3,-0.107,5.7999999999999996E-3,-2.4899999999999999E-2,1.34E-2,2.35E-2,-2.3699999999999999E-2,5.8399999999999997E-3,-0.124,-1.0800000000000001E-2,3.8E-3,null,-1.4336216819105241E-3,2.9572333661371268E-3,6.8940385989137945E-4,2.213015544117982E-3,1.002,null,0,0,0]
[0.15,0.14099999999999999,0.1,-0.11799999999999999,3.0099999999999998E-2,-4.0899999999999999E-2,1.41E-2,3.1600000000000003E-2,-2.47E-2,3.15E-3,-0.115,-1.14E-2,3.9699999999999996E-3,null,-3.7104752462576163E-3,5.4201707686529679E-3,8.9783271738526813E-6,1.7186738495692043E-3,1.002,null,0,0,0]
[0.2,5.0099999999999999E-2,0.14499999999999999,-0.111,4.6899999999999997E-2,-4.7699999999999999E-2,1.18E-2,3.1E-2,-2.29E-2,2.4099999999999998E-3,-0.108,-8.8500000000000002E-3,4.64E-3,null,-4.0537364288615318E-3,4.7276199358492615E-3,5.5092116962751159E-4,1.2248046766152412E-3,1.0009999999999999,null,0,0,0]
[0.25,2.2800000000000001E-2,0.14299999999999999,-9.7299999999999998E-2,5.1999999999999998E-2,-4.7E-2,9.4699999999999993E-3,2.7099999999999999E-2,-2.0199999999999999E-2,1.31E-3,-0.104,-7.3499999999999998E-3,4.6600000000000001E-3,null,9.1436614379947212E-4,6.0279833968126736E-3,-2.8757848094778569E-3,4.0665647311342885E-3,1.004,null,0,0,0]
[0.3,-1.5800000000000002E-2,0.14799999999999999,-8.8300000000000003E-2,5.21E-2,-4.36E-2,7.3299999999999997E-3,3.8699999999999998E-2,-2.6599999999999999E-2,1.7600000000000001E-3,-0.10100000000000001,-6.8999999999999999E-3,5.3099999999999996E-3,null,-6.325830748207889E-3,6.2242821190887834E-3,6.3843491980270677E-4,5.3688629068360109E-4,1.0009999999999999,null,0,0,0]
[0.4,2.24E-2,0.10299999999999999,-7.4099999999999999E-2,4.6300000000000001E-2,-3.5799999999999998E-2,4.6499999999999996E-3,3.6299999999999999E-2,-2.4500000000000001E-2,1.1800000000000001E-3,-0.10199999999999999,-6.7099999999999998E-3,6.2100000000000002E-3,null,-3.7684132132230486E-3,4.9434168546976546E-3,-1.0646628931266065E-4,1.0685373521619455E-3,1.0009999999999999,null,0,0,0]
[0.5,3.1899999999999998E-2,7.0400000000000004E-2,-5.57E-2,4.2500000000000003E-2,-2.9399999999999999E-2,1.8799999999999999E-3,3.8699999999999998E-2,-2.47E-2,3.1300000000000002E-4,-0.10100000000000001,-6.2199999999999998E-3,7.1300000000000001E-3,null,9.2525409066160358E-4,3.5544494281803464E-4,-3.454814810297839E-4,9.3521755244985443E-4,1.0009999999999999,null,0,0,0]
[0.75,1.04E-2,5.33E-2,-3.7199999999999997E-2,4.4699999999999997E-2,-2.4E-2,-2.3999999999999998E-3,3.4700000000000002E-2,-2.5899999999999999E-2,2.8999999999999998E-3,-0.10100000000000001,-5.8599999999999998E-3,6.8500000000000002E-3,null,-1.7576192332718898E-4,-9.7380653900260364E-4,7.5181695024186229E-4,-3.9775151208793034E-4,1,null,0,0,0]
[1,-8.8400000000000006E-2,8.9200000000000002E-2,-2.1399999999999999E-2,4.9799999999999997E-2,-2.3599999999999999E-2,-4.7000000000000002E-3,5.0200000000000002E-2,-3.4299999999999997E-2,2.32E-3,-0.10199999999999999,-7.3099999999999997E-3,6.6600000000000001E-3,null,-2.7035264205527154E-4,-2.4282771790327348E-3,1.4337165151599494E-3,-1.2649133059280569E-3,0.999,null,0,0,0]
[1.5,-0.157,9.3299999999999994E-2,3.2799999999999999E-3,5.8500000000000003E-2,-2.3599999999999999E-2,-8.0199999999999994E-3,4.8099999999999997E-2,-3.3000000000000002E-2,2.0999999999999999E-3,-0.10199999999999999,-8.7500000000000008E-3,6.6600000000000001E-3,null,1.6567097223567171E-3,-1.7466731135304503E-3,6.1034670531226064E-4,5.203833141385275E-4,1.0009999999999999,null,0,0,0]
[2,-0.29599999999999999,0.15,2.0899999999999998E-2,7.2999999999999995E-2,-2.9600000000000001E-2,-9.9500000000000005E-3,5.2400000000000002E-2,-3.32E-2,6.8599999999999998E-4,-0.10299999999999999,-9.2200000000000008E-3,6.0400000000000002E-3,null,-4.4724390069805775E-4,-2.8067110714384029E-3,1.060013746874155E-3,-2.1939412252623058E-3,0.998,null,0,0,0]
[3,-0.40699999999999997,0.19700000000000001,3.2800000000000003E-2,8.3500000000000005E-2,-3.5400000000000001E-2,-1.01E-2,5.57E-2,-2.9100000000000001E-2,-3.1700000000000001E-3,-9.6299999999999997E-2,-1.0699999999999999E-2,6.0299999999999998E-3,null,-4.9792063279304882E-3,2.4749614603008963E-3,9.3248101265911115E-4,-1.5717638549704808E-3,0.998,null,0,0,0]
[4,-0.44900000000000001,0.20699999999999999,4.4200000000000003E-2,8.7499999999999994E-2,-3.5900000000000001E-2,-1.14E-2,5.0700000000000002E-2,-2.4299999999999999E-2,-4.6699999999999997E-3,-9.8299999999999998E-2,-1.37E-2,3.3700000000000002E-3,null,-1.3555167122148715E-3,1.3047054752395744E-3,-7.2130693840099895E-4,-7.7211817537629597E-4,0.999,null,0,0,0]
[5,-0.498,0.217,5.3600000000000002E-2,9.0300000000000005E-2,-3.4799999999999998E-2,-1.29E-2,5.1900000000000002E-2,-2.3E-2,-5.6800000000000002E-3,-9.4200000000000006E-2,-1.5299999999999999E-2,2.99E-3,null,-9.9124078844596841E-3,5.9623390416483927E-3,2.4244957419536849E-4,-3.707619268615923E-3,0.996,null,0,0,0]
[7.5,-0.52500000000000002,0.20599999999999999,7.7899999999999997E-2,9.8799999999999999E-2,-3.7600000000000001E-2,-1.5100000000000001E-2,2.9100000000000001E-2,-4.9300000000000004E-3,-9.0200000000000002E-3,-8.9499999999999996E-2,-1.6299999999999999E-2,2.5899999999999999E-3,null,8.3278316524848794E-3,-5.6321031050412529E-3,-3.1346338950304048E-3,-4.3890534758677822E-4,1,null,0,0,0]
[10,-0.38900000000000001,0.14299999999999999,6.1199999999999997E-2,7.1400000000000005E-2,-2.3599999999999999E-2,-1.2999999999999999E-2,2.3300000000000001E-2,-5.4599999999999996E-3,-5.9199999999999999E-3,-6.8900000000000003E-2,-1.43E-2,1.9400000000000001E-3,null,-3.2460641033332793E-4,-1.7442670152771178E-3,-1.1718448581861845E-3,-3.2407182837966304E-3,0.997,null,0,0,0]

{"sheet":"Sheet1","index":15,"n_rows":22,"n_cols":14,"rows_kept":22,"cut":false,"hidden":true,"merged":[]}
["T",0.5,1,2,3,5,7,10,15,20,25,30]
[0.01,0.01,0,0,0,"‐",0.02,0.02,0.01,"‐0.01","‐0.02","‐0.03",null,{"$f":"SQRT(x^2+DSF!$W22^2+2*x*DSF!$W22*Sheet1!B2)","v":{"$error":"#NAME?"}}]
[0.02,0.01,0.03,0.04,0.06,"‐","‐0.06","‐0.06","‐0.07","‐0.08","‐0.09","‐0.09"]
[0.03,0.12,0.12,0.12,0.13,"‐","‐0.14","‐0.15","‐0.17","‐0.17","‐0.17","‐0.17"]
[0.05,0.15,0.17,0.17,0.18,"‐","‐0.21","‐0.21","‐0.22","‐0.22","‐0.22","‐0.22"]
[7.4999999999999997E-2,0.1,0.12,0.15,0.15,"‐","‐0.16","‐0.18","‐0.19","‐0.20","‐0.20","‐0.20"]
[0.1,0.06,0.09,0.1,0.11,"‐","‐0.14","‐0.16","‐0.18","‐0.18","‐0.18","‐0.18"]
[0.15,0,0.01,0.03,0.04,"‐","‐0.10","‐0.12","‐0.14","‐0.14","‐0.15","‐0.15"]
[0.2,0.03,0.05,7.0000000000000007E-2,0.06,"‐","‐0.10","‐0.12","‐0.14","‐0.14","‐0.14","‐0.14"]
[0.25,0.04,0.06,0.08,0.08,"‐","‐0.09","‐0.10","‐0.11","‐0.12","‐0.12","‐0.12"]
[0.3,0.02,0.03,0.05,0.06,"‐","‐0.09","‐0.11","‐0.13","‐0.13","‐0.13","‐0.13"]
[0.4,0,0.02,0.04,0.05,"‐","‐0.10","‐0.11","‐0.12","‐0.13","‐0.13","‐0.13"]
[0.5,"‐0.01",0.01,0.03,0.05,"‐","‐0.11","‐0.13","‐0.15","‐0.16","‐0.17","‐0.17"]
[0.75,0.08,0.09,0.11,0.13,"‐","‐0.19","‐0.23","‐0.28","‐0.30","‐0.32","‐0.34"]
[1,7.0000000000000007E-2,0.08,0.1,0.11,"‐","‐0.19","‐0.24","‐0.29","‐0.32","‐0.35","‐0.37"]
[1.5,0.17,0.19,0.22,0.22,"‐","‐0.27","‐0.32","‐0.37","‐0.40","‐0.43","‐0.44"]
[2,0.25,0.25,0.25,0.26,"‐","‐0.33","‐0.37","‐0.42","‐0.46","‐0.49","‐0.51"]
[3,0.32,0.32,0.31,0.32,"‐","‐0.35","‐0.39","‐0.43","‐0.46","‐0.48","‐0.50"]
[4,0.33,0.33,0.34,0.34,"‐","‐0.36","‐0.38","‐0.41","‐0.43","‐0.44","‐0.46"]
[5,0.38,0.38,0.39,0.38,"‐","‐0.40","‐0.42","‐0.45","‐0.47","‐0.49","‐0.51"]
[7.5,0.49,0.49,0.49,0.49,"‐","‐0.51","‐0.53","‐0.55","‐0.57","‐0.58","‐0.59"]
[10,0.38,0.39,0.41,0.41,"‐","‐0.42","‐0.44","‐0.47","‐0.49","‐0.51","‐0.52"]